CRAN Package Check Results for Package ngramr

Last updated on 2015-02-27 11:48:48.

Flavor Version Tinstall Tcheck Ttotal Status Flags
r-devel-linux-x86_64-debian-clang 1.4.5 1.48 22.92 24.40 NOTE
r-devel-linux-x86_64-debian-gcc 1.4.5 1.34 22.98 24.32 NOTE
r-devel-linux-x86_64-fedora-clang 1.4.5 40.09 NOTE
r-devel-linux-x86_64-fedora-gcc 1.4.5 36.38 NOTE
r-devel-osx-x86_64-clang 1.4.5 44.44 NOTE
r-devel-windows-ix86+x86_64 1.4.5 7.00 35.00 42.00 NOTE
r-patched-linux-x86_64 1.4.5 2.29 32.58 34.87 OK
r-patched-solaris-sparc 1.4.5 363.30 OK
r-patched-solaris-x86 1.4.5 79.80 OK
r-release-linux-ix86 1.4.5 2.72 38.36 41.08 OK
r-release-linux-x86_64 1.4.5 2.35 0.25 2.60 OK
r-release-osx-x86_64-mavericks 1.4.5 OK
r-release-osx-x86_64-snowleopard 1.4.5 OK
r-release-windows-ix86+x86_64 1.4.5 10.00 53.00 63.00 OK
r-oldrel-windows-ix86+x86_64 1.4.5 10.00 54.00 64.00 OK

Check Details

Version: 1.4.5
Check: DESCRIPTION meta-information
Result: NOTE
    Malformed Description field: should contain one or more complete sentences.
Flavors: r-devel-linux-x86_64-debian-clang, r-devel-linux-x86_64-debian-gcc, r-devel-linux-x86_64-fedora-clang, r-devel-linux-x86_64-fedora-gcc, r-devel-osx-x86_64-clang, r-devel-windows-ix86+x86_64