CRAN Package Check Results for Package ngramr

Last updated on 2015-08-02 14:47:32.

Flavor Version Tinstall Tcheck Ttotal Status Flags
r-devel-linux-x86_64-debian-clang 1.4.5 1.37 24.74 26.11 NOTE
r-devel-linux-x86_64-debian-gcc 1.4.5 1.60 22.46 24.05 NOTE
r-devel-linux-x86_64-fedora-clang 1.4.5 41.60 NOTE
r-devel-linux-x86_64-fedora-gcc 1.4.5 38.68 NOTE
r-devel-osx-x86_64-clang 1.4.5 42.19 NOTE
r-devel-windows-ix86+x86_64 1.4.5 5.00 37.00 42.00 NOTE
r-patched-linux-x86_64 1.4.5 1.40 22.27 23.67 NOTE
r-patched-solaris-sparc 1.4.5 258.10 NOTE
r-patched-solaris-x86 1.4.5 64.60 NOTE
r-release-linux-x86_64 1.4.5 1.32 25.57 26.89 NOTE
r-release-osx-x86_64-mavericks 1.4.5 NOTE
r-release-windows-ix86+x86_64 1.4.5 7.00 37.00 44.00 NOTE
r-oldrel-windows-ix86+x86_64 1.4.5 14.00 62.00 76.00 OK

Check Details

Version: 1.4.5
Check: DESCRIPTION meta-information
Result: NOTE
    Malformed Description field: should contain one or more complete sentences.
Flavors: r-devel-linux-x86_64-debian-clang, r-devel-linux-x86_64-debian-gcc, r-devel-linux-x86_64-fedora-clang, r-devel-linux-x86_64-fedora-gcc, r-devel-osx-x86_64-clang, r-devel-windows-ix86+x86_64, r-patched-linux-x86_64, r-patched-solaris-sparc, r-patched-solaris-x86, r-release-linux-x86_64, r-release-osx-x86_64-mavericks, r-release-windows-ix86+x86_64

Version: 1.4.5
Check: R code for possible problems
Result: NOTE
    ngram_url: no visible global function definition for ‘URLencode’
    print.ngram: no visible global function definition for ‘capture.output’
    Undefined global functions or variables:
     URLencode capture.output
    Consider adding
     importFrom("utils", "URLencode", "capture.output")
    to your NAMESPACE.
Flavors: r-devel-linux-x86_64-debian-clang, r-devel-linux-x86_64-debian-gcc, r-devel-linux-x86_64-fedora-clang, r-devel-linux-x86_64-fedora-gcc, r-devel-windows-ix86+x86_64