CRAN Package Check Results for Package ngramr

Last updated on 2015-07-07 06:46:42.

Flavor Version Tinstall Tcheck Ttotal Status Flags
r-devel-linux-x86_64-debian-clang 1.4.5 1.36 23.21 24.56 NOTE
r-devel-linux-x86_64-debian-gcc 1.4.5 1.41 23.08 24.49 NOTE
r-devel-linux-x86_64-fedora-clang 1.4.5 40.37 NOTE
r-devel-linux-x86_64-fedora-gcc 1.4.5 38.69 NOTE
r-devel-osx-x86_64-clang 1.4.5 40.57 NOTE
r-devel-windows-ix86+x86_64 1.4.5 6.00 37.00 43.00 NOTE
r-patched-linux-x86_64 1.4.5 1.34 23.14 24.48 NOTE
r-patched-solaris-sparc 1.4.5 246.40 NOTE
r-patched-solaris-x86 1.4.5 64.50 NOTE
r-release-linux-x86_64 1.4.5 1.32 23.23 24.55 NOTE
r-release-osx-x86_64-mavericks 1.4.5 NOTE
r-release-windows-ix86+x86_64 1.4.5 7.00 37.00 44.00 NOTE
r-oldrel-windows-ix86+x86_64 1.4.5 12.00 62.00 74.00 OK

Check Details

Version: 1.4.5
Check: DESCRIPTION meta-information
Result: NOTE
    Malformed Description field: should contain one or more complete sentences.
Flavors: r-devel-linux-x86_64-debian-clang, r-devel-linux-x86_64-debian-gcc, r-devel-linux-x86_64-fedora-clang, r-devel-linux-x86_64-fedora-gcc, r-devel-osx-x86_64-clang, r-devel-windows-ix86+x86_64, r-patched-linux-x86_64, r-patched-solaris-sparc, r-patched-solaris-x86, r-release-linux-x86_64, r-release-osx-x86_64-mavericks, r-release-windows-ix86+x86_64

Version: 1.4.5
Check: R code for possible problems
Result: NOTE
    ngram_url: no visible global function definition for ‘URLencode’
    print.ngram: no visible global function definition for ‘capture.output’
    Undefined global functions or variables:
     URLencode capture.output
Flavors: r-devel-linux-x86_64-debian-clang, r-devel-linux-x86_64-debian-gcc, r-devel-linux-x86_64-fedora-clang, r-devel-linux-x86_64-fedora-gcc, r-devel-windows-ix86+x86_64