CRAN Package Check Results for Package ngramr

Last updated on 2015-03-28 11:49:20.

Flavor Version Tinstall Tcheck Ttotal Status Flags
r-devel-linux-x86_64-debian-clang 1.4.5 1.26 23.10 24.35 NOTE
r-devel-linux-x86_64-debian-gcc 1.4.5 1.81 22.83 24.64 NOTE
r-devel-linux-x86_64-fedora-clang 1.4.5 39.86 NOTE
r-devel-linux-x86_64-fedora-gcc 1.4.5 38.06 NOTE
r-devel-osx-x86_64-clang 1.4.5 49.56 NOTE
r-prerel-windows-ix86+x86_64 1.4.5 6.00 32.00 38.00 NOTE
r-prerel-linux-x86_64 1.4.5 1.31 22.38 23.69 NOTE
r-prerel-solaris-sparc 1.4.5 291.40 NOTE
r-prerel-solaris-x86 1.4.5 54.10 NOTE
r-release-linux-x86_64 1.4.5 2.22 33.30 35.52 OK
r-release-osx-x86_64-mavericks 1.4.5 OK
r-release-osx-x86_64-snowleopard 1.4.5 OK
r-release-windows-ix86+x86_64 1.4.5 10.00 52.00 62.00 OK
r-oldrel-windows-ix86+x86_64 1.4.5 8.00 58.00 66.00 OK

Check Details

Version: 1.4.5
Check: DESCRIPTION meta-information
Result: NOTE
    Malformed Description field: should contain one or more complete sentences.
Flavors: r-devel-linux-x86_64-debian-clang, r-devel-linux-x86_64-debian-gcc, r-devel-linux-x86_64-fedora-clang, r-devel-linux-x86_64-fedora-gcc, r-devel-osx-x86_64-clang, r-prerel-windows-ix86+x86_64, r-prerel-linux-x86_64, r-prerel-solaris-sparc, r-prerel-solaris-x86