CRAN Package Check Results for Package ngramr

Last updated on 2015-05-28 15:47:41.

Flavor Version Tinstall Tcheck Ttotal Status Flags
r-devel-linux-x86_64-debian-clang 1.4.5 1.33 23.90 25.23 NOTE
r-devel-linux-x86_64-debian-gcc 1.4.5 1.28 23.93 25.21 NOTE
r-devel-linux-x86_64-fedora-clang 1.4.5 41.48 NOTE
r-devel-linux-x86_64-fedora-gcc 1.4.5 38.60 NOTE
r-devel-osx-x86_64-clang 1.4.5 45.38 NOTE
r-devel-windows-ix86+x86_64 1.4.5 5.00 35.00 40.00 NOTE
r-patched-linux-x86_64 1.4.5 1.41 23.22 24.63 NOTE
r-patched-solaris-sparc 1.4.5 246.40 NOTE
r-patched-solaris-x86 1.4.5 63.20 NOTE
r-release-linux-x86_64 1.4.5 1.32 23.12 24.44 NOTE
r-release-osx-x86_64-mavericks 1.4.5 NOTE
r-release-osx-x86_64-snowleopard 1.4.5 ERROR
r-release-windows-ix86+x86_64 1.4.5 5.00 35.00 40.00 NOTE
r-oldrel-windows-ix86+x86_64 1.4.5 11.00 58.00 69.00 OK

Check Details

Version: 1.4.5
Check: DESCRIPTION meta-information
Result: NOTE
    Malformed Description field: should contain one or more complete sentences.
Flavors: r-devel-linux-x86_64-debian-clang, r-devel-linux-x86_64-debian-gcc, r-devel-linux-x86_64-fedora-clang, r-devel-linux-x86_64-fedora-gcc, r-devel-osx-x86_64-clang, r-devel-windows-ix86+x86_64, r-patched-linux-x86_64, r-patched-solaris-sparc, r-patched-solaris-x86, r-release-linux-x86_64, r-release-osx-x86_64-mavericks, r-release-windows-ix86+x86_64

Version: 1.4.5
Check: package dependencies
Result: ERROR
    Packages required but not available: ‘ggplot2’ ‘scales’
    
    See section ‘The DESCRIPTION file’ in the ‘Writing R Extensions’
    manual.
Flavor: r-release-osx-x86_64-snowleopard