CRAN Package Check Results for Package ngspatial

Last updated on 2017-03-29 23:53:18.

Flavor Version Tinstall Tcheck Ttotal Status Flags
r-devel-linux-x86_64-debian-clang 1.1-3 17.04 29.06 46.10 NOTE
r-devel-linux-x86_64-debian-gcc 1.1-3 18.00 28.39 46.39 NOTE
r-devel-linux-x86_64-fedora-clang 1.1-3 81.11 NOTE --no-stop-on-test-error
r-devel-linux-x86_64-fedora-gcc 1.1-3 79.84 NOTE --no-stop-on-test-error
r-devel-macos-x86_64-clang 1.1-3 60.17 NOTE --no-stop-on-test-error
r-devel-windows-ix86+x86_64 1.1-3 46.00 101.00 147.00 OK
r-patched-linux-x86_64 1.1-3 14.58 28.86 43.43 NOTE
r-patched-solaris-sparc 1.1-3 505.60 OK
r-patched-solaris-x86 1.1-3 100.90 OK
r-release-linux-x86_64 1.1-3 14.41 23.59 38.01 OK
r-release-osx-x86_64-mavericks 1.1-3 OK
r-release-windows-ix86+x86_64 1.1-3 93.00 91.00 184.00 OK
r-oldrel-windows-ix86+x86_64 1.1-3 83.00 117.00 200.00 OK

Check Details

Version: 1.1-3
Check: compiled code
Result: NOTE
    File ‘ngspatial/libs/ngspatial.so’:
     Found no calls to: ‘R_registerRoutines’, ‘R_useDynamicSymbols’
    
    It is good practice to register native routines and to disable symbol
    search.
    
    See ‘Writing portable packages’ in the ‘Writing R Extensions’ manual.
Flavors: r-devel-linux-x86_64-debian-clang, r-devel-linux-x86_64-debian-gcc, r-patched-linux-x86_64

Version: 1.1-3
Flags: --no-stop-on-test-error
Check: compiled code
Result: NOTE
    File ‘ngspatial/libs/ngspatial.so’:
     Found no calls to: ‘R_registerRoutines’, ‘R_useDynamicSymbols’
    
    It is good practice to register native routines and to disable symbol
    search.
    
    See ‘Writing portable packages’ in the ‘Writing R Extensions’ manual.
Flavors: r-devel-linux-x86_64-fedora-clang, r-devel-linux-x86_64-fedora-gcc, r-devel-macos-x86_64-clang