CRAN Package Check Results for Package ngspatial

Last updated on 2014-04-24 15:50:42.

Flavor Version Tinstall Tcheck Ttotal Status Flags
r-devel-linux-x86_64-debian-clang 1.0-3 11.51 19.39 30.90 OK
r-devel-linux-x86_64-debian-gcc 1.0-3 13.96 19.69 33.65 OK
r-devel-linux-x86_64-fedora-clang 1.0-3 64.10 OK
r-devel-linux-x86_64-fedora-gcc 1.0-3 61.56 OK
r-devel-osx-x86_64-clang 1.0-3 52.29 OK
r-devel-osx-x86_64-gcc 1.0-3 OK
r-devel-windows-ix86+x86_64 1.0-3 44.00 42.00 86.00 OK
r-patched-linux-x86_64 1.0-3 13.86 19.03 32.89 OK
r-patched-solaris-sparc 1.0-3 379.70 OK
r-patched-solaris-x86 1.0-3 81.60 OK
r-release-linux-ix86 1.0-3 22.00 36.00 58.00 OK
r-release-linux-x86_64 1.0-3 13.91 19.19 33.10 OK
r-release-osx-x86_64-mavericks 1.0-3 WARN
r-release-osx-x86_64-snowleopard 1.0-3 OK
r-release-windows-ix86+x86_64 1.0-3 59.00 56.00 115.00 OK
r-oldrel-windows-ix86+x86_64 1.0-3 40.00 48.00 88.00 OK

Check Details

Version: 1.0-3
Check: PDF version of manual
Result: WARNING
    LaTeX errors when creating PDF version.
    This typically indicates Rd problems.
    LaTeX errors found:
    ! LaTeX Error: File `upquote.sty' not found.
    
    Type X to quit or <RETURN> to proceed,
    or enter new name. (Default extension: sty)
    
    924fbc9/Rd2.tex:8: ==> Fatal error occurred, no output PDF file produced!
Flavor: r-release-osx-x86_64-mavericks