CRAN Package Check Results for Package ngspatial

Last updated on 2016-06-27 06:47:13.

Flavor Version Tinstall Tcheck Ttotal Status Flags
r-devel-linux-x86_64-debian-gcc 1.0-5 19.43 25.93 45.36 WARN
r-devel-linux-x86_64-fedora-clang 1.0-5 75.14 WARN
r-devel-linux-x86_64-fedora-gcc 1.0-5 67.75 WARN
r-devel-osx-x86_64-clang 1.0-5 56.50 WARN
r-devel-windows-ix86+x86_64 1.0-5 46.00 76.00 122.00 WARN
r-patched-linux-x86_64 1.0-5 15.09 27.30 42.39 WARN
r-patched-solaris-sparc 1.0-5 498.30 WARN
r-patched-solaris-x86 1.0-5 97.70 WARN
r-release-linux-x86_64 1.0-5 14.76 27.61 42.37 WARN
r-release-osx-x86_64-mavericks 1.0-5 NOTE
r-release-windows-ix86+x86_64 1.0-5 44.00 56.00 100.00 WARN
r-oldrel-windows-ix86+x86_64 1.0-5 62.00 80.00 142.00 WARN

Check Details

Version: 1.0-5
Check: whether package can be installed
Result: WARN
    Found the following significant warnings:
     Warning: 'loadRcppModules' is deprecated.
Flavors: r-devel-linux-x86_64-debian-gcc, r-devel-linux-x86_64-fedora-clang, r-devel-linux-x86_64-fedora-gcc, r-devel-osx-x86_64-clang, r-devel-windows-ix86+x86_64, r-patched-linux-x86_64, r-patched-solaris-sparc, r-patched-solaris-x86, r-release-linux-x86_64, r-release-windows-ix86+x86_64, r-oldrel-windows-ix86+x86_64

Version: 1.0-5
Check: whether the namespace can be loaded with stated dependencies
Result: NOTE
    Warning: 'loadRcppModules' is deprecated.
    Use 'loadModule' instead.
    See help("Deprecated")
    
    A namespace must be able to be loaded with just the base namespace
    loaded: otherwise if the namespace gets loaded by a saved object, the
    session will be unable to start.
    
    Probably some imports need to be declared in the NAMESPACE file.
Flavors: r-devel-linux-x86_64-debian-gcc, r-devel-linux-x86_64-fedora-clang, r-devel-linux-x86_64-fedora-gcc, r-devel-osx-x86_64-clang, r-devel-windows-ix86+x86_64, r-devel-windows-ix86+x86_64, r-patched-linux-x86_64, r-patched-solaris-sparc, r-patched-solaris-x86, r-release-linux-x86_64, r-release-windows-ix86+x86_64, r-release-windows-ix86+x86_64

Version: 1.0-5
Check: R code for possible problems
Result: NOTE
    Moller.train: no visible global function definition for ‘vcov’
    Moller.train: no visible global function definition for ‘glm’
    Moller.train: no visible binding for global variable ‘binomial’
    Moller.train: no visible global function definition for ‘cov’
    autologistic: no visible global function definition for
     ‘model.response’
    autologistic: no visible global function definition for ‘model.matrix’
    autologistic: no visible global function definition for ‘flush.console’
    autologistic: no visible global function definition for ‘.getXlevels’
    autologistic.fit: no visible global function definition for ‘glm’
    autologistic.fit: no visible binding for global variable ‘binomial’
    autologistic.fit: no visible global function definition for ‘optim’
    sparse.sglmm: no visible binding for global variable ‘gaussian’
    sparse.sglmm: no visible global function definition for ‘glm’
    sparse.sglmm: no visible global function definition for ‘weights’
    sparse.sglmm: no visible global function definition for
     ‘model.response’
    sparse.sglmm: no visible global function definition for ‘model.offset’
    sparse.sglmm: no visible global function definition for ‘model.matrix’
    sparse.sglmm: no visible global function definition for ‘flush.console’
    sparse.sglmm: no visible global function definition for ‘vcov’
    sparse.sglmm: no visible global function definition for ‘.getXlevels’
    sparse.sglmm.fit.binomial: no visible global function definition for
     ‘rnorm’
    sparse.sglmm.fit.binomial: no visible global function definition for
     ‘runif’
    sparse.sglmm.fit.binomial: no visible global function definition for
     ‘rgamma’
    sparse.sglmm.fit.binomial: no visible global function definition for
     ‘dbinom’
    sparse.sglmm.fit.gaussian: no visible global function definition for
     ‘rnorm’
    sparse.sglmm.fit.gaussian: no visible global function definition for
     ‘rgamma’
    sparse.sglmm.fit.gaussian: no visible global function definition for
     ‘dnorm’
    sparse.sglmm.fit.poisson: no visible global function definition for
     ‘rnorm’
    sparse.sglmm.fit.poisson: no visible global function definition for
     ‘runif’
    sparse.sglmm.fit.poisson: no visible global function definition for
     ‘rgamma’
    sparse.sglmm.fit.poisson: no visible global function definition for
     ‘dpois’
    summary.autologistic: no visible global function definition for ‘qnorm’
    summary.autologistic: no visible global function definition for
     ‘quantile’
    vcov.autologistic: no visible global function definition for ‘cov’
    vcov.sparse.sglmm: no visible global function definition for ‘cov’
    Undefined global functions or variables:
     .getXlevels binomial cov dbinom dnorm dpois flush.console gaussian
     glm model.matrix model.offset model.response optim qnorm quantile
     rgamma rnorm runif vcov weights
    Consider adding
     importFrom("stats", ".getXlevels", "binomial", "cov", "dbinom",
     "dnorm", "dpois", "gaussian", "glm", "model.matrix",
     "model.offset", "model.response", "optim", "qnorm",
     "quantile", "rgamma", "rnorm", "runif", "vcov", "weights")
     importFrom("utils", "flush.console")
    to your NAMESPACE file.
Flavors: r-devel-linux-x86_64-debian-gcc, r-devel-linux-x86_64-fedora-clang, r-devel-linux-x86_64-fedora-gcc, r-devel-osx-x86_64-clang, r-devel-windows-ix86+x86_64, r-patched-linux-x86_64, r-patched-solaris-sparc, r-patched-solaris-x86, r-release-linux-x86_64, r-release-osx-x86_64-mavericks, r-release-windows-ix86+x86_64

Version: 1.0-5
Check: examples
Result: WARN
    Found the following significant warnings:
    
     Warning: 'loadRcppModules' is deprecated.
    Deprecated functions may be defunct as soon as of the next release of
    R.
    See ?Deprecated.
Flavors: r-devel-linux-x86_64-debian-gcc, r-devel-linux-x86_64-fedora-clang, r-devel-linux-x86_64-fedora-gcc, r-devel-osx-x86_64-clang, r-patched-linux-x86_64, r-patched-solaris-sparc, r-patched-solaris-x86, r-release-linux-x86_64

Version: 1.0-5
Check: running examples for arch ‘i386’
Result: WARN
    Found the following significant warnings:
    
     Warning: 'loadRcppModules' is deprecated.
    Deprecated functions may be defunct as soon as of the next release of
    R.
    See ?Deprecated.
Flavors: r-devel-windows-ix86+x86_64, r-release-windows-ix86+x86_64, r-oldrel-windows-ix86+x86_64

Version: 1.0-5
Check: running examples for arch ‘x64’
Result: WARN
    Found the following significant warnings:
    
     Warning: 'loadRcppModules' is deprecated.
    Deprecated functions may be defunct as soon as of the next release of
    R.
    See ?Deprecated.
Flavors: r-devel-windows-ix86+x86_64, r-release-windows-ix86+x86_64, r-oldrel-windows-ix86+x86_64

Version: 1.0-5
Check: installed package size
Result: NOTE
     installed size is 5.8Mb
     sub-directories of 1Mb or more:
     libs 5.4Mb
Flavors: r-patched-solaris-sparc, r-patched-solaris-x86