CRAN Package Check Results for Package ngspatial

Last updated on 2017-02-22 23:54:08.

Flavor Version Tinstall Tcheck Ttotal Status Flags
r-devel-linux-x86_64-debian-clang 1.1-3 16.54 28.82 45.35 NOTE
r-devel-linux-x86_64-debian-gcc 1.1-3 17.58 28.38 45.95 NOTE
r-devel-linux-x86_64-fedora-clang 1.1-3 82.86 NOTE --no-stop-on-test-error
r-devel-linux-x86_64-fedora-gcc 1.1-3 78.98 NOTE --no-stop-on-test-error
r-devel-macos-x86_64-clang 1.1-3 60.34 NOTE --no-stop-on-test-error
r-devel-windows-ix86+x86_64 1.1-3 68.00 145.00 213.00 OK
r-patched-linux-x86_64 1.1-3 14.26 23.94 38.21 OK
r-patched-solaris-sparc 1.1-3 482.40 OK
r-patched-solaris-x86 1.1-3 97.00 OK
r-release-linux-x86_64 1.1-3 14.21 23.80 38.01 OK
r-release-osx-x86_64-mavericks 1.1-3 OK
r-release-windows-ix86+x86_64 1.1-3 66.00 126.00 192.00 OK
r-oldrel-windows-ix86+x86_64 1.1-3 57.00 85.00 142.00 OK

Check Details

Version: 1.1-3
Check: compiled code
Result: NOTE
    File ‘ngspatial/libs/ngspatial.so’:
     Found no calls to: ‘R_registerRoutines’, ‘R_useDynamicSymbols’
    
    It is good practice to register native routines and to disable symbol
    search.
    
    See ‘Writing portable packages’ in the ‘Writing R Extensions’ manual.
Flavors: r-devel-linux-x86_64-debian-clang, r-devel-linux-x86_64-debian-gcc

Version: 1.1-3
Flags: --no-stop-on-test-error
Check: compiled code
Result: NOTE
    File ‘ngspatial/libs/ngspatial.so’:
     Found no calls to: ‘R_registerRoutines’, ‘R_useDynamicSymbols’
    
    It is good practice to register native routines and to disable symbol
    search.
    
    See ‘Writing portable packages’ in the ‘Writing R Extensions’ manual.
Flavors: r-devel-linux-x86_64-fedora-clang, r-devel-linux-x86_64-fedora-gcc, r-devel-macos-x86_64-clang