CRAN Package Check Results for Package ngspatial

Last updated on 2017-05-28 23:50:07.

Flavor Version Tinstall Tcheck Ttotal Status Flags
r-devel-linux-x86_64-debian-clang 1.1-3 17.63 29.86 47.49 NOTE
r-devel-linux-x86_64-debian-gcc 1.1-3 18.49 28.58 47.07 NOTE
r-devel-linux-x86_64-fedora-clang 1.1-3 80.99 NOTE
r-devel-linux-x86_64-fedora-gcc 1.1-3 78.92 NOTE
r-devel-windows-ix86+x86_64 1.1-3 50.00 100.00 150.00 OK
r-patched-linux-x86_64 1.1-3 16.05 29.24 45.28 NOTE
r-patched-solaris-sparc 1.1-3 505.60 OK
r-patched-solaris-x86 1.1-3 97.50 OK
r-release-linux-x86_64 1.1-3 17.30 29.50 46.80 NOTE
r-release-windows-ix86+x86_64 1.1-3 69.00 74.00 143.00 OK
r-release-osx-x86_64 1.1-3 OK
r-oldrel-windows-ix86+x86_64 1.1-3 63.00 62.00 125.00 OK
r-oldrel-osx-x86_64 1.1-3 OK

Check Details

Version: 1.1-3
Check: compiled code
Result: NOTE
    File ‘ngspatial/libs/ngspatial.so’:
     Found no calls to: ‘R_registerRoutines’, ‘R_useDynamicSymbols’
    
    It is good practice to register native routines and to disable symbol
    search.
    
    See ‘Writing portable packages’ in the ‘Writing R Extensions’ manual.
Flavors: r-devel-linux-x86_64-debian-clang, r-devel-linux-x86_64-debian-gcc, r-devel-linux-x86_64-fedora-clang, r-devel-linux-x86_64-fedora-gcc, r-patched-linux-x86_64, r-release-linux-x86_64