CRAN Package Check Results for Package nhlscrapr

Last updated on 2015-04-27 15:46:38.

Flavor Version Tinstall Tcheck Ttotal Status Flags
r-devel-linux-x86_64-debian-clang 1.8 1.91 25.25 27.16 NOTE
r-devel-linux-x86_64-debian-gcc 1.8 1.60 23.50 25.10 NOTE
r-devel-linux-x86_64-fedora-clang 1.8 46.40 NOTE
r-devel-linux-x86_64-fedora-gcc 1.8 42.28 NOTE
r-devel-osx-x86_64-clang 1.8 45.67 NOTE
r-devel-windows-ix86+x86_64 1.8 7.00 43.00 50.00 NOTE
r-patched-linux-x86_64 1.8 1.70 23.34 25.04 NOTE
r-patched-solaris-sparc 1.8 306.50 NOTE
r-patched-solaris-x86 1.8 63.40 NOTE
r-release-linux-x86_64 1.8 1.66 23.61 25.27 NOTE
r-release-osx-x86_64-mavericks 1.8 NOTE
r-release-osx-x86_64-snowleopard 1.8 NOTE
r-release-windows-ix86+x86_64 1.8 10.00 53.00 63.00 NOTE
r-oldrel-windows-ix86+x86_64 1.8 7.00 50.00 57.00 OK

Check Details

Version: 1.8
Check: DESCRIPTION meta-information
Result: NOTE
    Malformed Description field: should contain one or more complete sentences.
Flavors: r-devel-linux-x86_64-debian-clang, r-devel-linux-x86_64-debian-gcc, r-devel-linux-x86_64-fedora-clang, r-devel-linux-x86_64-fedora-gcc, r-devel-osx-x86_64-clang, r-devel-windows-ix86+x86_64, r-patched-solaris-sparc, r-patched-solaris-x86, r-release-linux-x86_64, r-release-osx-x86_64-mavericks, r-release-osx-x86_64-snowleopard, r-release-windows-ix86+x86_64