CRAN Package Check Results for Package nhlscrapr

Last updated on 2014-12-22 17:51:29.

Flavor Version Tinstall Tcheck Ttotal Status Flags
r-devel-linux-x86_64-debian-clang 1.8 1.76 26.84 28.60 OK
r-devel-linux-x86_64-debian-gcc 1.8 1.79 26.08 27.87 OK
r-devel-linux-x86_64-fedora-clang 1.8 53.59 OK
r-devel-linux-x86_64-fedora-gcc 1.8 51.23 OK
r-devel-osx-x86_64-clang 1.8 52.59 OK
r-devel-windows-ix86+x86_64 1.8 9.00 50.00 59.00 OK
r-patched-linux-x86_64 1.8 1.91 29.10 31.00 OK
r-patched-solaris-sparc 1.8 318.80 OK
r-patched-solaris-x86 1.8 71.80 OK
r-release-linux-ix86 1.8 2.54 34.12 36.66 OK
r-release-linux-x86_64 1.8 1.90 27.41 29.31 OK
r-release-osx-x86_64-mavericks 1.8 OK
r-release-osx-x86_64-snowleopard 1.8 OK
r-release-windows-ix86+x86_64 1.8 9.00 49.00 58.00 OK
r-oldrel-windows-ix86+x86_64 1.8 10.00 53.00 63.00 NOTE

Check Details

Version: 1.8
Check: dependencies in R code
Result: NOTE
    Missing or unexported objects:
     'nhlscrapr::date201415' 'nhlscrapr::pulls' 'nhlscrapr::pushes'
     'nhlscrapr::quadsarray' 'nhlscrapr::zone.adjust.prefab'
    See the information on DESCRIPTION files in the chapter 'Creating R
    packages' of the 'Writing R Extensions' manual.
Flavor: r-oldrel-windows-ix86+x86_64