CRAN Package Check Results for Package nhlscrapr

Last updated on 2014-09-02 05:46:38.

Flavor Version Tinstall Tcheck Ttotal Status Flags
r-devel-linux-x86_64-debian-clang 1.5.1 1.72 22.85 24.57 NOTE
r-devel-linux-x86_64-debian-gcc 1.5.1 1.87 22.76 24.62 NOTE
r-devel-linux-x86_64-fedora-clang 1.5.1 46.62 NOTE
r-devel-linux-x86_64-fedora-gcc 1.5.1 44.73 NOTE
r-devel-osx-x86_64-clang 1.5.1 44.72 NOTE
r-devel-windows-ix86+x86_64 1.5.1 9.00 41.00 50.00 NOTE
r-patched-linux-x86_64 1.5.1 1.97 23.18 25.15 OK
r-patched-solaris-sparc 1.5.1 268.30 OK
r-patched-solaris-x86 1.5.1 62.60 OK
r-release-linux-ix86 1.5.1 2.54 31.10 33.64 OK
r-release-linux-x86_64 1.5.1 1.89 23.58 25.47 OK
r-release-osx-x86_64-mavericks 1.5.1 OK
r-release-osx-x86_64-snowleopard 1.5.1 OK
r-release-windows-ix86+x86_64 1.5.1 9.00 59.00 68.00 OK
r-oldrel-windows-ix86+x86_64 1.5.1 15.00 64.00 79.00 OK

Check Details

Version: 1.5.1
Check: R code for possible problems
Result: NOTE
    pick.section: no visible binding for global variable ‘quadsarray’
Flavors: r-devel-linux-x86_64-debian-clang, r-devel-linux-x86_64-debian-gcc, r-devel-linux-x86_64-fedora-clang, r-devel-linux-x86_64-fedora-gcc, r-devel-osx-x86_64-clang, r-devel-windows-ix86+x86_64