CRAN Package Check Results for Package nhlscrapr

Last updated on 2015-02-27 05:48:08.

Flavor Version Tinstall Tcheck Ttotal Status Flags
r-devel-linux-x86_64-debian-clang 1.8 1.55 25.16 26.71 NOTE
r-devel-linux-x86_64-debian-gcc 1.8 1.62 23.33 24.95 NOTE
r-devel-linux-x86_64-fedora-clang 1.8 46.12 NOTE
r-devel-linux-x86_64-fedora-gcc 1.8 42.81 NOTE
r-devel-osx-x86_64-clang 1.8 49.22 NOTE
r-devel-windows-ix86+x86_64 1.8 10.00 44.00 54.00 NOTE
r-patched-linux-x86_64 1.8 1.86 28.61 30.46 OK
r-patched-solaris-sparc 1.8 318.60 OK
r-patched-solaris-x86 1.8 72.10 OK
r-release-linux-ix86 1.8 2.77 35.03 37.80 OK
r-release-linux-x86_64 1.8 2.04 0.25 2.29 OK
r-release-osx-x86_64-mavericks 1.8 OK
r-release-osx-x86_64-snowleopard 1.8 OK
r-release-windows-ix86+x86_64 1.8 10.00 54.00 64.00 OK
r-oldrel-windows-ix86+x86_64 1.8 9.00 51.00 60.00 NOTE

Check Details

Version: 1.8
Check: DESCRIPTION meta-information
Result: NOTE
    Malformed Description field: should contain one or more complete sentences.
Flavors: r-devel-linux-x86_64-debian-clang, r-devel-linux-x86_64-debian-gcc, r-devel-linux-x86_64-fedora-clang, r-devel-linux-x86_64-fedora-gcc, r-devel-osx-x86_64-clang, r-devel-windows-ix86+x86_64

Version: 1.8
Check: dependencies in R code
Result: NOTE
    Missing or unexported objects:
     'nhlscrapr::date201415' 'nhlscrapr::pulls' 'nhlscrapr::pushes'
     'nhlscrapr::quadsarray' 'nhlscrapr::zone.adjust.prefab'
    See the information on DESCRIPTION files in the chapter 'Creating R
    packages' of the 'Writing R Extensions' manual.
Flavor: r-oldrel-windows-ix86+x86_64