CRAN Package Check Results for Package nhlscrapr

Last updated on 2014-08-23 02:50:00.

Flavor Version Tinstall Tcheck Ttotal Status Flags
r-devel-linux-x86_64-debian-clang 1.5.1 1.70 23.04 24.74 NOTE
r-devel-linux-x86_64-debian-gcc 1.5.1 1.82 22.59 24.41 NOTE
r-devel-linux-x86_64-fedora-clang 1.5.1 46.51 NOTE
r-devel-linux-x86_64-fedora-gcc 1.5.1 45.13 NOTE
r-devel-osx-x86_64-clang 1.5.1 45.32 NOTE
r-devel-windows-ix86+x86_64 1.5.1 10.00 42.00 52.00 OK
r-patched-linux-x86_64 1.5.1 1.84 22.90 24.74 OK
r-patched-solaris-sparc 1.5.1 268.30 OK
r-patched-solaris-x86 1.5.1 63.20 OK
r-release-linux-ix86 1.5.1 2.54 30.89 33.44 OK
r-release-linux-x86_64 1.5.1 1.94 23.65 25.59 OK
r-release-osx-x86_64-mavericks 1.5.1 OK
r-release-osx-x86_64-snowleopard 1.5.1 OK
r-release-windows-ix86+x86_64 1.5.1 9.00 59.00 68.00 OK
r-oldrel-windows-ix86+x86_64 1.5.1 15.00 64.00 79.00 OK

Check Details

Version: 1.5.1
Check: R code for possible problems
Result: NOTE
    pick.section: no visible binding for global variable ‘quadsarray’
Flavors: r-devel-linux-x86_64-debian-clang, r-devel-linux-x86_64-debian-gcc, r-devel-linux-x86_64-fedora-clang, r-devel-linux-x86_64-fedora-gcc, r-devel-osx-x86_64-clang