CRAN Package Check Results for Package nhlscrapr

Last updated on 2015-05-22 13:46:56.

Flavor Version Tinstall Tcheck Ttotal Status Flags
r-devel-linux-x86_64-debian-clang 1.8 1.68 24.96 26.64 NOTE
r-devel-linux-x86_64-debian-gcc 1.8 1.61 23.54 25.15 NOTE
r-devel-linux-x86_64-fedora-gcc 1.8 44.84 NOTE
r-devel-osx-x86_64-clang 1.8 51.36 NOTE
r-devel-windows-ix86+x86_64 1.8 9.00 43.00 52.00 NOTE
r-patched-linux-x86_64 1.8 1.76 23.35 25.11 NOTE
r-patched-solaris-sparc 1.8 306.50 NOTE
r-patched-solaris-x86 1.8 68.10 NOTE
r-release-linux-x86_64 1.8 1.74 23.66 25.40 NOTE
r-release-osx-x86_64-mavericks 1.8 NOTE
r-release-osx-x86_64-snowleopard 1.8 NOTE
r-release-windows-ix86+x86_64 1.8 7.00 43.00 50.00 NOTE
r-oldrel-windows-ix86+x86_64 1.8 10.00 77.00 87.00 OK

Check Details

Version: 1.8
Check: DESCRIPTION meta-information
Result: NOTE
    Malformed Description field: should contain one or more complete sentences.
Flavors: r-devel-linux-x86_64-debian-clang, r-devel-linux-x86_64-debian-gcc, r-devel-linux-x86_64-fedora-gcc, r-devel-osx-x86_64-clang, r-devel-windows-ix86+x86_64, r-patched-linux-x86_64, r-patched-solaris-sparc, r-patched-solaris-x86, r-release-linux-x86_64, r-release-osx-x86_64-mavericks, r-release-osx-x86_64-snowleopard, r-release-windows-ix86+x86_64