CRAN Package Check Results for Package nhlscrapr

Last updated on 2017-03-29 06:48:21.

Flavor Version Tinstall Tcheck Ttotal Status Flags
r-devel-linux-x86_64-debian-clang 1.8.1 1.93 26.82 28.75 NOTE
r-devel-linux-x86_64-debian-gcc 1.8.1 1.82 26.18 27.99 NOTE
r-devel-linux-x86_64-fedora-clang 1.8.1 45.28 NOTE --no-stop-on-test-error
r-devel-linux-x86_64-fedora-gcc 1.8.1 43.65 NOTE --no-stop-on-test-error
r-devel-macos-x86_64-clang 1.8.1 37.32 NOTE --no-stop-on-test-error
r-devel-windows-ix86+x86_64 1.8.1 7.00 82.00 89.00 NOTE
r-patched-linux-x86_64 1.8.1 1.72 26.55 28.28 NOTE
r-patched-solaris-sparc 1.8.1 278.90 NOTE
r-patched-solaris-x86 1.8.1 60.10 NOTE
r-release-linux-x86_64 1.8.1 1.73 24.57 26.30 NOTE
r-release-osx-x86_64-mavericks 1.8.1 NOTE
r-release-windows-ix86+x86_64 1.8.1 12.00 111.00 123.00 NOTE
r-oldrel-windows-ix86+x86_64 1.8.1 8.00 70.00 78.00 OK

Check Details

Version: 1.8.1
Check: R code for possible problems
Result: NOTE
    compare.CDF: no visible global function definition for ‘quantile’
    download.single.game: no visible global function definition for
     ‘download.file’
    fit.shot.probs.simple: no visible global function definition for
     ‘predict’
    integrate.old.pieces: no visible global function definition for
     ‘na.omit’
    prob.score.simple.objects: no visible global function definition for
     ‘binomial’
    prob.score.simple.objects: no visible binding for global variable
     ‘logit’
    prob.score.simple.objects: no visible global function definition for
     ‘predict’
    process.pl.new: no visible global function definition for ‘na.omit’
    read.gif: no visible global function definition for ‘download.file’
    read.gif: no visible global function definition for ‘rgb’
    solver.with.nlm: no visible global function definition for ‘nlm’
    team.table : thisplot: no visible global function definition for ‘par’
    team.table : thisplot: no visible global function definition for ‘plot’
    team.table : thisplot: no visible global function definition for ‘text’
    team.table : thisplot: no visible global function definition for
     ‘abline’
    Undefined global functions or variables:
     abline binomial download.file logit na.omit nlm par plot predict
     quantile rgb text
    Consider adding
     importFrom("grDevices", "rgb")
     importFrom("graphics", "abline", "par", "plot", "text")
     importFrom("stats", "binomial", "na.omit", "nlm", "predict",
     "quantile")
     importFrom("utils", "download.file")
    to your NAMESPACE file.
Flavors: r-devel-linux-x86_64-debian-clang, r-devel-linux-x86_64-debian-gcc, r-devel-windows-ix86+x86_64, r-patched-linux-x86_64, r-patched-solaris-sparc, r-patched-solaris-x86, r-release-linux-x86_64, r-release-osx-x86_64-mavericks, r-release-windows-ix86+x86_64

Version: 1.8.1
Check: compiled code
Result: NOTE
    File ‘nhlscrapr/libs/nhlscrapr.so’:
     Found no calls to: ‘R_registerRoutines’, ‘R_useDynamicSymbols’
    
    It is good practice to register native routines and to disable symbol
    search.
    
    See ‘Writing portable packages’ in the ‘Writing R Extensions’ manual.
Flavors: r-devel-linux-x86_64-debian-clang, r-devel-linux-x86_64-debian-gcc, r-patched-linux-x86_64

Version: 1.8.1
Flags: --no-stop-on-test-error
Check: R code for possible problems
Result: NOTE
    compare.CDF: no visible global function definition for ‘quantile’
    download.single.game: no visible global function definition for
     ‘download.file’
    fit.shot.probs.simple: no visible global function definition for
     ‘predict’
    integrate.old.pieces: no visible global function definition for
     ‘na.omit’
    prob.score.simple.objects: no visible global function definition for
     ‘binomial’
    prob.score.simple.objects: no visible binding for global variable
     ‘logit’
    prob.score.simple.objects: no visible global function definition for
     ‘predict’
    process.pl.new: no visible global function definition for ‘na.omit’
    read.gif: no visible global function definition for ‘download.file’
    read.gif: no visible global function definition for ‘rgb’
    solver.with.nlm: no visible global function definition for ‘nlm’
    team.table : thisplot: no visible global function definition for ‘par’
    team.table : thisplot: no visible global function definition for ‘plot’
    team.table : thisplot: no visible global function definition for ‘text’
    team.table : thisplot: no visible global function definition for
     ‘abline’
    Undefined global functions or variables:
     abline binomial download.file logit na.omit nlm par plot predict
     quantile rgb text
    Consider adding
     importFrom("grDevices", "rgb")
     importFrom("graphics", "abline", "par", "plot", "text")
     importFrom("stats", "binomial", "na.omit", "nlm", "predict",
     "quantile")
     importFrom("utils", "download.file")
    to your NAMESPACE file.
Flavors: r-devel-linux-x86_64-fedora-clang, r-devel-linux-x86_64-fedora-gcc, r-devel-macos-x86_64-clang

Version: 1.8.1
Flags: --no-stop-on-test-error
Check: compiled code
Result: NOTE
    File ‘nhlscrapr/libs/nhlscrapr.so’:
     Found no calls to: ‘R_registerRoutines’, ‘R_useDynamicSymbols’
    
    It is good practice to register native routines and to disable symbol
    search.
    
    See ‘Writing portable packages’ in the ‘Writing R Extensions’ manual.
Flavors: r-devel-linux-x86_64-fedora-clang, r-devel-linux-x86_64-fedora-gcc, r-devel-macos-x86_64-clang