CRAN Package Check Results for Package nhlscrapr

Last updated on 2014-11-24 23:47:10.

Flavor Version Tinstall Tcheck Ttotal Status Flags
r-devel-linux-x86_64-debian-clang 1.8 1.84 26.62 28.46 OK
r-devel-linux-x86_64-debian-gcc 1.8 1.79 26.92 28.71 OK
r-devel-linux-x86_64-fedora-clang 1.8 55.60 OK
r-devel-linux-x86_64-fedora-gcc 1.8 50.35 OK
r-devel-osx-x86_64-clang 1.8 55.45 OK
r-devel-windows-ix86+x86_64 1.8 9.00 48.00 57.00 OK
r-patched-linux-x86_64 1.8 1.89 26.88 28.78 OK
r-patched-solaris-sparc 1.8 282.70 OK
r-patched-solaris-x86 1.8 73.40 OK
r-release-linux-ix86 1.8 2.51 34.18 36.70 OK
r-release-linux-x86_64 1.8 1.91 27.58 29.49 OK
r-release-osx-x86_64-mavericks 1.8 OK
r-release-osx-x86_64-snowleopard 1.8 OK
r-release-windows-ix86+x86_64 1.8 10.00 52.00 62.00 OK
r-oldrel-windows-ix86+x86_64 1.8 9.00 49.00 58.00 NOTE

Check Details

Version: 1.8
Check: dependencies in R code
Result: NOTE
    Missing or unexported objects:
     'nhlscrapr::date201415' 'nhlscrapr::pulls' 'nhlscrapr::pushes'
     'nhlscrapr::quadsarray' 'nhlscrapr::zone.adjust.prefab'
    See the information on DESCRIPTION files in the chapter 'Creating R
    packages' of the 'Writing R Extensions' manual.
Flavor: r-oldrel-windows-ix86+x86_64