CRAN Package Check Results for Package nhlscrapr

Last updated on 2015-03-29 09:49:27.

Flavor Version Tinstall Tcheck Ttotal Status Flags
r-devel-linux-x86_64-debian-clang 1.8 1.60 24.05 25.64 NOTE
r-devel-linux-x86_64-debian-gcc 1.8 1.72 24.10 25.82 NOTE
r-devel-linux-x86_64-fedora-clang 1.8 44.84 NOTE
r-devel-linux-x86_64-fedora-gcc 1.8 48.59 NOTE
r-devel-osx-x86_64-clang 1.8 51.80 NOTE
r-prerel-windows-ix86+x86_64 1.8 9.00 42.00 51.00 NOTE
r-prerel-linux-x86_64 1.8 1.61 24.31 25.92 NOTE
r-prerel-solaris-sparc 1.8 306.50 NOTE
r-prerel-solaris-x86 1.8 60.90 NOTE
r-release-linux-x86_64 1.8 1.86 27.56 29.41 OK
r-release-osx-x86_64-mavericks 1.8 OK
r-release-osx-x86_64-snowleopard 1.8 OK
r-release-windows-ix86+x86_64 1.8 8.00 51.00 59.00 OK
r-oldrel-windows-ix86+x86_64 1.8 8.00 52.00 60.00 NOTE

Check Details

Version: 1.8
Check: DESCRIPTION meta-information
Result: NOTE
    Malformed Description field: should contain one or more complete sentences.
Flavors: r-devel-linux-x86_64-debian-clang, r-devel-linux-x86_64-debian-gcc, r-devel-linux-x86_64-fedora-clang, r-devel-linux-x86_64-fedora-gcc, r-devel-osx-x86_64-clang, r-prerel-windows-ix86+x86_64, r-prerel-linux-x86_64, r-prerel-solaris-sparc, r-prerel-solaris-x86

Version: 1.8
Check: dependencies in R code
Result: NOTE
    Missing or unexported objects:
     'nhlscrapr::date201415' 'nhlscrapr::pulls' 'nhlscrapr::pushes'
     'nhlscrapr::quadsarray' 'nhlscrapr::zone.adjust.prefab'
    See the information on DESCRIPTION files in the chapter 'Creating R
    packages' of the 'Writing R Extensions' manual.
Flavor: r-oldrel-windows-ix86+x86_64