CRAN Package Check Results for Package nimbleAPT

Last updated on 2024-06-13 01:57:57 CEST.

Flavor Version Tinstall Tcheck Ttotal Status Flags
r-devel-linux-x86_64-debian-clang 1.0.6 15.05 211.33 226.38 OK
r-devel-linux-x86_64-debian-gcc 1.0.6 0.33 1.83 2.16 ERROR
r-devel-linux-x86_64-fedora-clang 1.0.6 227.94 OK
r-devel-linux-x86_64-fedora-gcc 1.0.6 231.70 OK
r-devel-windows-x86_64 1.0.6 11.00 178.00 189.00 OK
r-patched-linux-x86_64 1.0.6 16.47 184.77 201.24 OK
r-release-linux-x86_64 1.0.6 10.64 190.41 201.05 OK
r-release-macos-arm64 1.0.6 74.00 OK
r-release-macos-x86_64 1.0.6 114.00 OK
r-release-windows-x86_64 1.0.6 11.00 157.00 168.00 OK
r-oldrel-macos-arm64 1.0.6 79.00 OK
r-oldrel-macos-x86_64 1.0.6 179.00 OK
r-oldrel-windows-x86_64 1.0.6 16.00 212.00 228.00 OK

Check Details

Version: 1.0.6
Check: package dependencies
Result: ERROR Package required but not available: ‘nimble’ See section ‘The DESCRIPTION file’ in the ‘Writing R Extensions’ manual. Flavor: r-devel-linux-x86_64-debian-gcc