CRAN Package Check Results for Package nitrcbot

Last updated on 2020-02-25 04:48:09 CET.

Flavor Version Tinstall Tcheck Ttotal Status Flags
r-devel-linux-x86_64-debian-clang 1.2 5.56 44.83 50.39 NOTE
r-devel-linux-x86_64-debian-gcc 1.2 4.45 34.32 38.77 NOTE
r-devel-linux-x86_64-fedora-clang 1.2 62.10 OK
r-devel-linux-x86_64-fedora-gcc 1.2 58.46 OK
r-devel-windows-ix86+x86_64 1.2 9.00 58.00 67.00 NOTE
r-devel-windows-ix86+x86_64-gcc8 1.2 16.00 79.00 95.00 NOTE
r-patched-linux-x86_64 1.2 4.65 38.60 43.25 OK
r-patched-solaris-x86 1.2 82.00 OK
r-release-linux-x86_64 1.2 4.41 39.12 43.53 OK
r-release-windows-ix86+x86_64 1.2 10.00 57.00 67.00 OK
r-release-osx-x86_64 1.2 OK
r-oldrel-windows-ix86+x86_64 1.2 5.00 55.00 60.00 OK
r-oldrel-osx-x86_64 1.2 OK

Check Details

Version: 1.2
Check: package vignettes
Result: NOTE
    Package vignette with placeholder title 'Vignette Title':
     'nitrcbot.Rmd'
Flavors: r-devel-linux-x86_64-debian-clang, r-devel-linux-x86_64-debian-gcc, r-devel-windows-ix86+x86_64, r-devel-windows-ix86+x86_64-gcc8