CRAN Package Check Results for Package nlcv

Last updated on 2022-01-21 17:48:35 CET.

Flavor Version Tinstall Tcheck Ttotal Status Flags
r-devel-linux-x86_64-debian-clang 0.3.5 34.51 317.27 351.78 OK
r-devel-linux-x86_64-debian-gcc 0.3.5 27.49 233.69 261.18 OK
r-devel-linux-x86_64-fedora-clang 0.3.5 419.19 OK
r-devel-linux-x86_64-fedora-gcc 0.3.5 400.36 OK
r-devel-windows-x86_64-new-UL 0.3.5 67.00 339.00 406.00 OK
r-devel-windows-x86_64-new-TK 0.3.5 OK
r-patched-linux-x86_64 0.3.5 36.67 302.66 339.33 OK
r-release-linux-x86_64 0.3.5 31.54 303.91 335.45 OK
r-release-macos-arm64 0.3.5 OK
r-release-macos-x86_64 0.3.5 NOTE
r-release-windows-ix86+x86_64 0.3.5 71.00 332.00 403.00 OK
r-oldrel-macos-x86_64 0.3.5 NOTE
r-oldrel-windows-ix86+x86_64 0.3.5 61.00 296.00 357.00 OK

Check Details

Version: 0.3.5
Check: package dependencies
Result: NOTE
    Package suggested but not available for checking: ‘ALL’
Flavors: r-release-macos-x86_64, r-oldrel-macos-x86_64