CRAN Package Check Results for Package nleqslv

Last updated on 2017-01-16 21:49:14.

Flavor Version Tinstall Tcheck Ttotal Status Flags
r-devel-linux-x86_64-debian-clang 3.0.3 3.07 18.29 21.35 OK
r-devel-linux-x86_64-debian-gcc 3.0.3 2.94 18.03 20.97 OK
r-devel-linux-x86_64-fedora-clang 3.0.3 36.00 OK --no-stop-on-test-error
r-devel-linux-x86_64-fedora-gcc 3.0.3 35.23 NOTE --no-stop-on-test-error
r-devel-macos-x86_64-clang 3.0.3 32.33 OK --no-stop-on-test-error
r-devel-windows-ix86+x86_64 3.0.3 32.00 55.00 87.00 OK
r-patched-linux-x86_64 3.0.3 2.74 13.41 16.15 OK
r-patched-solaris-sparc 3.0.3 176.10 OK
r-patched-solaris-x86 3.0.3 46.40 OK
r-release-linux-x86_64 3.0.3 2.70 14.62 17.31 OK
r-release-osx-x86_64-mavericks 3.0.3 OK
r-release-windows-ix86+x86_64 3.0.3 25.00 45.00 70.00 OK
r-oldrel-windows-ix86+x86_64 3.0.3 42.00 43.00 85.00 OK

Check Details

Version: 3.0.3
Flags: --no-stop-on-test-error
Check: compiled code
Result: NOTE
    File ‘nleqslv/libs/nleqslv.so’:
     Found no calls to: ‘R_registerRoutines’, ‘R_useDynamicSymbols’
    
    It is good practice to use registered native symbols and disable symbol
    search.
    
    See ‘Writing portable packages’ in the ‘Writing R Extensions’ manual.
Flavor: r-devel-linux-x86_64-fedora-gcc