CRAN Package Check Results for Package nlgeocoder

Last updated on 2019-04-23 16:50:46 CEST.

Flavor Version Tinstall Tcheck Ttotal Status Flags
r-devel-linux-x86_64-debian-clang 0.1.3 1.89 27.85 29.74 OK
r-devel-linux-x86_64-debian-gcc 0.1.3 1.39 23.21 24.60 OK
r-devel-linux-x86_64-fedora-clang 0.1.3 34.47 OK
r-devel-linux-x86_64-fedora-gcc 0.1.3 34.03 OK
r-devel-windows-ix86+x86_64 0.1.3 10.00 49.00 59.00 OK
r-patched-linux-x86_64 0.1.3 1.55 27.99 29.54 OK
r-patched-solaris-x86 0.1.3 57.70 WARN
r-release-linux-x86_64 0.1.3 1.00 26.67 27.67 OK
r-release-windows-ix86+x86_64 0.1.3 3.00 61.00 64.00 OK
r-release-osx-x86_64 0.1.3 WARN
r-oldrel-windows-ix86+x86_64 0.1.3 6.00 59.00 65.00 OK
r-oldrel-osx-x86_64 0.1.3 WARN

Check Details

Version: 0.1.3
Check: re-building of vignette outputs
Result: WARN
    Error(s) in re-building vignettes:
     ...
    --- re-building ‘geocode.Rmd’ using rmarkdown
    Warning in engine$weave(file, quiet = quiet, encoding = enc) :
     Pandoc (>= 1.12.3) and/or pandoc-citeproc not available. Falling back to R Markdown v1.
    Quitting from lines 127-133 (geocode.Rmd)
    Error: processing vignette 'geocode.Rmd' failed with diagnostics:
    there is no package called 'webshot'
    --- failed re-building ‘geocode.Rmd’
    
    SUMMARY: processing the following file failed:
     ‘geocode.Rmd’
    
    Error: Vignette re-building failed.
    Execution halted
Flavor: r-patched-solaris-x86

Version: 0.1.3
Check: re-building of vignette outputs
Result: WARN
    Error in re-building vignettes:
     ...
    Warning in engine$weave(file, quiet = quiet, encoding = enc) :
     Pandoc (>= 1.12.3) and/or pandoc-citeproc not available. Falling back to R Markdown v1.
    Quitting from lines 127-133 (geocode.Rmd)
    Error: processing vignette 'geocode.Rmd' failed with diagnostics:
    cannot open the connection
    Execution halted
Flavors: r-release-osx-x86_64, r-oldrel-osx-x86_64