CRAN Package Check Results for Package nlme

Last updated on 2017-03-24 06:48:24.

Flavor Version Tinstall Tcheck Ttotal Status Flags
r-devel-linux-x86_64-debian-clang 3.1-131 18.61 134.61 153.23 OK
r-devel-linux-x86_64-debian-gcc 3.1-131 18.96 133.56 152.52 OK
r-devel-linux-x86_64-fedora-clang 3.1-131 298.00 OK --no-stop-on-test-error
r-devel-linux-x86_64-fedora-gcc 3.1-131 290.55 OK --no-stop-on-test-error
r-devel-macos-x86_64-clang 3.1-131 231.03 OK --no-stop-on-test-error
r-devel-windows-ix86+x86_64 3.1-131 49.00 373.00 422.00 OK
r-patched-linux-x86_64 3.1-131 15.52 131.48 147.00 OK
r-patched-solaris-sparc 3.1-131 OK
r-patched-solaris-x86 3.1-131 ERROR
r-release-linux-x86_64 3.1-131 17.01 132.29 149.29 OK
r-release-osx-x86_64-mavericks 3.1-131 OK
r-release-windows-ix86+x86_64 3.1-131 61.00 315.00 376.00 OK
r-oldrel-windows-ix86+x86_64 3.1-131 68.00 442.00 510.00 OK

Check Details

Version: 3.1-131
Check: tests
Result: ERROR
     Running ‘anova.gls.R’
     Running ‘augPred_lab.R’ [45s/48s]
     Running ‘augPredmissing.R’
     Running ‘coef.R’
     Comparing ‘coef.Rout’ to ‘coef.Rout.save’ ... OK
     Running ‘contrMat.R’
     Running ‘data.frame.R’
     Running ‘deparse.R’
     Running ‘deviance.R’
     Running ‘fitted.R’
     Running ‘getData.R’
     Running ‘gls.R’
     Running ‘lmList.R’
     Running ‘lme.R’
     Comparing ‘lme.Rout’ to ‘lme.Rout.save’ ... OK
     Running ‘missing.R’
     Comparing ‘missing.Rout’ to ‘missing.Rout.save’ ... OK
     Running ‘nlme.R’
     Running ‘nlme2.R’
     Running ‘predict.lme.R’
     Running ‘sigma-fixed-etc.R’ [36s/36s]
    Running the tests in ‘tests/sigma-fixed-etc.R’ failed.
    Last 13 lines of output:
     > ##------------------------------------------------------ REML ---
     > method <- "REML"
     > cat("\nFixed sigma= ",sigma," estimation method ", method,"\n")
    
     Fixed sigma= 1 estimation method REML
     > t7.fix.REML.lme <- lme( current ~voltage + I(voltage^2), data = Wafer,
     + random = list(Wafer = pdDiag(~voltage + I(voltage^2)),
     + Site = pdDiag(~voltage + I(voltage^2)) ),
     + control = lmeControl(sigma = 1),
     + method = method)
     Error in lme.formula(current ~ voltage + I(voltage^2), data = Wafer, random = list(Wafer = pdDiag(~voltage + :
     nlminb problem, convergence error code = 1
     message = false convergence (8)
     Calls: lme -> lme.formula
     Execution halted
Flavor: r-patched-solaris-x86