CRAN Package Check Results for Package nlme

Last updated on 2014-04-24 19:54:03.

Flavor Version Tinstall Tcheck Ttotal Status Flags
r-devel-linux-x86_64-debian-clang 3.1-117 19.14 113.12 132.26 OK
r-devel-linux-x86_64-debian-gcc 3.1-117 18.16 111.21 129.37 OK
r-devel-linux-x86_64-fedora-clang 3.1-117 260.98 OK
r-devel-linux-x86_64-fedora-gcc 3.1-117 252.50 OK
r-devel-osx-x86_64-clang 3.1-117 200.99 OK
r-devel-osx-x86_64-gcc 3.1-117 NOTE
r-patched-linux-x86_64 3.1-117 18.18 110.77 128.95 OK
r-patched-solaris-sparc 3.1-117 OK
r-patched-solaris-x86 3.1-117 OK
r-release-linux-ix86 3.1-117 26.00 167.00 193.00 OK
r-release-linux-x86_64 3.1-117 18.36 113.94 132.30 OK
r-release-osx-x86_64-mavericks 3.1-117 WARN
r-release-osx-x86_64-snowleopard 3.1-117 OK
r-release-windows-ix86+x86_64 3.1-117 42.00 215.00 257.00 OK
r-oldrel-windows-ix86+x86_64 3.1-117 46.00 200.00 246.00 ERROR

Check Details

Version: 3.1-117
Check: package dependencies
Result: NOTE
    Package suggested but not available for checking: ‘Hmisc’
Flavor: r-devel-osx-x86_64-gcc

Version: 3.1-117
Check: PDF version of manual
Result: WARNING
    LaTeX errors when creating PDF version.
    This typically indicates Rd problems.
    LaTeX errors found:
    ! LaTeX Error: File `upquote.sty' not found.
    
    Type X to quit or <RETURN> to proceed,
    or enter new name. (Default extension: sty)
    
    b575876/Rd2.tex:8: ==> Fatal error occurred, no output PDF file produced!
Flavor: r-release-osx-x86_64-mavericks