CRAN Package Check Results for Package nlme

Last updated on 2015-05-27 15:47:02.

Flavor Version Tinstall Tcheck Ttotal Status Flags
r-devel-linux-x86_64-debian-clang 3.1-120 15.68 109.42 125.10 OK
r-devel-linux-x86_64-debian-gcc 3.1-120 15.59 105.38 120.97 OK
r-devel-linux-x86_64-fedora-clang 3.1-120 240.01 OK
r-devel-linux-x86_64-fedora-gcc 3.1-120 223.29 OK
r-devel-osx-x86_64-clang 3.1-120 204.48 OK
r-patched-linux-x86_64 3.1-120 16.82 103.53 120.35 OK
r-patched-solaris-sparc 3.1-120 OK
r-patched-solaris-x86 3.1-120 OK
r-release-linux-x86_64 3.1-120 17.30 103.40 120.70 OK
r-release-osx-x86_64-mavericks 3.1-120 OK
r-release-osx-x86_64-snowleopard 3.1-120 NOTE
r-release-windows-ix86+x86_64 3.1-120 47.00 222.00 269.00 OK
r-oldrel-windows-ix86+x86_64 3.1-120 42.00 210.00 252.00 OK

Check Details

Version: 3.1-120
Check: package dependencies
Result: NOTE
    Package suggested but not available for checking: ‘Hmisc’
Flavor: r-release-osx-x86_64-snowleopard