CRAN Package Check Results for Package nlme

Last updated on 2017-01-17 11:50:29.

Flavor Version Tinstall Tcheck Ttotal Status Flags
r-devel-linux-x86_64-debian-clang 3.1-128 17.63 138.19 155.82 OK
r-devel-linux-x86_64-debian-gcc 3.1-128 19.09 134.33 153.42 OK
r-devel-linux-x86_64-fedora-clang 3.1-128 293.42 OK --no-stop-on-test-error
r-devel-linux-x86_64-fedora-gcc 3.1-128 285.01 OK --no-stop-on-test-error
r-devel-macos-x86_64-clang 3.1-128 229.25 OK --no-stop-on-test-error
r-devel-windows-ix86+x86_64 3.1-128 58.00 316.00 374.00 OK
r-patched-linux-x86_64 3.1-128 17.45 136.62 154.08 OK
r-patched-solaris-sparc 3.1-128 ERROR
r-patched-solaris-x86 3.1-128 OK
r-release-linux-x86_64 3.1-128 15.32 136.44 151.76 OK
r-release-osx-x86_64-mavericks 3.1-128 OK
r-release-windows-ix86+x86_64 3.1-128 53.00 441.00 494.00 OK
r-oldrel-windows-ix86+x86_64 3.1-128 49.00 446.00 495.00 OK

Check Details

Version: 3.1-128
Check: tests
Result: ERROR
     Running ‘anova.gls.R’
     Running ‘augPred_lab.R’ [261s/261s]
     Running ‘augPredmissing.R’
     Running ‘coef.R’
     Comparing ‘coef.Rout’ to ‘coef.Rout.save’ ... OK
     Running ‘contrMat.R’
     Running ‘data.frame.R’
     Running ‘deparse.R’
     Running ‘fitted.R’
     Running ‘getData.R’
     Running ‘gls.R’
     Running ‘lmList.R’
     Running ‘lme.R’ [31s/31s]
     Comparing ‘lme.Rout’ to ‘lme.Rout.save’ ... OK
     Running ‘missing.R’
     Comparing ‘missing.Rout’ to ‘missing.Rout.save’ ... OK
     Running ‘nlme.R’
     Running ‘nlme2.R’ [13s/13s]
     Running ‘predict.lme.R’
     Running ‘sigma-fixed-etc.R’ [134s/138s]
    Running the tests in ‘tests/sigma-fixed-etc.R’ failed.
    Last 13 lines of output:
     + all.equal(fixef(t6.fix.ML.lme),
     + c("(Intercept)"= 24.009565, "I(age - 11)"= 0.64760432), tol= 1e-7)
     + ,
     + all.equal(sM6$tTable[,"Std.Error"],
     + c("(Intercept)"= 0.426561, "I(age - 11)"= 0.066832), tol = 5e-5)
     + ,
     + all.equal(aM6[,"F-value"], c(3162.47, 93.8969), tol = 5e-5)
     + ,
     + all.equal(iM6$varStruct["Female",],
     + c(lower = 0.51230063,
     + est. = 0.65065925,
     + upper = 0.82638482), tol = 5e-5)
     + )
     Error: all.equal(iM6$varStruct["Female", ], c(lower = 0.51230063, est. = 0.65065925, .... is not TRUE
     Execution halted
Flavor: r-patched-solaris-sparc