CRAN Package Check Results for Package nlme

Last updated on 2017-04-28 06:48:55.

Flavor Version Tinstall Tcheck Ttotal Status Flags
r-devel-linux-x86_64-debian-clang 3.1-131 19.37 137.69 157.06 OK
r-devel-linux-x86_64-debian-gcc 3.1-131 17.49 134.72 152.21 OK
r-devel-linux-x86_64-fedora-clang 3.1-131 303.11 OK --no-stop-on-test-error
r-devel-linux-x86_64-fedora-gcc 3.1-131 292.12 OK --no-stop-on-test-error
r-devel-windows-ix86+x86_64 3.1-131 47.00 438.00 485.00 OK
r-patched-linux-x86_64 3.1-131 17.67 134.90 152.57 OK
r-patched-solaris-sparc 3.1-131 OK
r-patched-solaris-x86 3.1-131 ERROR
r-release-linux-x86_64 3.1-131 17.45 136.10 153.55 OK
r-release-windows-ix86+x86_64 3.1-131 57.00 420.00 477.00 OK
r-release-osx-x86_64 3.1-131 OK
r-oldrel-windows-ix86+x86_64 3.1-131 65.00 324.00 389.00 OK
r-oldrel-osx-x86_64 3.1-131 OK

Check Details

Version: 3.1-131
Check: tests
Result: ERROR
     Running ‘anova.gls.R’
     Running ‘augPred_lab.R’ [46s/52s]
     Running ‘augPredmissing.R’
     Running ‘coef.R’
     Comparing ‘coef.Rout’ to ‘coef.Rout.save’ ... OK
     Running ‘contrMat.R’
     Running ‘data.frame.R’
     Running ‘deparse.R’
     Running ‘deviance.R’
     Running ‘fitted.R’
     Running ‘getData.R’
     Running ‘gls.R’
     Running ‘lmList.R’
     Running ‘lme.R’
     Comparing ‘lme.Rout’ to ‘lme.Rout.save’ ... OK
     Running ‘missing.R’
     Comparing ‘missing.Rout’ to ‘missing.Rout.save’ ... OK
     Running ‘nlme.R’
     Running ‘nlme2.R’
     Running ‘predict.lme.R’
     Running ‘sigma-fixed-etc.R’ [37s/37s]
    Running the tests in ‘tests/sigma-fixed-etc.R’ failed.
    Last 13 lines of output:
     > ##------------------------------------------------------ REML ---
     > method <- "REML"
     > cat("\nFixed sigma= ",sigma," estimation method ", method,"\n")
    
     Fixed sigma= 1 estimation method REML
     > t7.fix.REML.lme <- lme( current ~voltage + I(voltage^2), data = Wafer,
     + random = list(Wafer = pdDiag(~voltage + I(voltage^2)),
     + Site = pdDiag(~voltage + I(voltage^2)) ),
     + control = lmeControl(sigma = 1),
     + method = method)
     Error in lme.formula(current ~ voltage + I(voltage^2), data = Wafer, random = list(Wafer = pdDiag(~voltage + :
     nlminb problem, convergence error code = 1
     message = false convergence (8)
     Calls: lme -> lme.formula
     Execution halted
Flavor: r-patched-solaris-x86