CRAN Package Check Results for Package nlme

Last updated on 2016-08-27 12:47:36.

Flavor Version Tinstall Tcheck Ttotal Status Flags
r-devel-linux-x86_64-debian-clang 3.1-128 15.83 135.59 151.42 OK
r-devel-linux-x86_64-debian-gcc 3.1-128 21.12 179.17 200.29 OK
r-devel-linux-x86_64-fedora-clang 3.1-128 278.05 OK
r-devel-linux-x86_64-fedora-gcc 3.1-128 266.89 OK
r-devel-osx-x86_64-clang 3.1-128 227.77 OK
r-devel-windows-ix86+x86_64 3.1-128 55.00 300.00 355.00 OK
r-patched-linux-x86_64 3.1-128 16.38 132.60 148.98 OK
r-patched-solaris-sparc 3.1-128 ERROR
r-patched-solaris-x86 3.1-128 OK
r-release-linux-x86_64 3.1-128 17.20 137.29 154.49 OK
r-release-osx-x86_64-mavericks 3.1-128 OK
r-release-windows-ix86+x86_64 3.1-128 55.00 324.00 379.00 OK
r-oldrel-windows-ix86+x86_64 3.1-128 44.00 288.00 332.00 OK

Check Details

Version: 3.1-128
Check: tests
Result: ERROR
    Running the tests in ‘tests/sigma-fixed-etc.R’ failed.
    Last 13 lines of output:
     + ,
     + all.equal(sM6$tTable[,"Std.Error"],
     + c("(Intercept)"= 0.426561, "I(age - 11)"= 0.066832), tol = 5e-5)
     + ,
     + all.equal(aM6[,"F-value"], c(3162.47, 93.8969), tol = 5e-5)
     + ,
     + all.equal(iM6$varStruct["Female",],
     + c(lower = 0.51230063,
     + est. = 0.65065925,
     + upper = 0.82638482), tol = 5e-5)
     + )
     Error: all.equal(iM6$varStruct["Female", ], c(lower = 0.51230063, est. = 0.65065925, .... is not TRUE
     Execution halted
Flavor: r-patched-solaris-sparc