CRAN Package Check Results for Package nlme

Last updated on 2016-12-08 18:47:11.

Flavor Version Tinstall Tcheck Ttotal Status Flags
r-devel-linux-x86_64-debian-clang 3.1-128 17.57 141.21 158.78 OK
r-devel-linux-x86_64-debian-gcc 3.1-128 17.64 139.24 156.88 OK
r-devel-linux-x86_64-fedora-clang 3.1-128 298.61 OK --no-stop-on-test-error
r-devel-linux-x86_64-fedora-gcc 3.1-128 290.80 OK --no-stop-on-test-error
r-devel-macos-x86_64-clang 3.1-128 232.02 OK --no-stop-on-test-error
r-devel-windows-ix86+x86_64 3.1-128 38.00 291.00 329.00 OK
r-patched-linux-x86_64 3.1-128 15.85 134.10 149.94 OK
r-patched-solaris-sparc 3.1-128 ERROR
r-patched-solaris-x86 3.1-128 OK
r-release-linux-x86_64 3.1-128 15.57 135.91 151.48 OK
r-release-osx-x86_64-mavericks 3.1-128 OK
r-release-windows-ix86+x86_64 3.1-128 37.00 293.00 330.00 OK
r-oldrel-windows-ix86+x86_64 3.1-128 81.00 326.00 407.00 OK

Check Details

Version: 3.1-128
Check: tests
Result: ERROR
     Running ‘anova.gls.R’
     Running ‘augPred_lab.R’ [256s/256s]
     Running ‘augPredmissing.R’
     Running ‘coef.R’
     Comparing ‘coef.Rout’ to ‘coef.Rout.save’ ... OK
     Running ‘contrMat.R’
     Running ‘data.frame.R’
     Running ‘deparse.R’
     Running ‘fitted.R’
     Running ‘getData.R’
     Running ‘gls.R’
     Running ‘lmList.R’
     Running ‘lme.R’ [29s/29s]
     Comparing ‘lme.Rout’ to ‘lme.Rout.save’ ... OK
     Running ‘missing.R’
     Comparing ‘missing.Rout’ to ‘missing.Rout.save’ ... OK
     Running ‘nlme.R’
     Running ‘nlme2.R’ [12s/12s]
     Running ‘predict.lme.R’
     Running ‘sigma-fixed-etc.R’ [131s/131s]
    Running the tests in ‘tests/sigma-fixed-etc.R’ failed.
    Last 13 lines of output:
     + ,
     + all.equal(sM6$tTable[,"Std.Error"],
     + c("(Intercept)"= 0.426561, "I(age - 11)"= 0.066832), tol = 5e-5)
     + ,
     + all.equal(aM6[,"F-value"], c(3162.47, 93.8969), tol = 5e-5)
     + ,
     + all.equal(iM6$varStruct["Female",],
     + c(lower = 0.51230063,
     + est. = 0.65065925,
     + upper = 0.82638482), tol = 5e-5)
     + )
     Error: all.equal(iM6$varStruct["Female", ], c(lower = 0.51230063, est. = 0.65065925, .... is not TRUE
     Execution halted
Flavor: r-patched-solaris-sparc