CRAN Package Check Results for Package nlme

Last updated on 2015-01-30 03:49:08.

Flavor Version Tinstall Tcheck Ttotal Status Flags
r-devel-linux-x86_64-debian-clang 3.1-119 16.05 105.18 121.24 NOTE
r-devel-linux-x86_64-debian-gcc 3.1-119 16.20 103.74 119.94 NOTE
r-devel-linux-x86_64-fedora-clang 3.1-119 245.54 NOTE
r-devel-linux-x86_64-fedora-gcc 3.1-119 238.08 NOTE
r-devel-osx-x86_64-clang 3.1-119 220.32 NOTE
r-patched-linux-x86_64 3.1-119 19.00 119.24 138.23 OK
r-patched-solaris-sparc 3.1-119 OK
r-patched-solaris-x86 3.1-119 OK
r-release-linux-ix86 3.1-119 20.18 131.13 151.31 OK
r-release-linux-x86_64 3.1-119 18.59 123.43 142.02 OK
r-release-osx-x86_64-mavericks 3.1-119 OK
r-release-osx-x86_64-snowleopard 3.1-119 OK
r-release-windows-ix86+x86_64 3.1-119 42.00 235.00 277.00 OK
r-oldrel-windows-ix86+x86_64 3.1-119 43.00 238.00 281.00 OK

Check Details

Version: 3.1-119
Check: S3 generic/method consistency
Result: NOTE
    Found the following apparent S3 methods exported but not registered:
     simulate.lme
    See section ‘Registering S3 methods’ in the ‘Writing R Extensions’
    manual.
Flavors: r-devel-linux-x86_64-debian-clang, r-devel-linux-x86_64-debian-gcc, r-devel-linux-x86_64-fedora-clang, r-devel-linux-x86_64-fedora-gcc, r-devel-osx-x86_64-clang