CRAN Package Check Results for Package nlme

Last updated on 2016-09-29 02:49:51.

Flavor Version Tinstall Tcheck Ttotal Status Flags
r-devel-linux-x86_64-debian-clang 3.1-128 16.42 137.41 153.83 OK
r-devel-linux-x86_64-debian-gcc 3.1-128 16.60 133.68 150.28 OK
r-devel-linux-x86_64-fedora-clang 3.1-128 279.95 OK
r-devel-linux-x86_64-fedora-gcc 3.1-128 266.30 OK
r-devel-macos-x86_64-clang 3.1-128 221.11 OK
r-devel-windows-ix86+x86_64 3.1-128 38.00 397.00 435.00 OK
r-patched-linux-x86_64 3.1-128 16.69 134.71 151.41 OK
r-patched-solaris-sparc 3.1-128 ERROR
r-patched-solaris-x86 3.1-128 OK
r-release-linux-x86_64 3.1-128 15.31 136.38 151.69 OK
r-release-osx-x86_64-mavericks 3.1-128 OK
r-release-windows-ix86+x86_64 3.1-128 52.00 403.00 455.00 OK
r-oldrel-windows-ix86+x86_64 3.1-128 64.00 402.00 466.00 OK

Check Details

Version: 3.1-128
Check: tests
Result: ERROR
    Running the tests in ‘tests/sigma-fixed-etc.R’ failed.
    Last 13 lines of output:
     + ,
     + all.equal(sM6$tTable[,"Std.Error"],
     + c("(Intercept)"= 0.426561, "I(age - 11)"= 0.066832), tol = 5e-5)
     + ,
     + all.equal(aM6[,"F-value"], c(3162.47, 93.8969), tol = 5e-5)
     + ,
     + all.equal(iM6$varStruct["Female",],
     + c(lower = 0.51230063,
     + est. = 0.65065925,
     + upper = 0.82638482), tol = 5e-5)
     + )
     Error: all.equal(iM6$varStruct["Female", ], c(lower = 0.51230063, est. = 0.65065925, .... is not TRUE
     Execution halted
Flavor: r-patched-solaris-sparc