CRAN Package Check Results for Package nlme

Last updated on 2017-10-17 00:51:51.

Flavor Version Tinstall Tcheck Ttotal Status Flags
r-devel-linux-x86_64-debian-clang 3.1-131 16.93 141.18 158.10 OK
r-devel-linux-x86_64-debian-gcc 3.1-131 19.03 143.86 162.89 OK
r-devel-linux-x86_64-fedora-clang 3.1-131 296.66 OK
r-devel-linux-x86_64-fedora-gcc 3.1-131 295.11 OK
r-devel-windows-ix86+x86_64 3.1-131 46.00 358.00 404.00 OK
r-patched-linux-x86_64 3.1-131 18.37 133.41 151.79 OK
r-patched-solaris-x86 3.1-131 ERROR
r-release-linux-x86_64 3.1-131 17.83 133.27 151.11 OK
r-release-windows-ix86+x86_64 3.1-131 67.00 301.00 368.00 OK
r-release-osx-x86_64 3.1-131 OK
r-oldrel-windows-ix86+x86_64 3.1-131 58.00 429.00 487.00 OK
r-oldrel-osx-x86_64 3.1-131 OK

Check Details

Version: 3.1-131
Check: tests
Result: ERROR
     Running ‘anova.gls.R’
     Running ‘augPred_lab.R’ [47s/74s]
     Running ‘augPredmissing.R’
     Running ‘coef.R’
     Comparing ‘coef.Rout’ to ‘coef.Rout.save’ ... OK
     Running ‘contrMat.R’
     Running ‘data.frame.R’
     Running ‘deparse.R’
     Running ‘deviance.R’
     Running ‘fitted.R’
     Running ‘getData.R’
     Running ‘gls.R’
     Running ‘lmList.R’
     Running ‘lme.R’
     Comparing ‘lme.Rout’ to ‘lme.Rout.save’ ... OK
     Running ‘missing.R’
     Comparing ‘missing.Rout’ to ‘missing.Rout.save’ ... OK
     Running ‘nlme.R’
     Running ‘nlme2.R’
     Running ‘predict.lme.R’
     Running ‘sigma-fixed-etc.R’ [38s/49s]
    Running the tests in ‘tests/sigma-fixed-etc.R’ failed.
    Last 13 lines of output:
     > ##------------------------------------------------------ REML ---
     > method <- "REML"
     > cat("\nFixed sigma= ",sigma," estimation method ", method,"\n")
    
     Fixed sigma= 1 estimation method REML
     > t7.fix.REML.lme <- lme( current ~voltage + I(voltage^2), data = Wafer,
     + random = list(Wafer = pdDiag(~voltage + I(voltage^2)),
     + Site = pdDiag(~voltage + I(voltage^2)) ),
     + control = lmeControl(sigma = 1),
     + method = method)
     Error in lme.formula(current ~ voltage + I(voltage^2), data = Wafer, random = list(Wafer = pdDiag(~voltage + :
     nlminb problem, convergence error code = 1
     message = false convergence (8)
     Calls: lme -> lme.formula
     Execution halted
Flavor: r-patched-solaris-x86