CRAN Package Check Results for Package nlme

Last updated on 2016-07-26 07:47:13.

Flavor Version Tinstall Tcheck Ttotal Status Flags
r-devel-linux-x86_64-debian-clang 3.1-128 20.05 153.62 173.67 OK
r-devel-linux-x86_64-debian-gcc 3.1-128 18.17 149.13 167.30 OK
r-devel-linux-x86_64-fedora-clang 3.1-128 269.89 OK
r-devel-linux-x86_64-fedora-gcc 3.1-128 267.27 OK
r-devel-osx-x86_64-clang 3.1-128 227.26 OK
r-devel-windows-ix86+x86_64 3.1-128 50.00 394.00 444.00 OK
r-patched-linux-x86_64 3.1-128 18.94 151.07 170.01 OK
r-patched-solaris-sparc 3.1-128 ERROR
r-patched-solaris-x86 3.1-128 OK
r-release-linux-x86_64 3.1-128 19.32 150.80 170.12 OK
r-release-osx-x86_64-mavericks 3.1-128 OK
r-release-windows-ix86+x86_64 3.1-128 49.00 394.00 443.00 OK
r-oldrel-windows-ix86+x86_64 3.1-128 58.00 402.00 460.00 OK

Check Details

Version: 3.1-128
Check: tests
Result: ERROR
    Running the tests in ‘tests/sigma-fixed-etc.R’ failed.
    Last 13 lines of output:
     + ,
     + all.equal(sM6$tTable[,"Std.Error"],
     + c("(Intercept)"= 0.426561, "I(age - 11)"= 0.066832), tol = 5e-5)
     + ,
     + all.equal(aM6[,"F-value"], c(3162.47, 93.8969), tol = 5e-5)
     + ,
     + all.equal(iM6$varStruct["Female",],
     + c(lower = 0.51230063,
     + est. = 0.65065925,
     + upper = 0.82638482), tol = 5e-5)
     + )
     Error: all.equal(iM6$varStruct["Female", ], c(lower = 0.51230063, est. = 0.65065925, .... is not TRUE
     Execution halted
Flavor: r-patched-solaris-sparc