CRAN Package Check Results for Package nlmeU

Last updated on 2015-02-28 12:51:18.

Flavor Version Tinstall Tcheck Ttotal Status Flags
r-devel-linux-x86_64-debian-clang 0.70-3 0.90 16.04 16.94 NOTE
r-devel-linux-x86_64-debian-gcc 0.70-3 0.87 15.52 16.40 NOTE
r-devel-linux-x86_64-fedora-clang 0.70-3 31.95 NOTE
r-devel-linux-x86_64-fedora-gcc 0.70-3 30.70 NOTE
r-devel-osx-x86_64-clang 0.70-3 34.79 NOTE
r-devel-windows-ix86+x86_64 0.70-3 6.00 25.00 31.00 NOTE
r-patched-linux-x86_64 0.70-3 1.13 17.93 19.06 OK
r-patched-solaris-sparc 0.70-3 209.10 OK
r-patched-solaris-x86 0.70-3 53.90 OK
r-release-linux-ix86 0.70-3 1.50 25.40 26.91 OK
r-release-linux-x86_64 0.70-3 1.10 17.50 18.60 OK
r-release-osx-x86_64-mavericks 0.70-3 OK
r-release-osx-x86_64-snowleopard 0.70-3 OK
r-release-windows-ix86+x86_64 0.70-3 4.00 29.00 33.00 OK
r-oldrel-windows-ix86+x86_64 0.70-3 4.00 30.00 34.00 OK

Check Details

Version: 0.70-3
Check: DESCRIPTION meta-information
Result: NOTE
    Malformed Title field: should not end in a period.
Flavors: r-devel-linux-x86_64-debian-clang, r-devel-linux-x86_64-debian-gcc, r-devel-linux-x86_64-fedora-clang, r-devel-linux-x86_64-fedora-gcc, r-devel-osx-x86_64-clang, r-devel-windows-ix86+x86_64