CRAN Package Check Results for Package nlmeU

Last updated on 2015-09-01 16:49:32.

Flavor Version Tinstall Tcheck Ttotal Status Flags
r-devel-linux-x86_64-debian-clang 0.70-3 0.85 14.76 15.60 NOTE
r-devel-linux-x86_64-debian-gcc 0.70-3 1.12 15.54 16.67 NOTE
r-devel-linux-x86_64-fedora-clang 0.70-3 32.32 NOTE
r-devel-linux-x86_64-fedora-gcc 0.70-3 30.05 NOTE
r-devel-osx-x86_64-clang 0.70-3 29.92 NOTE
r-devel-windows-ix86+x86_64 0.70-3 8.00 32.00 40.00 NOTE
r-patched-linux-x86_64 0.70-3 0.92 15.69 16.61 NOTE
r-patched-solaris-sparc 0.70-3 203.70 NOTE
r-patched-solaris-x86 0.70-3 50.90 NOTE
r-release-linux-x86_64 0.70-3 0.93 16.97 17.90 NOTE
r-release-osx-x86_64-mavericks 0.70-3 NOTE
r-release-windows-ix86+x86_64 0.70-3 6.00 43.00 49.00 NOTE
r-oldrel-windows-ix86+x86_64 0.70-3 7.00 36.00 43.00 OK

Check Details

Version: 0.70-3
Check: DESCRIPTION meta-information
Result: NOTE
    Malformed Title field: should not end in a period.
Flavors: r-devel-linux-x86_64-debian-clang, r-devel-linux-x86_64-debian-gcc, r-devel-linux-x86_64-fedora-clang, r-devel-linux-x86_64-fedora-gcc, r-devel-osx-x86_64-clang, r-devel-windows-ix86+x86_64, r-patched-linux-x86_64, r-patched-solaris-sparc, r-patched-solaris-x86, r-release-linux-x86_64, r-release-osx-x86_64-mavericks, r-release-windows-ix86+x86_64

Version: 0.70-3
Check: R code for possible problems
Result: NOTE
    Pwr.lme: no visible global function definition for ‘anova’
    Pwr.lme: no visible global function definition for ‘qf’
    Pwr.lme: no visible global function definition for ‘pf’
    logLik1.lme: no visible global function definition for ‘coef’
    logLik1.lme: no visible global function definition for ‘model.matrix’
    logLik1.lme: no visible global function definition for ‘predict’
    logLik1.lme: no visible global function definition for ‘formula’
    runScript: no visible binding for global variable ‘example’
    sigmaTolme: no visible global function definition for ‘vcov’
    simulateY.lme: no visible global function definition for ‘runif’
    simulateY.lme: no visible global function definition for ‘fitted’
    simulateY.lme: no visible global function definition for ‘rnorm’
    Undefined global functions or variables:
     anova coef example fitted formula model.matrix pf predict qf rnorm
     runif vcov
    Consider adding
     importFrom("stats", "anova", "coef", "fitted", "formula",
     "model.matrix", "pf", "predict", "qf", "rnorm", "runif",
     "vcov")
     importFrom("utils", "example")
    to your NAMESPACE.
Flavors: r-devel-linux-x86_64-debian-clang, r-devel-linux-x86_64-debian-gcc, r-devel-linux-x86_64-fedora-clang, r-devel-linux-x86_64-fedora-gcc, r-devel-windows-ix86+x86_64