CRAN Package Check Results for Package nlmeU

Last updated on 2015-04-01 23:49:19.

Flavor Version Tinstall Tcheck Ttotal Status Flags
r-devel-linux-x86_64-debian-clang 0.70-3 0.87 15.65 16.52 NOTE
r-devel-linux-x86_64-debian-gcc 0.70-3 0.87 15.24 16.11 NOTE
r-devel-linux-x86_64-fedora-clang 0.70-3 32.01 NOTE
r-devel-linux-x86_64-fedora-gcc 0.70-3 33.58 NOTE
r-devel-osx-x86_64-clang 0.70-3 38.48 NOTE
r-prerel-windows-ix86+x86_64 0.70-3 6.00 25.00 31.00 NOTE
r-prerel-linux-x86_64 0.70-3 0.88 15.73 16.60 NOTE
r-prerel-solaris-sparc 0.70-3 207.10 NOTE
r-prerel-solaris-x86 0.70-3 46.50 NOTE
r-release-linux-x86_64 0.70-3 1.10 18.01 19.10 OK
r-release-osx-x86_64-mavericks 0.70-3 OK
r-release-osx-x86_64-snowleopard 0.70-3 OK
r-release-windows-ix86+x86_64 0.70-3 5.00 29.00 34.00 OK
r-oldrel-windows-ix86+x86_64 0.70-3 5.00 31.00 36.00 OK

Check Details

Version: 0.70-3
Check: DESCRIPTION meta-information
Result: NOTE
    Malformed Title field: should not end in a period.
Flavors: r-devel-linux-x86_64-debian-clang, r-devel-linux-x86_64-debian-gcc, r-devel-linux-x86_64-fedora-clang, r-devel-linux-x86_64-fedora-gcc, r-devel-osx-x86_64-clang, r-prerel-windows-ix86+x86_64, r-prerel-linux-x86_64, r-prerel-solaris-sparc, r-prerel-solaris-x86