CRAN Package Check Results for Package nlmeU

Last updated on 2014-04-24 15:50:42.

Flavor Version Tinstall Tcheck Ttotal Status Flags
r-devel-linux-x86_64-debian-clang 0.70-3 1.21 18.34 19.55 OK
r-devel-linux-x86_64-debian-gcc 0.70-3 1.14 18.89 20.03 OK
r-devel-linux-x86_64-fedora-clang 0.70-3 36.47 OK
r-devel-linux-x86_64-fedora-gcc 0.70-3 35.78 OK
r-devel-osx-x86_64-clang 0.70-3 38.39 OK
r-devel-osx-x86_64-gcc 0.70-3 OK
r-devel-windows-ix86+x86_64 0.70-3 4.00 28.00 32.00 OK
r-patched-linux-x86_64 0.70-3 1.13 18.29 19.42 OK
r-patched-solaris-sparc 0.70-3 212.40 OK
r-patched-solaris-x86 0.70-3 52.40 OK
r-release-linux-ix86 0.70-3 2.00 37.00 39.00 OK
r-release-linux-x86_64 0.70-3 1.21 18.36 19.56 OK
r-release-osx-x86_64-mavericks 0.70-3 WARN
r-release-osx-x86_64-snowleopard 0.70-3 OK
r-release-windows-ix86+x86_64 0.70-3 4.00 29.00 33.00 OK
r-oldrel-windows-ix86+x86_64 0.70-3 4.00 30.00 34.00 OK

Check Details

Version: 0.70-3
Check: PDF version of manual
Result: WARNING
    LaTeX errors when creating PDF version.
    This typically indicates Rd problems.
    LaTeX errors found:
    ! LaTeX Error: File `upquote.sty' not found.
    
    Type X to quit or <RETURN> to proceed,
    or enter new name. (Default extension: sty)
    
    5585a5/Rd2.tex:8: ==> Fatal error occurred, no output PDF file produced!
Flavor: r-release-osx-x86_64-mavericks