CRAN Package Check Results for Package nlmeU

Last updated on 2015-05-28 17:48:06.

Flavor Version Tinstall Tcheck Ttotal Status Flags
r-devel-linux-x86_64-debian-clang 0.70-3 0.87 15.88 16.75 NOTE
r-devel-linux-x86_64-debian-gcc 0.70-3 0.90 16.57 17.47 NOTE
r-devel-linux-x86_64-fedora-clang 0.70-3 33.06 NOTE
r-devel-linux-x86_64-fedora-gcc 0.70-3 33.68 NOTE
r-devel-osx-x86_64-clang 0.70-3 33.31 NOTE
r-devel-windows-ix86+x86_64 0.70-3 4.00 28.00 32.00 NOTE
r-patched-linux-x86_64 0.70-3 0.86 15.80 16.67 NOTE
r-patched-solaris-sparc 0.70-3 194.30 NOTE
r-patched-solaris-x86 0.70-3 48.80 NOTE
r-release-linux-x86_64 0.70-3 0.90 16.07 16.97 NOTE
r-release-osx-x86_64-mavericks 0.70-3 NOTE
r-release-osx-x86_64-snowleopard 0.70-3 NOTE
r-release-windows-ix86+x86_64 0.70-3 4.00 26.00 30.00 NOTE
r-oldrel-windows-ix86+x86_64 0.70-3 5.00 27.00 32.00 OK

Check Details

Version: 0.70-3
Check: DESCRIPTION meta-information
Result: NOTE
    Malformed Title field: should not end in a period.
Flavors: r-devel-linux-x86_64-debian-clang, r-devel-linux-x86_64-debian-gcc, r-devel-linux-x86_64-fedora-clang, r-devel-linux-x86_64-fedora-gcc, r-devel-osx-x86_64-clang, r-devel-windows-ix86+x86_64, r-patched-linux-x86_64, r-patched-solaris-sparc, r-patched-solaris-x86, r-release-linux-x86_64, r-release-osx-x86_64-mavericks, r-release-osx-x86_64-snowleopard, r-release-windows-ix86+x86_64