Last updated on 2023-03-24 00:51:36 CET.
Flavor | Version | Tinstall | Tcheck | Ttotal | Status | Flags |
---|---|---|---|---|---|---|
r-devel-linux-x86_64-debian-clang | 0.1.0 | 0.74 | 2.23 | 2.97 | ERROR | |
r-devel-linux-x86_64-debian-gcc | 0.1.0 | 0.59 | 1.73 | 2.32 | ERROR | |
r-devel-linux-x86_64-fedora-clang | 0.1.0 | 3.32 | ERROR | |||
r-devel-linux-x86_64-fedora-gcc | 0.1.0 | 3.46 | ERROR | |||
r-patched-linux-x86_64 | 0.1.0 | 0.45 | 3.22 | 3.67 | ERROR | |
r-release-linux-x86_64 | 0.1.0 | 0.49 | 3.06 | 3.55 | ERROR | |
r-release-macos-arm64 | 0.1.0 | 57.00 | OK | |||
r-release-macos-x86_64 | 0.1.0 | 85.00 | OK | |||
r-release-windows-x86_64 | 0.1.0 | 25.00 | 15.00 | 40.00 | ERROR | |
r-oldrel-macos-arm64 | 0.1.0 | 59.00 | OK | |||
r-oldrel-macos-x86_64 | 0.1.0 | 88.00 | OK | |||
r-oldrel-windows-ix86+x86_64 | 0.1.0 | 36.00 | 235.00 | 271.00 | NOTE |
Version: 0.1.0
Check: package dependencies
Result: ERROR
Packages required but not available:
'nlmixr2extra', 'rxode2', 'xpose.nlmixr2'
Package suggested but not available for checking: ‘nlmixr2’
See section ‘The DESCRIPTION file’ in the ‘Writing R Extensions’
manual.
Flavors: r-devel-linux-x86_64-debian-clang, r-devel-linux-x86_64-debian-gcc, r-devel-linux-x86_64-fedora-clang, r-devel-linux-x86_64-fedora-gcc, r-patched-linux-x86_64, r-release-linux-x86_64
Version: 0.1.0
Check: whether package can be installed
Result: ERROR
Installation failed.
Flavor: r-release-windows-x86_64
Version: 0.1.0
Check: R code for possible problems
Result: NOTE
Initiating curl with CURL_SSL_BACKEND: openssl
Flavor: r-oldrel-windows-ix86+x86_64