CRAN Package Check Results for Package nlmm

Last updated on 2020-08-11 12:50:07 CEST.

Flavor Version Tinstall Tcheck Ttotal Status Flags
r-devel-linux-x86_64-debian-clang 1.0.1 43.52 130.52 174.04 OK
r-devel-linux-x86_64-debian-gcc 1.0.1 0.33 1.75 2.08 ERROR
r-devel-linux-x86_64-fedora-clang 1.0.1 219.32 OK
r-devel-linux-x86_64-fedora-gcc 1.0.1 204.69 OK
r-devel-windows-ix86+x86_64 1.0.1 93.00 301.00 394.00 OK
r-patched-linux-x86_64 1.0.1 31.99 125.87 157.86 OK
r-patched-solaris-x86 1.0.1 286.10 OK
r-release-linux-x86_64 1.0.1 0.33 2.29 2.62 ERROR
r-release-macos-x86_64 1.0.1 OK
r-release-windows-ix86+x86_64 1.0.1 114.00 269.00 383.00 OK
r-oldrel-macos-x86_64 1.0.1 OK
r-oldrel-windows-ix86+x86_64 1.0.1 77.00 207.00 284.00 OK

Check Details

Version: 1.0.1
Check: package dependencies
Result: ERROR
    Package required but not available: ‘Qtools’
    
    See section ‘The DESCRIPTION file’ in the ‘Writing R Extensions’
    manual.
Flavors: r-devel-linux-x86_64-debian-gcc, r-release-linux-x86_64