CRAN Package Check Results for Package nlmrt

Last updated on 2024-07-14 09:51:18 CEST.

Flavor Version Tinstall Tcheck Ttotal Status Flags
r-devel-linux-x86_64-debian-clang 2016.3.2 2.91 47.11 50.02 NOTE
r-devel-linux-x86_64-debian-gcc 2016.3.2 2.59 34.69 37.28 NOTE
r-devel-linux-x86_64-fedora-clang 2016.3.2 64.80 NOTE
r-devel-linux-x86_64-fedora-gcc 2016.3.2 74.58 NOTE
r-devel-windows-x86_64 2016.3.2 4.00 71.00 75.00 OK
r-patched-linux-x86_64 2016.3.2 3.28 44.49 47.77 NOTE
r-release-linux-x86_64 2016.3.2 3.47 44.69 48.16 NOTE
r-release-macos-arm64 2016.3.2 28.00 NOTE
r-release-macos-x86_64 2016.3.2 45.00 NOTE
r-release-windows-x86_64 2016.3.2 6.00 72.00 78.00 OK
r-oldrel-macos-arm64 2016.3.2 30.00 OK
r-oldrel-macos-x86_64 2016.3.2 46.00 OK
r-oldrel-windows-x86_64 2016.3.2 5.00 72.00 77.00 OK

Check Details

Version: 2016.3.2
Check: package dependencies
Result: NOTE Packages suggested but not available for checking: 'Rvmmin', 'Rcgmin' Flavors: r-devel-linux-x86_64-debian-clang, r-devel-linux-x86_64-debian-gcc, r-devel-linux-x86_64-fedora-clang, r-devel-linux-x86_64-fedora-gcc, r-patched-linux-x86_64, r-release-linux-x86_64, r-release-macos-arm64, r-release-macos-x86_64