CRAN Package Check Results for Package nloptr

Last updated on 2017-07-23 14:47:08.

Flavor Version Tinstall Tcheck Ttotal Status Flags
r-devel-linux-x86_64-debian-clang 1.0.4 3.01 30.46 33.46 WARN
r-devel-linux-x86_64-debian-gcc 1.0.4 2.92 30.58 33.50 WARN
r-devel-linux-x86_64-fedora-clang 1.0.4 46.94 WARN
r-devel-linux-x86_64-fedora-gcc 1.0.4 45.37 WARN
r-devel-windows-ix86+x86_64 1.0.4 21.00 69.00 90.00 WARN
r-patched-linux-x86_64 1.0.4 2.72 30.92 33.63 WARN
r-patched-solaris-x86 1.0.4 207.40 WARN
r-release-linux-x86_64 1.0.4 2.74 30.31 33.04 NOTE
r-release-windows-ix86+x86_64 1.0.4 13.00 78.00 91.00 OK
r-release-osx-x86_64 1.0.4 OK
r-oldrel-windows-ix86+x86_64 1.0.4 12.00 86.00 98.00 OK
r-oldrel-osx-x86_64 1.0.4 OK

Additional issues

valgrind

Check Details

Version: 1.0.4
Check: line endings in shell scripts
Result: WARN
    Found the following shell script(s) with CR or CRLF line endings:
     cleanup
    Non-Windows OSes require LF line endings.
Flavors: r-devel-linux-x86_64-debian-clang, r-devel-linux-x86_64-debian-gcc, r-devel-linux-x86_64-fedora-clang, r-devel-linux-x86_64-fedora-gcc, r-devel-windows-ix86+x86_64, r-patched-linux-x86_64, r-patched-solaris-x86

Version: 1.0.4
Check: compiled code
Result: NOTE
    File ‘nloptr/libs/nloptr.so’:
     Found no calls to: ‘R_registerRoutines’, ‘R_useDynamicSymbols’
    
    It is good practice to register native routines and to disable symbol
    search.
    
    See ‘Writing portable packages’ in the ‘Writing R Extensions’ manual.
Flavors: r-devel-linux-x86_64-debian-clang, r-devel-linux-x86_64-debian-gcc, r-devel-linux-x86_64-fedora-clang, r-devel-linux-x86_64-fedora-gcc, r-patched-linux-x86_64, r-release-linux-x86_64