CRAN Package Check Results for Package nloptr

Last updated on 2014-12-19 10:48:35.

Flavor Version Tinstall Tcheck Ttotal Status Flags
r-devel-linux-x86_64-debian-clang 1.0.4 2.39 20.30 22.69 OK
r-devel-linux-x86_64-debian-gcc 1.0.4 2.49 19.24 21.73 OK
r-devel-linux-x86_64-fedora-clang 1.0.4 47.00 OK
r-devel-linux-x86_64-fedora-gcc 1.0.4 42.41 OK
r-devel-osx-x86_64-clang 1.0.4 123.46 OK
r-devel-windows-ix86+x86_64 1.0.4 10.00 86.00 96.00 OK
r-patched-linux-x86_64 1.0.4 2.38 19.71 22.08 OK
r-patched-solaris-sparc 1.0.4 485.10 ERROR
r-patched-solaris-x86 1.0.4 185.70 ERROR
r-release-linux-ix86 1.0.4 3.84 26.57 30.40 OK
r-release-linux-x86_64 1.0.4 2.37 19.69 22.06 OK
r-release-osx-x86_64-mavericks 1.0.4 OK
r-release-osx-x86_64-snowleopard 1.0.4 OK
r-release-windows-ix86+x86_64 1.0.4 10.00 75.00 85.00 ERROR
r-oldrel-windows-ix86+x86_64 1.0.4 9.00 90.00 99.00 OK

Memtest notes: valgrind

Check Details

Version: 1.0.4
Check: tests
Result: ERROR
    Running the tests in ‘tests/test-all.R’ failed.
    Last 13 lines of output:
     1. Failure(@test-example.R#101): Test NLopt tutorial example with NLOPT_LN_COBYLA with gradient information.
     res1$solution not equal to solution.opt
     Mean relative difference: 0.02598154
    
     2. Failure(@test-hs023.R#90): Test HS023. --------------------------------------
     res$solution not equal to solution.opt
     Mean relative difference: 2
    
     3. Failure(@test-hs023.R#95): Test HS023. --------------------------------------
     all(eval_g_ineq(res$solution)$constr <= res$options$tol_constraints_ineq) isn't true
    
     Error: Test failures
     Execution halted
Flavor: r-patched-solaris-sparc

Version: 1.0.4
Check: tests
Result: ERROR
    Running the tests in ‘tests/test-all.R’ failed.
    Last 13 lines of output:
     HS023 : ....
     HS071 : .....
     Simple polynomial with additional data. : ..
     Simple contstrained problem. : ....
     System of equations. : ....
    
    
     1. Failure(@test-example.R#101): Test NLopt tutorial example with NLOPT_LN_COBYLA with gradient information.
     res1$solution not equal to solution.opt
     Mean relative difference: 0.02598154
    
     Error: Test failures
     Execution halted
Flavor: r-patched-solaris-x86

Version: 1.0.4
Check: running tests for arch 'x64'
Result: ERROR
    Running the tests in 'tests/test-all.R' failed.
    Last 13 lines of output:
     HS023 : ....
     HS071 : .....
     Simple polynomial with additional data. : ..
     Simple contstrained problem. : ....
     System of equations. : ....
    
    
     1. Failure(@test-derivative-checker.R#42): Test derivative checker. ------------
     sum(res$flag_derivative_warning) not equal to 1
     Mean relative difference: 1
    
     Error: Test failures
     Execution halted
Flavor: r-release-windows-ix86+x86_64