CRAN Package Check Results for Package nloptr

Last updated on 2016-02-09 05:48:14.

Flavor Version Tinstall Tcheck Ttotal Status Flags
r-devel-linux-x86_64-debian-gcc 1.0.4 2.48 17.97 20.45 OK
r-devel-linux-x86_64-fedora-clang 1.0.4 40.17 OK
r-devel-linux-x86_64-fedora-gcc 1.0.4 36.24 OK
r-devel-osx-x86_64-clang 1.0.4 152.08 OK
r-devel-windows-ix86+x86_64 1.0.4 14.00 102.00 116.00 OK
r-patched-linux-x86_64 1.0.4 2.62 19.21 21.83 OK
r-patched-solaris-sparc 1.0.4 587.10 ERROR
r-patched-solaris-x86 1.0.4 190.60 ERROR
r-release-linux-x86_64 1.0.4 2.51 19.04 21.55 OK
r-release-osx-x86_64-mavericks 1.0.4 OK
r-release-windows-ix86+x86_64 1.0.4 15.00 88.00 103.00 OK
r-oldrel-windows-ix86+x86_64 1.0.4 12.00 85.00 97.00 OK

Memtest notes: valgrind

Check Details

Version: 1.0.4
Check: tests
Result: ERROR
    Running the tests in ‘tests/test-all.R’ failed.
    Last 13 lines of output:
     1 3 1 2
    
     3. Failure (at test-hs023.R#95): Test HS023. -----------------------------------
     all(eval_g_ineq(res$solution)$constr <= res$options$tol_constraints_ineq) isn't true
    
     testthat results ================================================================
     OK: 40 SKIPPED: 0 FAILED: 3
     1. Failure (at test-example.R#101): Test NLopt tutorial example with NLOPT_LN_COBYLA with gradient information.
     2. Failure (at test-hs023.R#90): Test HS023.
     3. Failure (at test-hs023.R#95): Test HS023.
    
     Error: testthat unit tests failed
     Execution halted
Flavor: r-patched-solaris-sparc

Version: 1.0.4
Check: tests
Result: ERROR
    Running the tests in ‘tests/test-all.R’ failed.
    Last 13 lines of output:
     res1$solution not equal to solution.opt
     2/2 mismatches (average diff: 0.00818).
     First 2:
     pos x y diff
     1 0.328 0.333 -0.00572
     2 0.307 0.296 0.01064
    
     testthat results ================================================================
     OK: 42 SKIPPED: 0 FAILED: 1
     1. Failure (at test-example.R#101): Test NLopt tutorial example with NLOPT_LN_COBYLA with gradient information.
    
     Error: testthat unit tests failed
     Execution halted
Flavor: r-patched-solaris-x86