CRAN Package Check Results for Package nloptr

Last updated on 2017-02-23 07:47:50.

Flavor Version Tinstall Tcheck Ttotal Status Flags
r-devel-linux-x86_64-debian-clang 1.0.4 3.20 22.83 26.03 NOTE
r-devel-linux-x86_64-debian-gcc 1.0.4 2.75 22.86 25.61 NOTE
r-devel-linux-x86_64-fedora-clang 1.0.4 47.49 NOTE --no-stop-on-test-error
r-devel-linux-x86_64-fedora-gcc 1.0.4 44.61 NOTE --no-stop-on-test-error
r-devel-macos-x86_64-clang 1.0.4 129.70 NOTE --no-stop-on-test-error
r-devel-windows-ix86+x86_64 1.0.4 17.00 137.00 154.00 OK
r-patched-linux-x86_64 1.0.4 3.19 20.32 23.51 OK
r-patched-solaris-sparc 1.0.4 564.10 ERROR
r-patched-solaris-x86 1.0.4 207.30 ERROR
r-release-linux-x86_64 1.0.4 2.75 20.26 23.01 OK
r-release-osx-x86_64-mavericks 1.0.4 OK
r-release-windows-ix86+x86_64 1.0.4 12.00 78.00 90.00 OK
r-oldrel-windows-ix86+x86_64 1.0.4 15.00 116.00 131.00 OK

Memtest notes: valgrind

Check Details

Version: 1.0.4
Check: compiled code
Result: NOTE
    File ‘nloptr/libs/nloptr.so’:
     Found no calls to: ‘R_registerRoutines’, ‘R_useDynamicSymbols’
    
    It is good practice to register native routines and to disable symbol
    search.
    
    See ‘Writing portable packages’ in the ‘Writing R Extensions’ manual.
Flavors: r-devel-linux-x86_64-debian-clang, r-devel-linux-x86_64-debian-gcc

Version: 1.0.4
Flags: --no-stop-on-test-error
Check: compiled code
Result: NOTE
    File ‘nloptr/libs/nloptr.so’:
     Found no calls to: ‘R_registerRoutines’, ‘R_useDynamicSymbols’
    
    It is good practice to register native routines and to disable symbol
    search.
    
    See ‘Writing portable packages’ in the ‘Writing R Extensions’ manual.
Flavors: r-devel-linux-x86_64-fedora-clang, r-devel-linux-x86_64-fedora-gcc, r-devel-macos-x86_64-clang

Version: 1.0.4
Check: tests
Result: ERROR
     Running ‘test-all.R’ [17s/17s]
    Running the tests in ‘tests/test-all.R’ failed.
    Complete output:
     > if(require("testthat", quietly = TRUE)) {
     + test_check("nloptr")
     + } else {
     + print( "package 'testthat' not available, cannot run unit tests" )
     + }
     Loading required package: nloptr
     1. Failure: Test NLopt tutorial example with NLOPT_LN_COBYLA with gradient information. (@test-example.R#101)
     res1$solution not equal to `solution.opt`.
     2/2 mismatches (average diff: 0.00818)
     [1] 0.328 - 0.333 == -0.00572
     [2] 0.307 - 0.296 == 0.01064
    
    
     Error: nlopt_add_inequality_mconstraint returned NLOPT_INVALID_ARGS.
     2. Failure: Test HS023. (@test-hs023.R#90) -------------------------------------
     res$solution not equal to `solution.opt`.
     1/2 mismatches
     [1] 3 - 1 == 2
    
    
     3. Failure: Test HS023. (@test-hs023.R#95) -------------------------------------
     all(eval_g_ineq(res$solution)$constr <= res$options$tol_constraints_ineq) isn't true.
    
    
     testthat results ================================================================
     OK: 40 SKIPPED: 0 FAILED: 3
     1. Failure: Test NLopt tutorial example with NLOPT_LN_COBYLA with gradient information. (@test-example.R#101)
     2. Failure: Test HS023. (@test-hs023.R#90)
     3. Failure: Test HS023. (@test-hs023.R#95)
    
     Error: testthat unit tests failed
     Execution halted
Flavor: r-patched-solaris-sparc

Version: 1.0.4
Check: tests
Result: ERROR
     Running ‘test-all.R’
    Running the tests in ‘tests/test-all.R’ failed.
    Complete output:
     > if(require("testthat", quietly = TRUE)) {
     + test_check("nloptr")
     + } else {
     + print( "package 'testthat' not available, cannot run unit tests" )
     + }
     Loading required package: nloptr
     1. Failure: Test NLopt tutorial example with NLOPT_LN_COBYLA with gradient information. (@test-example.R#101)
     res1$solution not equal to `solution.opt`.
     2/2 mismatches (average diff: 0.00818)
     [1] 0.328 - 0.333 == -0.00572
     [2] 0.307 - 0.296 == 0.01064
    
    
     Error: nlopt_add_inequality_mconstraint returned NLOPT_INVALID_ARGS.
     2. Failure: Test HS023. (@test-hs023.R#90) -------------------------------------
     res$solution not equal to `solution.opt`.
     1/2 mismatches
     [1] 3 - 1 == 2
    
    
     3. Failure: Test HS023. (@test-hs023.R#95) -------------------------------------
     all(eval_g_ineq(res$solution)$constr <= res$options$tol_constraints_ineq) isn't true.
    
    
     testthat results ================================================================
     OK: 40 SKIPPED: 0 FAILED: 3
     1. Failure: Test NLopt tutorial example with NLOPT_LN_COBYLA with gradient information. (@test-example.R#101)
     2. Failure: Test HS023. (@test-hs023.R#90)
     3. Failure: Test HS023. (@test-hs023.R#95)
    
     Error: testthat unit tests failed
     Execution halted
Flavor: r-patched-solaris-x86