CRAN Package Check Results for Package nloptr

Last updated on 2018-09-19 20:46:36 CEST.

Flavor Version Tinstall Tcheck Ttotal Status Flags
r-devel-linux-x86_64-debian-clang 1.0.4 5.10 36.05 41.15 NOTE
r-devel-linux-x86_64-debian-gcc 1.0.4 3.57 28.73 32.30 NOTE
r-devel-linux-x86_64-fedora-clang 1.0.4 53.81 NOTE
r-devel-linux-x86_64-fedora-gcc 1.0.4 48.40 NOTE
r-devel-windows-ix86+x86_64 1.0.4 13.00 90.00 103.00 OK
r-patched-linux-x86_64 1.0.4 4.61 34.12 38.73 NOTE
r-patched-solaris-x86 1.0.4 210.20 OK
r-release-linux-x86_64 1.0.4 5.07 34.56 39.63 NOTE
r-release-windows-ix86+x86_64 1.0.4 16.00 68.00 84.00 OK
r-release-osx-x86_64 1.0.4 OK
r-oldrel-windows-ix86+x86_64 1.0.4 12.00 66.00 78.00 OK
r-oldrel-osx-x86_64 1.0.4 OK

Check Details

Version: 1.0.4
Check: compiled code
Result: NOTE
    File ‘nloptr/libs/nloptr.so’:
     Found no calls to: ‘R_registerRoutines’, ‘R_useDynamicSymbols’
    
    It is good practice to register native routines and to disable symbol
    search.
    
    See ‘Writing portable packages’ in the ‘Writing R Extensions’ manual.
Flavors: r-devel-linux-x86_64-debian-clang, r-devel-linux-x86_64-debian-gcc, r-devel-linux-x86_64-fedora-clang, r-devel-linux-x86_64-fedora-gcc, r-patched-linux-x86_64, r-release-linux-x86_64