Last updated on 2023-09-23 10:06:28 CEST.
Flavor | Version | Tinstall | Tcheck | Ttotal | Status | Flags |
---|---|---|---|---|---|---|
r-devel-linux-x86_64-debian-clang | 2.0.3 | 29.01 | 48.96 | 77.97 | NOTE | |
r-devel-linux-x86_64-debian-gcc | 2.0.3 | 25.14 | 36.79 | 61.93 | NOTE | |
r-devel-linux-x86_64-fedora-clang | 2.0.3 | 103.13 | NOTE | |||
r-devel-linux-x86_64-fedora-gcc | 2.0.3 | 118.64 | NOTE | |||
r-devel-windows-x86_64 | 2.0.3 | 29.00 | 101.00 | 130.00 | NOTE | |
r-patched-linux-x86_64 | 2.0.3 | 23.05 | 46.51 | 69.56 | NOTE | |
r-release-linux-x86_64 | 2.0.3 | 25.17 | 47.55 | 72.72 | NOTE | |
r-release-macos-arm64 | 2.0.3 | 54.00 | NOTE | |||
r-release-macos-x86_64 | 2.0.3 | 83.00 | NOTE | |||
r-release-windows-x86_64 | 2.0.3 | 33.00 | 107.00 | 140.00 | NOTE | |
r-oldrel-macos-arm64 | 2.0.3 | 53.00 | NOTE | |||
r-oldrel-macos-x86_64 | 2.0.3 | 51.00 | NOTE | |||
r-oldrel-windows-x86_64 | 2.0.3 | 31.00 | 94.00 | 125.00 | OK |
Version: 2.0.3
Check: C++ specification
Result: NOTE
Specified C++11: please drop specification unless essential
Flavors: r-devel-linux-x86_64-debian-clang, r-devel-linux-x86_64-debian-gcc, r-devel-linux-x86_64-fedora-clang, r-devel-linux-x86_64-fedora-gcc, r-devel-windows-x86_64, r-patched-linux-x86_64, r-release-linux-x86_64, r-release-macos-arm64, r-release-macos-x86_64, r-release-windows-x86_64
Version: 2.0.3
Check: installed package size
Result: NOTE
installed size is 6.5Mb
sub-directories of 1Mb or more:
libs 6.1Mb
Flavors: r-release-macos-arm64, r-release-macos-x86_64, r-oldrel-macos-arm64, r-oldrel-macos-x86_64