CRAN Package Check Results for Package nloptr

Last updated on 2017-09-19 19:46:34.

Flavor Version Tinstall Tcheck Ttotal Status Flags
r-devel-linux-x86_64-debian-clang 1.0.4 4.54 23.08 27.62 NOTE
r-devel-linux-x86_64-debian-gcc 1.0.4 2.83 22.63 25.46 NOTE
r-devel-linux-x86_64-fedora-clang 1.0.4 47.49 NOTE
r-devel-linux-x86_64-fedora-gcc 1.0.4 45.74 NOTE
r-devel-windows-ix86+x86_64 1.0.4 12.00 63.00 75.00 WARN
r-patched-linux-x86_64 1.0.4 3.02 23.28 26.30 NOTE
r-patched-solaris-x86 1.0.4 208.80 OK
r-release-linux-x86_64 1.0.4 8.67 23.01 31.68 NOTE
r-release-windows-ix86+x86_64 1.0.4 11.00 66.00 77.00 OK
r-release-osx-x86_64 1.0.4 OK
r-oldrel-windows-ix86+x86_64 1.0.4 11.00 59.00 70.00 OK
r-oldrel-osx-x86_64 1.0.4 OK

Additional issues

valgrind

Check Details

Version: 1.0.4
Check: compiled code
Result: NOTE
    File ‘nloptr/libs/nloptr.so’:
     Found no calls to: ‘R_registerRoutines’, ‘R_useDynamicSymbols’
    
    It is good practice to register native routines and to disable symbol
    search.
    
    See ‘Writing portable packages’ in the ‘Writing R Extensions’ manual.
Flavors: r-devel-linux-x86_64-debian-clang, r-devel-linux-x86_64-debian-gcc, r-devel-linux-x86_64-fedora-clang, r-devel-linux-x86_64-fedora-gcc, r-patched-linux-x86_64, r-release-linux-x86_64

Version: 1.0.4
Check: line endings in shell scripts
Result: WARN
    Found the following shell script(s) with CR or CRLF line endings:
     cleanup
    Non-Windows OSes require LF line endings.
Flavor: r-devel-windows-ix86+x86_64