CRAN Package Check Results for Package nloptr

Last updated on 2014-07-29 13:47:00.

Flavor Version Tinstall Tcheck Ttotal Status Flags
r-devel-linux-x86_64-debian-clang 1.0.0 41.04 18.58 59.62 OK
r-devel-linux-x86_64-debian-gcc 1.0.0 47.94 18.61 66.56 OK
r-devel-linux-x86_64-fedora-clang 1.0.0 106.54 WARN
r-devel-linux-x86_64-fedora-gcc 1.0.0 105.47 WARN
r-devel-osx-x86_64-clang 1.0.0 124.47 WARN
r-devel-windows-ix86+x86_64 1.0.0 10.00 85.00 95.00 OK
r-patched-linux-x86_64 1.0.0 46.94 18.80 65.74 OK
r-patched-solaris-sparc 1.0.0 578.20 OK
r-patched-solaris-x86 1.0.0 191.90 OK
r-release-linux-ix86 1.0.0 63.10 26.98 90.08 OK
r-release-linux-x86_64 1.0.0 48.04 18.65 66.70 OK
r-release-osx-x86_64-mavericks 1.0.0 WARN
r-release-osx-x86_64-snowleopard 1.0.0 WARN
r-release-windows-ix86+x86_64 1.0.0 11.00 83.00 94.00 OK
r-oldrel-windows-ix86+x86_64 1.0.0 7.00 79.00 86.00 OK

Check Details

Version: 1.0.0
Check: line endings in C/C++/Fortran sources/headers
Result: WARNING
    Found the following sources/headers with CR or CRLF line endings:
     src/nlopt-2.4/esch/esch.h
    Some Unix compilers require LF line endings.
Flavors: r-devel-linux-x86_64-fedora-clang, r-devel-linux-x86_64-fedora-gcc, r-devel-osx-x86_64-clang, r-release-osx-x86_64-mavericks, r-release-osx-x86_64-snowleopard