CRAN Package Check Results for Package nloptr

Last updated on 2014-10-01 21:47:06.

Flavor Version Tinstall Tcheck Ttotal Status Flags
r-devel-linux-x86_64-debian-clang 1.0.4 2.42 19.57 21.99 OK
r-devel-linux-x86_64-debian-gcc 1.0.4 2.30 18.87 21.16 OK
r-devel-linux-x86_64-fedora-clang 1.0.4 44.72 OK
r-devel-linux-x86_64-fedora-gcc 1.0.4 42.02 OK
r-devel-osx-x86_64-clang 1.0.4 118.26 OK
r-devel-windows-ix86+x86_64 1.0.4 9.00 75.00 84.00 OK
r-patched-linux-x86_64 1.0.4 2.37 19.70 22.07 OK
r-patched-solaris-sparc 1.0.4 482.70 ERROR
r-patched-solaris-x86 1.0.4 187.50 ERROR
r-release-linux-ix86 1.0.4 4.08 27.35 31.43 OK
r-release-linux-x86_64 1.0.4 2.31 19.86 22.16 OK
r-release-osx-x86_64-mavericks 1.0.4 OK
r-release-osx-x86_64-snowleopard 1.0.4 OK
r-release-windows-ix86+x86_64 1.0.4 9.00 78.00 87.00 OK
r-oldrel-windows-ix86+x86_64 1.0.4 10.00 76.00 86.00 ERROR

Memtest notes: valgrind

Check Details

Version: 1.0.4
Check: tests
Result: ERROR
    Running the tests in ‘tests/test-all.R’ failed.
    Last 13 lines of output:
     1. Failure(@test-example.R#101): Test NLopt tutorial example with NLOPT_LN_COBYLA with gradient information.
     res1$solution not equal to solution.opt
     Mean relative difference: 0.02598154
    
     2. Failure(@test-hs023.R#90): Test HS023. --------------------------------------
     res$solution not equal to solution.opt
     Mean relative difference: 2
    
     3. Failure(@test-hs023.R#95): Test HS023. --------------------------------------
     all(eval_g_ineq(res$solution)$constr <= res$options$tol_constraints_ineq) isn't true
    
     Error: Test failures
     Execution halted
Flavor: r-patched-solaris-sparc

Version: 1.0.4
Check: tests
Result: ERROR
    Running the tests in ‘tests/test-all.R’ failed.
    Last 13 lines of output:
     HS023 : ....
     HS071 : .....
     Simple polynomial with additional data. : ..
     Simple contstrained problem. : ....
     System of equations. : ....
    
    
     1. Failure(@test-example.R#101): Test NLopt tutorial example with NLOPT_LN_COBYLA with gradient information.
     res1$solution not equal to solution.opt
     Mean relative difference: 0.02598154
    
     Error: Test failures
     Execution halted
Flavor: r-patched-solaris-x86