CRAN Package Check Results for Package nloptr

Last updated on 2014-09-18 10:52:12.

Flavor Version Tinstall Tcheck Ttotal Status Flags
r-devel-linux-x86_64-debian-clang 1.0.4 2.42 15.54 17.95 ERROR
r-devel-linux-x86_64-debian-gcc 1.0.4 2.32 18.90 21.23 OK
r-devel-linux-x86_64-fedora-clang 1.0.4 24.00 OK
r-devel-linux-x86_64-fedora-gcc 1.0.4 40.70 OK
r-devel-osx-x86_64-clang 1.0.4 119.28 OK
r-devel-windows-ix86+x86_64 1.0.4 9.00 89.00 98.00 OK
r-patched-linux-x86_64 1.0.4 2.30 18.59 20.88 OK
r-patched-solaris-sparc 1.0.4 482.70 ERROR
r-patched-solaris-x86 1.0.4 182.80 ERROR
r-release-linux-ix86 1.0.4 3.99 27.54 31.54 OK
r-release-linux-x86_64 1.0.4 2.31 19.72 22.03 OK
r-release-osx-x86_64-mavericks 1.0.4 OK
r-release-osx-x86_64-snowleopard 1.0.4 OK
r-release-windows-ix86+x86_64 1.0.4 7.00 81.00 88.00 OK
r-oldrel-windows-ix86+x86_64 1.0.4 8.00 87.00 95.00 OK

Memtest notes: valgrind

Check Details

Version: 1.0.4
Check: tests
Result: ERROR
    Running the tests in ‘tests/test-all.R’ failed.
    Last 13 lines of output:
     Simple contstrained problem. : ....
     System of equations. : ....
    
    
     1. Failure(@test-hs023.R#90): Test HS023. --------------------------------------
     res$solution not equal to solution.opt
     Mean relative difference: 2
    
     2. Failure(@test-hs023.R#95): Test HS023. --------------------------------------
     all(eval_g_ineq(res$solution)$constr <= res$options$tol_constraints_ineq) isn't true
    
     Error: Test failures
     Execution halted
Flavor: r-devel-linux-x86_64-debian-clang

Version: 1.0.4
Check: tests
Result: ERROR
    Running the tests in ‘tests/test-all.R’ failed.
    Last 13 lines of output:
     1. Failure(@test-example.R#101): Test NLopt tutorial example with NLOPT_LN_COBYLA with gradient information.
     res1$solution not equal to solution.opt
     Mean relative difference: 0.02598154
    
     2. Failure(@test-hs023.R#90): Test HS023. --------------------------------------
     res$solution not equal to solution.opt
     Mean relative difference: 2
    
     3. Failure(@test-hs023.R#95): Test HS023. --------------------------------------
     all(eval_g_ineq(res$solution)$constr <= res$options$tol_constraints_ineq) isn't true
    
     Error: Test failures
     Execution halted
Flavor: r-patched-solaris-sparc

Version: 1.0.4
Check: tests
Result: ERROR
    Running the tests in ‘tests/test-all.R’ failed.
    Last 13 lines of output:
     HS023 : ....
     HS071 : .....
     Simple polynomial with additional data. : ..
     Simple contstrained problem. : ....
     System of equations. : ....
    
    
     1. Failure(@test-example.R#101): Test NLopt tutorial example with NLOPT_LN_COBYLA with gradient information.
     res1$solution not equal to solution.opt
     Mean relative difference: 0.02598154
    
     Error: Test failures
     Execution halted
Flavor: r-patched-solaris-x86