CRAN Package Check Results for Package nloptr

Last updated on 2014-08-30 21:47:29.

Flavor Version Tinstall Tcheck Ttotal Status Flags
r-devel-linux-x86_64-debian-clang 1.0.4 2.23 18.28 20.52 OK
r-devel-linux-x86_64-debian-gcc 1.0.4 2.72 18.22 20.94 OK
r-devel-linux-x86_64-fedora-clang 1.0.4 43.58 OK
r-devel-linux-x86_64-fedora-gcc 1.0.4 33.55 ERROR
r-devel-osx-x86_64-clang 1.0.4 117.99 OK
r-devel-windows-ix86+x86_64 1.0.4 9.00 78.00 87.00 ERROR
r-patched-linux-x86_64 1.0.4 2.36 18.86 21.22 OK
r-patched-solaris-sparc 1.0.4 482.70 ERROR
r-patched-solaris-x86 1.0.4 184.00 ERROR
r-release-linux-ix86 1.0.4 3.91 27.43 31.34 OK
r-release-linux-x86_64 1.0.4 2.44 18.92 21.36 OK
r-release-osx-x86_64-mavericks 1.0.4 OK
r-release-osx-x86_64-snowleopard 1.0.4 OK
r-release-windows-ix86+x86_64 1.0.4 7.00 81.00 88.00 OK
r-oldrel-windows-ix86+x86_64 1.0.4 8.00 87.00 95.00 OK

Memtest notes: valgrind

Check Details

Version: 1.0.4
Check: tests
Result: ERROR
    Running the tests in ‘tests/test-all.R’ failed.
    Last 13 lines of output:
     Simple contstrained problem. : ....
     System of equations. : ....
    
    
     1. Failure(@test-hs023.R#90): Test HS023. --------------------------------------
     res$solution not equal to solution.opt
     Mean relative difference: 2
    
     2. Failure(@test-hs023.R#95): Test HS023. --------------------------------------
     all(eval_g_ineq(res$solution)$constr <= res$options$tol_constraints_ineq) isn't true
    
     Error: Test failures
     Execution halted
Flavor: r-devel-linux-x86_64-fedora-gcc

Version: 1.0.4
Check: running tests for arch 'x64'
Result: ERROR
    Running the tests in 'tests/test-all.R' failed.
    Last 13 lines of output:
     Simple contstrained problem. : ....
     System of equations. : ....
    
    
     1. Failure(@test-hs023.R#90): Test HS023. --------------------------------------
     res$solution not equal to solution.opt
     Mean relative difference: 2
    
     2. Failure(@test-hs023.R#95): Test HS023. --------------------------------------
     all(eval_g_ineq(res$solution)$constr <= res$options$tol_constraints_ineq) isn't true
    
     Error: Test failures
     Execution halted
Flavor: r-devel-windows-ix86+x86_64

Version: 1.0.4
Check: tests
Result: ERROR
    Running the tests in ‘tests/test-all.R’ failed.
    Last 13 lines of output:
     1. Failure(@test-example.R#101): Test NLopt tutorial example with NLOPT_LN_COBYLA with gradient information.
     res1$solution not equal to solution.opt
     Mean relative difference: 0.02598154
    
     2. Failure(@test-hs023.R#90): Test HS023. --------------------------------------
     res$solution not equal to solution.opt
     Mean relative difference: 2
    
     3. Failure(@test-hs023.R#95): Test HS023. --------------------------------------
     all(eval_g_ineq(res$solution)$constr <= res$options$tol_constraints_ineq) isn't true
    
     Error: Test failures
     Execution halted
Flavor: r-patched-solaris-sparc

Version: 1.0.4
Check: tests
Result: ERROR
    Running the tests in ‘tests/test-all.R’ failed.
    Last 13 lines of output:
     HS023 : ....
     HS071 : .....
     Simple polynomial with additional data. : ..
     Simple contstrained problem. : ....
     System of equations. : ....
    
    
     1. Failure(@test-example.R#101): Test NLopt tutorial example with NLOPT_LN_COBYLA with gradient information.
     res1$solution not equal to solution.opt
     Mean relative difference: 0.02598154
    
     Error: Test failures
     Execution halted
Flavor: r-patched-solaris-x86