CRAN Package Check Results for Package nloptr

Last updated on 2014-04-20 09:48:19.

Flavor Version Tinstall Tcheck Ttotal Status Flags
r-devel-linux-x86_64-debian-clang 1.0.0 42.93 19.26 62.19 OK
r-devel-linux-x86_64-debian-gcc 1.0.0 47.27 19.42 66.69 OK
r-devel-linux-x86_64-fedora-clang 1.0.0 99.70 WARN
r-devel-linux-x86_64-fedora-gcc 1.0.0 104.79 WARN
r-devel-macosx-x86_64-clang 1.0.0 122.06 WARN
r-devel-macosx-x86_64-gcc 1.0.0 WARN
r-devel-windows-ix86+x86_64 1.0.0 8.00 84.00 92.00 OK
r-patched-linux-x86_64 1.0.0 47.07 19.50 66.57 OK
r-patched-solaris-sparc 1.0.0 578.20 OK
r-patched-solaris-x86 1.0.0 195.00 OK
r-release-linux-ix86 OK
r-release-linux-x86_64 1.0.0 46.86 19.15 66.01 OK
r-release-macosx-x86_64 1.0.0 WARN
r-release-windows-ix86+x86_64 1.0.0 13.00 94.00 107.00 OK
r-oldrel-windows-ix86+x86_64 1.0.0 7.00 79.00 86.00 OK

Check Details

Version: 1.0.0
Check: line endings in C/C++/Fortran sources/headers
Result: WARNING
    Found the following sources/headers with CR or CRLF line endings:
     src/nlopt-2.4/esch/esch.h
    Some Unix compilers require LF line endings.
Flavors: r-devel-linux-x86_64-fedora-clang, r-devel-linux-x86_64-fedora-gcc, r-devel-macosx-x86_64-clang, r-devel-macosx-x86_64-gcc, r-release-macosx-x86_64

Version: 1.0.0
Check: package dependencies
Result: NOTE
    Package suggested but not available for checking: ‘testthat’
Flavor: r-devel-macosx-x86_64-gcc

Version: 1.0.0
Check: Rd cross-references
Result: NOTE
    Package unavailable to check Rd xrefs: ‘Rsolnp’
Flavor: r-devel-macosx-x86_64-gcc