CRAN Package Check Results for Package nloptr

Last updated on 2015-05-22 23:48:04.

Flavor Version Tinstall Tcheck Ttotal Status Flags
r-devel-linux-x86_64-debian-clang 1.0.4 2.30 19.31 21.61 OK
r-devel-linux-x86_64-debian-gcc 1.0.4 2.30 18.65 20.95 OK
r-devel-linux-x86_64-fedora-clang 1.0.4 42.89 OK
r-devel-linux-x86_64-fedora-gcc 1.0.4 40.51 OK
r-devel-osx-x86_64-clang 1.0.4 128.25 OK
r-devel-windows-ix86+x86_64 1.0.4 15.00 77.00 92.00 OK
r-patched-linux-x86_64 1.0.4 6.56 18.89 25.44 ERROR
r-patched-solaris-sparc 1.0.4 587.70 ERROR
r-patched-solaris-x86 1.0.4 190.50 ERROR
r-release-linux-x86_64 1.0.4 2.66 19.67 22.33 OK
r-release-osx-x86_64-mavericks 1.0.4 OK
r-release-osx-x86_64-snowleopard 1.0.4 OK
r-release-windows-ix86+x86_64 1.0.4 11.00 82.00 93.00 OK
r-oldrel-windows-ix86+x86_64 1.0.4 10.00 86.00 96.00 OK

Memtest notes: valgrind

Check Details

Version: 1.0.4
Check: tests
Result: ERROR
    Running the tests in ‘tests/test-all.R’ failed.
    Last 13 lines of output:
     Simple contstrained problem. : ....
     System of equations. : ....
    
    
     1. Failure(@test-hs023.R#90): Test HS023. --------------------------------------
     res$solution not equal to solution.opt
     Mean relative difference: 2
    
     2. Failure(@test-hs023.R#95): Test HS023. --------------------------------------
     all(eval_g_ineq(res$solution)$constr <= res$options$tol_constraints_ineq) isn't true
    
     Error: Test failures
     Execution halted
Flavor: r-patched-linux-x86_64

Version: 1.0.4
Check: tests
Result: ERROR
    Running the tests in ‘tests/test-all.R’ failed.
    Last 13 lines of output:
     1. Failure(@test-example.R#101): Test NLopt tutorial example with NLOPT_LN_COBYLA with gradient information.
     res1$solution not equal to solution.opt
     Mean relative difference: 0.02598154
    
     2. Failure(@test-hs023.R#90): Test HS023. --------------------------------------
     res$solution not equal to solution.opt
     Mean relative difference: 2
    
     3. Failure(@test-hs023.R#95): Test HS023. --------------------------------------
     all(eval_g_ineq(res$solution)$constr <= res$options$tol_constraints_ineq) isn't true
    
     Error: Test failures
     Execution halted
Flavor: r-patched-solaris-sparc

Version: 1.0.4
Check: tests
Result: ERROR
    Running the tests in ‘tests/test-all.R’ failed.
    Last 13 lines of output:
     HS023 : ....
     HS071 : .....
     Simple polynomial with additional data. : ..
     Simple contstrained problem. : ....
     System of equations. : ....
    
    
     1. Failure(@test-example.R#101): Test NLopt tutorial example with NLOPT_LN_COBYLA with gradient information.
     res1$solution not equal to solution.opt
     Mean relative difference: 0.02598154
    
     Error: Test failures
     Execution halted
Flavor: r-patched-solaris-x86