CRAN Package Check Results for Package nloptr

Last updated on 2017-01-18 16:47:49.

Flavor Version Tinstall Tcheck Ttotal Status Flags
r-devel-linux-x86_64-debian-clang 1.0.4 3.42 23.75 27.16 OK
r-devel-linux-x86_64-debian-gcc 1.0.4 2.85 22.45 25.30 OK
r-devel-linux-x86_64-fedora-clang 1.0.4 45.25 OK --no-stop-on-test-error
r-devel-linux-x86_64-fedora-gcc 1.0.4 43.99 OK --no-stop-on-test-error
r-devel-macos-x86_64-clang 1.0.4 125.51 OK --no-stop-on-test-error
r-devel-windows-ix86+x86_64 1.0.4 18.00 50.00 68.00 OK
r-patched-linux-x86_64 1.0.4 2.98 20.39 23.37 OK
r-patched-solaris-sparc 1.0.4 564.10 ERROR
r-patched-solaris-x86 1.0.4 171.90 ERROR
r-release-linux-x86_64 1.0.4 2.56 20.50 23.06 OK
r-release-osx-x86_64-mavericks 1.0.4 OK
r-release-windows-ix86+x86_64 1.0.4 18.00 79.00 97.00 OK
r-oldrel-windows-ix86+x86_64 1.0.4 9.00 128.00 137.00 OK

Memtest notes: valgrind

Check Details

Version: 1.0.4
Check: tests
Result: ERROR
     Running ‘test-all.R’ [17s/17s]
    Running the tests in ‘tests/test-all.R’ failed.
    Complete output:
     > if(require("testthat", quietly = TRUE)) {
     + test_check("nloptr")
     + } else {
     + print( "package 'testthat' not available, cannot run unit tests" )
     + }
     Loading required package: nloptr
     1. Failure: Test NLopt tutorial example with NLOPT_LN_COBYLA with gradient information. (@test-example.R#101)
     res1$solution not equal to `solution.opt`.
     2/2 mismatches (average diff: 0.00818)
     [1] 0.328 - 0.333 == -0.00572
     [2] 0.307 - 0.296 == 0.01064
    
    
     Error: nlopt_add_inequality_mconstraint returned NLOPT_INVALID_ARGS.
     2. Failure: Test HS023. (@test-hs023.R#90) -------------------------------------
     res$solution not equal to `solution.opt`.
     1/2 mismatches
     [1] 3 - 1 == 2
    
    
     3. Failure: Test HS023. (@test-hs023.R#95) -------------------------------------
     all(eval_g_ineq(res$solution)$constr <= res$options$tol_constraints_ineq) isn't true.
    
    
     testthat results ================================================================
     OK: 40 SKIPPED: 0 FAILED: 3
     1. Failure: Test NLopt tutorial example with NLOPT_LN_COBYLA with gradient information. (@test-example.R#101)
     2. Failure: Test HS023. (@test-hs023.R#90)
     3. Failure: Test HS023. (@test-hs023.R#95)
    
     Error: testthat unit tests failed
     Execution halted
Flavor: r-patched-solaris-sparc

Version: 1.0.4
Check: tests
Result: ERROR
     Running ‘test-all.R’
    Running the tests in ‘tests/test-all.R’ failed.
    Complete output:
     > if(require("testthat", quietly = TRUE)) {
     + test_check("nloptr")
     + } else {
     + print( "package 'testthat' not available, cannot run unit tests" )
     + }
     Loading required package: nloptr
     1. Failure: Test NLopt tutorial example with NLOPT_LN_COBYLA with gradient information. (@test-example.R#101)
     res1$solution not equal to `solution.opt`.
     2/2 mismatches (average diff: 0.00818)
     [1] 0.328 - 0.333 == -0.00572
     [2] 0.307 - 0.296 == 0.01064
    
    
     testthat results ================================================================
     OK: 42 SKIPPED: 0 FAILED: 1
     1. Failure: Test NLopt tutorial example with NLOPT_LN_COBYLA with gradient information. (@test-example.R#101)
    
     Error: testthat unit tests failed
     Execution halted
Flavor: r-patched-solaris-x86