CRAN Package Check Results for Package nloptr

Last updated on 2016-07-31 10:47:00.

Flavor Version Tinstall Tcheck Ttotal Status Flags
r-devel-linux-x86_64-debian-clang 1.0.4 3.05 19.55 22.60 OK
r-devel-linux-x86_64-debian-gcc 1.0.4 2.51 20.06 22.56 OK
r-devel-linux-x86_64-fedora-clang 1.0.4 39.19 OK
r-devel-linux-x86_64-fedora-gcc 1.0.4 37.60 OK
r-devel-osx-x86_64-clang 1.0.4 122.88 OK
r-devel-windows-ix86+x86_64 1.0.4 13.00 52.00 65.00 OK
r-patched-linux-x86_64 1.0.4 2.40 19.57 21.96 OK
r-patched-solaris-sparc 1.0.4 589.40 ERROR
r-patched-solaris-x86 1.0.4 185.10 ERROR
r-release-linux-x86_64 1.0.4 2.77 24.34 27.11 OK
r-release-osx-x86_64-mavericks 1.0.4 OK
r-release-windows-ix86+x86_64 1.0.4 16.00 78.00 94.00 ERROR
r-oldrel-windows-ix86+x86_64 1.0.4 16.00 114.00 130.00 OK

Memtest notes: valgrind

Check Details

Version: 1.0.4
Check: tests
Result: ERROR
    Running the tests in ‘tests/test-all.R’ failed.
    Last 13 lines of output:
    
     3. Failure: Test HS023. (@test-hs023.R#95) -------------------------------------
     all(eval_g_ineq(res$solution)$constr <= res$options$tol_constraints_ineq) isn't true.
    
    
     testthat results ================================================================
     OK: 40 SKIPPED: 0 FAILED: 3
     1. Failure: Test NLopt tutorial example with NLOPT_LN_COBYLA with gradient information. (@test-example.R#101)
     2. Failure: Test HS023. (@test-hs023.R#90)
     3. Failure: Test HS023. (@test-hs023.R#95)
    
     Error: testthat unit tests failed
     Execution halted
Flavor: r-patched-solaris-sparc

Version: 1.0.4
Check: tests
Result: ERROR
    Running the tests in ‘tests/test-all.R’ failed.
    Last 13 lines of output:
     1. Failure: Test NLopt tutorial example with NLOPT_LN_COBYLA with gradient information. (@test-example.R#101)
     res1$solution not equal to `solution.opt`.
     2/2 mismatches (average diff: 0.00818)
     [1] 0.328 - 0.333 == -0.00572
     [2] 0.307 - 0.296 == 0.01064
    
    
     testthat results ================================================================
     OK: 42 SKIPPED: 0 FAILED: 1
     1. Failure: Test NLopt tutorial example with NLOPT_LN_COBYLA with gradient information. (@test-example.R#101)
    
     Error: testthat unit tests failed
     Execution halted
Flavor: r-patched-solaris-x86

Version: 1.0.4
Check: running tests for arch ‘i386’
Result: ERROR
    Running the tests in 'tests/test-all.R' failed.
    Last 13 lines of output:
    
    
     2. Failure: Test HS023. (@test-hs023.R#95) -------------------------------------
     all(eval_g_ineq(res$solution)$constr <= res$options$tol_constraints_ineq) isn't true.
    
    
     testthat results ================================================================
     OK: 41 SKIPPED: 0 FAILED: 2
     1. Failure: Test HS023. (@test-hs023.R#90)
     2. Failure: Test HS023. (@test-hs023.R#95)
    
     Error: testthat unit tests failed
     Execution halted
Flavor: r-release-windows-ix86+x86_64