CRAN Package Check Results for Package nloptr

Last updated on 2016-09-27 03:50:57.

Flavor Version Tinstall Tcheck Ttotal Status Flags
r-devel-linux-x86_64-debian-clang 1.0.4 2.88 19.99 22.88 OK
r-devel-linux-x86_64-debian-gcc 1.0.4 2.86 20.45 23.30 OK
r-devel-linux-x86_64-fedora-clang 1.0.4 40.50 OK
r-devel-linux-x86_64-fedora-gcc 1.0.4 38.65 OK
r-devel-macos-x86_64-clang 1.0.4 65.57 OK
r-devel-windows-ix86+x86_64 1.0.4 13.00 56.00 69.00 OK
r-patched-linux-x86_64 1.0.4 3.19 19.42 22.61 OK
r-patched-solaris-sparc 1.0.4 589.40 ERROR
r-patched-solaris-x86 1.0.4 218.60 ERROR
r-release-linux-x86_64 1.0.4 3.23 20.28 23.50 OK
r-release-osx-x86_64-mavericks 1.0.4 OK
r-release-windows-ix86+x86_64 1.0.4 14.00 70.00 84.00 OK
r-oldrel-windows-ix86+x86_64 1.0.4 21.00 110.00 131.00 OK

Memtest notes: valgrind

Check Details

Version: 1.0.4
Check: tests
Result: ERROR
    Running the tests in ‘tests/test-all.R’ failed.
    Last 13 lines of output:
    
     3. Failure: Test HS023. (@test-hs023.R#95) -------------------------------------
     all(eval_g_ineq(res$solution)$constr <= res$options$tol_constraints_ineq) isn't true.
    
    
     testthat results ================================================================
     OK: 40 SKIPPED: 0 FAILED: 3
     1. Failure: Test NLopt tutorial example with NLOPT_LN_COBYLA with gradient information. (@test-example.R#101)
     2. Failure: Test HS023. (@test-hs023.R#90)
     3. Failure: Test HS023. (@test-hs023.R#95)
    
     Error: testthat unit tests failed
     Execution halted
Flavor: r-patched-solaris-sparc

Version: 1.0.4
Check: tests
Result: ERROR
    Running the tests in ‘tests/test-all.R’ failed.
    Last 13 lines of output:
     1. Failure: Test NLopt tutorial example with NLOPT_LN_COBYLA with gradient information. (@test-example.R#101)
     res1$solution not equal to `solution.opt`.
     2/2 mismatches (average diff: 0.00818)
     [1] 0.328 - 0.333 == -0.00572
     [2] 0.307 - 0.296 == 0.01064
    
    
     testthat results ================================================================
     OK: 42 SKIPPED: 0 FAILED: 1
     1. Failure: Test NLopt tutorial example with NLOPT_LN_COBYLA with gradient information. (@test-example.R#101)
    
     Error: testthat unit tests failed
     Execution halted
Flavor: r-patched-solaris-x86