CRAN Package Check Results for Package nloptr

Last updated on 2015-07-05 08:47:26.

Flavor Version Tinstall Tcheck Ttotal Status Flags
r-devel-linux-x86_64-debian-clang 1.0.4 2.32 18.48 20.80 OK
r-devel-linux-x86_64-debian-gcc 1.0.4 2.26 18.23 20.49 OK
r-devel-linux-x86_64-fedora-clang 1.0.4 42.30 OK
r-devel-linux-x86_64-fedora-gcc 1.0.4 40.31 OK
r-devel-osx-x86_64-clang 1.0.4 120.61 OK
r-devel-windows-ix86+x86_64 1.0.4 11.00 112.00 123.00 OK
r-patched-linux-x86_64 1.0.4 2.73 18.51 21.24 OK
r-patched-solaris-sparc 1.0.4 587.70 ERROR
r-patched-solaris-x86 1.0.4 186.60 ERROR
r-release-linux-x86_64 1.0.4 2.33 18.47 20.80 OK
r-release-osx-x86_64-mavericks 1.0.4 OK
r-release-windows-ix86+x86_64 1.0.4 14.00 86.00 100.00 OK
r-oldrel-windows-ix86+x86_64 1.0.4 15.00 81.00 96.00 OK

Memtest notes: valgrind

Check Details

Version: 1.0.4
Check: tests
Result: ERROR
    Running the tests in ‘tests/test-all.R’ failed.
    Last 13 lines of output:
     1. Failure(@test-example.R#101): Test NLopt tutorial example with NLOPT_LN_COBYLA with gradient information.
     res1$solution not equal to solution.opt
     Mean relative difference: 0.02598154
    
     2. Failure(@test-hs023.R#90): Test HS023. --------------------------------------
     res$solution not equal to solution.opt
     Mean relative difference: 2
    
     3. Failure(@test-hs023.R#95): Test HS023. --------------------------------------
     all(eval_g_ineq(res$solution)$constr <= res$options$tol_constraints_ineq) isn't true
    
     Error: Test failures
     Execution halted
Flavor: r-patched-solaris-sparc

Version: 1.0.4
Check: tests
Result: ERROR
    Running the tests in ‘tests/test-all.R’ failed.
    Last 13 lines of output:
     res1$solution not equal to solution.opt
     2/2 mismatches (average diff: 0.00818).
     First 2:
     pos x y diff
     1 0.333 0.328 0.00572
     2 0.296 0.307 -0.01064
    
     testthat results ================================================================
     OK: 42 SKIPPED: 0 FAILED: 1
     1. Failure (at test-example.R#101): Test NLopt tutorial example with NLOPT_LN_COBYLA with gradient information.
    
     Error: testthat unit tests failed
     Execution halted
Flavor: r-patched-solaris-x86