CRAN Package Check Results for Package nloptr

Last updated on 2014-11-21 01:47:53.

Flavor Version Tinstall Tcheck Ttotal Status Flags
r-devel-linux-x86_64-debian-clang 1.0.4 2.40 19.96 22.36 OK
r-devel-linux-x86_64-debian-gcc 1.0.4 2.35 19.46 21.80 OK
r-devel-linux-x86_64-fedora-clang 1.0.4 45.76 OK
r-devel-linux-x86_64-fedora-gcc 1.0.4 43.22 OK
r-devel-osx-x86_64-clang 1.0.4 129.59 OK
r-devel-windows-ix86+x86_64 1.0.4 7.00 105.00 112.00 OK
r-patched-linux-x86_64 1.0.4 2.34 19.53 21.87 OK
r-patched-solaris-sparc 1.0.4 485.10 ERROR
r-patched-solaris-x86 1.0.4 186.90 ERROR
r-release-linux-ix86 1.0.4 3.98 26.38 30.36 OK
r-release-linux-x86_64 1.0.4 2.36 20.37 22.73 OK
r-release-osx-x86_64-mavericks 1.0.4 OK
r-release-osx-x86_64-snowleopard 1.0.4 OK
r-release-windows-ix86+x86_64 1.0.4 10.00 85.00 95.00 OK
r-oldrel-windows-ix86+x86_64 1.0.4 8.00 89.00 97.00 OK

Memtest notes: valgrind

Check Details

Version: 1.0.4
Check: tests
Result: ERROR
    Running the tests in ‘tests/test-all.R’ failed.
    Last 13 lines of output:
     1. Failure(@test-example.R#101): Test NLopt tutorial example with NLOPT_LN_COBYLA with gradient information.
     res1$solution not equal to solution.opt
     Mean relative difference: 0.02598154
    
     2. Failure(@test-hs023.R#90): Test HS023. --------------------------------------
     res$solution not equal to solution.opt
     Mean relative difference: 2
    
     3. Failure(@test-hs023.R#95): Test HS023. --------------------------------------
     all(eval_g_ineq(res$solution)$constr <= res$options$tol_constraints_ineq) isn't true
    
     Error: Test failures
     Execution halted
Flavor: r-patched-solaris-sparc

Version: 1.0.4
Check: tests
Result: ERROR
    Running the tests in ‘tests/test-all.R’ failed.
    Last 13 lines of output:
     HS023 : ....
     HS071 : .....
     Simple polynomial with additional data. : ..
     Simple contstrained problem. : ....
     System of equations. : ....
    
    
     1. Failure(@test-example.R#101): Test NLopt tutorial example with NLOPT_LN_COBYLA with gradient information.
     res1$solution not equal to solution.opt
     Mean relative difference: 0.02598154
    
     Error: Test failures
     Execution halted
Flavor: r-patched-solaris-x86