CRAN Package Check Results for Package nloptr

Last updated on 2018-06-23 20:46:39 CEST.

Flavor Version Tinstall Tcheck Ttotal Status Flags
r-devel-linux-x86_64-debian-clang 1.0.4 4.42 35.85 40.27 NOTE
r-devel-linux-x86_64-debian-gcc 1.0.4 3.66 27.97 31.63 NOTE
r-devel-linux-x86_64-fedora-clang 1.0.4 49.40 NOTE
r-devel-linux-x86_64-fedora-gcc 1.0.4 47.04 NOTE
r-devel-windows-ix86+x86_64 1.0.4 19.00 89.00 108.00 OK
r-patched-linux-x86_64 1.0.4 4.47 34.39 38.86 NOTE
r-patched-solaris-x86 1.0.4 211.10 OK
r-release-linux-x86_64 1.0.4 4.83 34.59 39.42 NOTE
r-release-windows-ix86+x86_64 1.0.4 15.00 97.00 112.00 OK
r-release-osx-x86_64 1.0.4 OK
r-oldrel-windows-ix86+x86_64 1.0.4 17.00 101.00 118.00 OK
r-oldrel-osx-x86_64 1.0.4 OK

Check Details

Version: 1.0.4
Check: compiled code
Result: NOTE
    File ‘nloptr/libs/nloptr.so’:
     Found no calls to: ‘R_registerRoutines’, ‘R_useDynamicSymbols’
    
    It is good practice to register native routines and to disable symbol
    search.
    
    See ‘Writing portable packages’ in the ‘Writing R Extensions’ manual.
Flavors: r-devel-linux-x86_64-debian-clang, r-devel-linux-x86_64-debian-gcc, r-devel-linux-x86_64-fedora-clang, r-devel-linux-x86_64-fedora-gcc, r-patched-linux-x86_64, r-release-linux-x86_64