CRAN Package Check Results for Package nloptr

Last updated on 2016-05-27 19:49:15.

Flavor Version Tinstall Tcheck Ttotal Status Flags
r-devel-linux-x86_64-debian-gcc 1.0.4 2.56 19.73 22.29 OK
r-devel-linux-x86_64-fedora-clang 1.0.4 40.11 OK
r-devel-linux-x86_64-fedora-gcc 1.0.4 37.66 OK
r-devel-osx-x86_64-clang 1.0.4 182.74 OK
r-devel-windows-ix86+x86_64 1.0.4 9.00 54.00 63.00 ERROR
r-patched-linux-x86_64 1.0.4 2.48 19.64 22.12 OK
r-patched-solaris-sparc 1.0.4 578.50 ERROR
r-patched-solaris-x86 1.0.4 188.60 ERROR
r-release-linux-x86_64 1.0.4 2.59 19.94 22.52 OK
r-release-osx-x86_64-mavericks 1.0.4 OK
r-release-windows-ix86+x86_64 1.0.4 15.00 71.00 86.00 OK

Memtest notes: valgrind

Check Details

Version: 1.0.4
Check: running tests for arch ‘x64’
Result: ERROR
    Running the tests in 'tests/test-all.R' failed.
    Last 13 lines of output:
     + print( "package 'testthat' not available, cannot run unit tests" )
     + }
     Loading required package: nloptr
     1. Failure: Test derivative checker. (@test-derivative-checker.R#27) -----------
     sum(res$flag_derivative_warning) not equal to 0.
     1/1 mismatches
     [1] 1 - 0 == 1
    
    
     testthat results ================================================================
     OK: 42 SKIPPED: 0 FAILED: 1
     1. Failure: Test derivative checker. (@test-derivative-checker.R#27)
    
     Error: testthat unit tests failed
     Execution halted
Flavor: r-devel-windows-ix86+x86_64

Version: 1.0.4
Check: tests
Result: ERROR
    Running the tests in ‘tests/test-all.R’ failed.
    Last 13 lines of output:
    
     3. Failure: Test HS023. (@test-hs023.R#95) -------------------------------------
     all(eval_g_ineq(res$solution)$constr <= res$options$tol_constraints_ineq) isn't true.
    
    
     testthat results ================================================================
     OK: 40 SKIPPED: 0 FAILED: 3
     1. Failure: Test NLopt tutorial example with NLOPT_LN_COBYLA with gradient information. (@test-example.R#101)
     2. Failure: Test HS023. (@test-hs023.R#90)
     3. Failure: Test HS023. (@test-hs023.R#95)
    
     Error: testthat unit tests failed
     Execution halted
Flavor: r-patched-solaris-sparc

Version: 1.0.4
Check: tests
Result: ERROR
    Running the tests in ‘tests/test-all.R’ failed.
    Last 13 lines of output:
     1. Failure: Test NLopt tutorial example with NLOPT_LN_COBYLA with gradient information. (@test-example.R#101)
     res1$solution not equal to `solution.opt`.
     2/2 mismatches (average diff: 0.00818)
     [1] 0.328 - 0.333 == -0.00572
     [2] 0.307 - 0.296 == 0.01064
    
    
     testthat results ================================================================
     OK: 42 SKIPPED: 0 FAILED: 1
     1. Failure: Test NLopt tutorial example with NLOPT_LN_COBYLA with gradient information. (@test-example.R#101)
    
     Error: testthat unit tests failed
     Execution halted
Flavor: r-patched-solaris-x86