CRAN Package Check Results for Package nloptr

Last updated on 2017-03-29 20:49:39.

Flavor Version Tinstall Tcheck Ttotal Status Flags
r-devel-linux-x86_64-debian-clang 1.0.4 3.29 22.50 25.78 ERROR
r-devel-linux-x86_64-debian-gcc 1.0.4 2.80 22.25 25.05 NOTE
r-devel-linux-x86_64-fedora-clang 1.0.4 46.02 NOTE --no-stop-on-test-error
r-devel-linux-x86_64-fedora-gcc 1.0.4 45.07 NOTE --no-stop-on-test-error
r-devel-macos-x86_64-clang 1.0.4 129.16 NOTE --no-stop-on-test-error
r-devel-windows-ix86+x86_64 1.0.4 14.00 83.00 97.00 OK
r-patched-linux-x86_64 1.0.4 3.32 22.47 25.79 NOTE
r-patched-solaris-sparc 1.0.4 793.20 ERROR
r-patched-solaris-x86 1.0.4 225.50 OK
r-release-linux-x86_64 1.0.4 2.64 20.15 22.79 OK
r-release-osx-x86_64-mavericks 1.0.4 OK
r-release-windows-ix86+x86_64 1.0.4 14.00 120.00 134.00 OK
r-oldrel-windows-ix86+x86_64 1.0.4 24.00 136.00 160.00 OK

Memtest notes: valgrind

Check Details

Version: 1.0.4
Check: compiled code
Result: NOTE
    File ‘nloptr/libs/nloptr.so’:
     Found no calls to: ‘R_registerRoutines’, ‘R_useDynamicSymbols’
    
    It is good practice to register native routines and to disable symbol
    search.
    
    See ‘Writing portable packages’ in the ‘Writing R Extensions’ manual.
Flavors: r-devel-linux-x86_64-debian-clang, r-devel-linux-x86_64-debian-gcc, r-patched-linux-x86_64

Version: 1.0.4
Check: tests
Result: ERROR
     Running ‘test-all.R’ [2s/2s]
    Running the tests in ‘tests/test-all.R’ failed.
    Last 13 lines of output:
     + print( "package 'testthat' not available, cannot run unit tests" )
     + }
     Loading required package: nloptr
     1. Failure: Test derivative checker. (@test-derivative-checker.R#62) -----------
     sum(res$flag_derivative_warning) not equal to 2.
     1/1 mismatches
     [1] 3 - 2 == 1
    
    
     testthat results ================================================================
     OK: 42 SKIPPED: 0 FAILED: 1
     1. Failure: Test derivative checker. (@test-derivative-checker.R#62)
    
     Error: testthat unit tests failed
     Execution halted
Flavor: r-devel-linux-x86_64-debian-clang

Version: 1.0.4
Flags: --no-stop-on-test-error
Check: compiled code
Result: NOTE
    File ‘nloptr/libs/nloptr.so’:
     Found no calls to: ‘R_registerRoutines’, ‘R_useDynamicSymbols’
    
    It is good practice to register native routines and to disable symbol
    search.
    
    See ‘Writing portable packages’ in the ‘Writing R Extensions’ manual.
Flavors: r-devel-linux-x86_64-fedora-clang, r-devel-linux-x86_64-fedora-gcc, r-devel-macos-x86_64-clang

Version: 1.0.4
Check: tests
Result: ERROR
     Running ‘test-all.R’ [24s/24s]
    Running the tests in ‘tests/test-all.R’ failed.
    Complete output:
     > if(require("testthat", quietly = TRUE)) {
     + test_check("nloptr")
     + } else {
     + print( "package 'testthat' not available, cannot run unit tests" )
     + }
     Loading required package: nloptr
     Error: nlopt_add_inequality_mconstraint returned NLOPT_INVALID_ARGS.
     1. Failure: Test HS023. (@test-hs023.R#90) -------------------------------------
     res$solution not equal to `solution.opt`.
     1/2 mismatches
     [1] 3 - 1 == 2
    
    
     2. Failure: Test HS023. (@test-hs023.R#95) -------------------------------------
     all(eval_g_ineq(res$solution)$constr <= res$options$tol_constraints_ineq) isn't true.
    
    
     testthat results ================================================================
     OK: 41 SKIPPED: 0 FAILED: 2
     1. Failure: Test HS023. (@test-hs023.R#90)
     2. Failure: Test HS023. (@test-hs023.R#95)
    
     Error: testthat unit tests failed
     Execution halted
Flavor: r-patched-solaris-sparc