CRAN Package Check Results for Package nloptr

Last updated on 2018-02-23 22:48:06 CET.

Flavor Version Tinstall Tcheck Ttotal Status Flags
r-devel-linux-x86_64-debian-clang 1.0.4 4.21 33.79 38.00 NOTE
r-devel-linux-x86_64-debian-gcc 1.0.4 3.54 26.52 30.06 NOTE
r-devel-linux-x86_64-fedora-clang 1.0.4 49.40 NOTE
r-devel-linux-x86_64-fedora-gcc 1.0.4 46.87 NOTE
r-devel-windows-ix86+x86_64 1.0.4 19.00 64.00 83.00 OK
r-patched-linux-x86_64 1.0.4 3.59 35.02 38.61 NOTE
r-patched-solaris-x86 1.0.4 263.50 OK
r-release-linux-x86_64 1.0.4 3.71 34.75 38.46 NOTE
r-release-windows-ix86+x86_64 1.0.4 11.00 85.00 96.00 OK
r-release-osx-x86_64 1.0.4 OK
r-oldrel-windows-ix86+x86_64 1.0.4 10.00 66.00 76.00 OK
r-oldrel-osx-x86_64 1.0.4 OK

Check Details

Version: 1.0.4
Check: compiled code
Result: NOTE
    File ‘nloptr/libs/nloptr.so’:
     Found no calls to: ‘R_registerRoutines’, ‘R_useDynamicSymbols’
    
    It is good practice to register native routines and to disable symbol
    search.
    
    See ‘Writing portable packages’ in the ‘Writing R Extensions’ manual.
Flavors: r-devel-linux-x86_64-debian-clang, r-devel-linux-x86_64-debian-gcc, r-devel-linux-x86_64-fedora-clang, r-devel-linux-x86_64-fedora-gcc, r-patched-linux-x86_64, r-release-linux-x86_64