CRAN Package Check Results for Package nloptr

Last updated on 2015-03-27 19:48:30.

Flavor Version Tinstall Tcheck Ttotal Status Flags
r-devel-linux-x86_64-debian-clang 1.0.4 7.01 19.61 26.62 OK
r-devel-linux-x86_64-debian-gcc 1.0.4 2.32 18.39 20.70 OK
r-devel-linux-x86_64-fedora-clang 1.0.4 42.01 OK
r-devel-linux-x86_64-fedora-gcc 1.0.4 40.19 OK
r-devel-osx-x86_64-clang 1.0.4 139.06 OK
r-prerel-windows-ix86+x86_64 1.0.4 13.00 83.00 96.00 ERROR
r-prerel-linux-x86_64 1.0.4 7.94 19.18 27.12 OK
r-prerel-solaris-sparc 1.0.4 610.30 ERROR
r-prerel-solaris-x86 1.0.4 191.30 ERROR
r-release-linux-x86_64 1.0.4 4.25 19.84 24.09 OK
r-release-osx-x86_64-mavericks 1.0.4 OK
r-release-osx-x86_64-snowleopard 1.0.4 OK
r-release-windows-ix86+x86_64 1.0.4 11.00 80.00 91.00 OK
r-oldrel-windows-ix86+x86_64 1.0.4 9.00 94.00 103.00 OK

Memtest notes: valgrind

Check Details

Version: 1.0.4
Check: running tests for arch 'i386'
Result: ERROR
    Running the tests in 'tests/test-all.R' failed.
    Last 13 lines of output:
     Simple contstrained problem. : ....
     System of equations. : ....
    
    
     1. Failure(@test-hs023.R#90): Test HS023. --------------------------------------
     res$solution not equal to solution.opt
     Mean relative difference: 2
    
     2. Failure(@test-hs023.R#95): Test HS023. --------------------------------------
     all(eval_g_ineq(res$solution)$constr <= res$options$tol_constraints_ineq) isn't true
    
     Error: Test failures
     Execution halted
Flavor: r-prerel-windows-ix86+x86_64

Version: 1.0.4
Check: tests
Result: ERROR
    Running the tests in ‘tests/test-all.R’ failed.
    Last 13 lines of output:
     1. Failure(@test-example.R#101): Test NLopt tutorial example with NLOPT_LN_COBYLA with gradient information.
     res1$solution not equal to solution.opt
     Mean relative difference: 0.02598154
    
     2. Failure(@test-hs023.R#90): Test HS023. --------------------------------------
     res$solution not equal to solution.opt
     Mean relative difference: 2
    
     3. Failure(@test-hs023.R#95): Test HS023. --------------------------------------
     all(eval_g_ineq(res$solution)$constr <= res$options$tol_constraints_ineq) isn't true
    
     Error: Test failures
     Execution halted
Flavor: r-prerel-solaris-sparc

Version: 1.0.4
Check: tests
Result: ERROR
    Running the tests in ‘tests/test-all.R’ failed.
    Last 13 lines of output:
     HS023 : ....
     HS071 : .....
     Simple polynomial with additional data. : ..
     Simple contstrained problem. : ....
     System of equations. : ....
    
    
     1. Failure(@test-example.R#101): Test NLopt tutorial example with NLOPT_LN_COBYLA with gradient information.
     res1$solution not equal to solution.opt
     Mean relative difference: 0.02598154
    
     Error: Test failures
     Execution halted
Flavor: r-prerel-solaris-x86