CRAN Package Check Results for Package nloptr

Last updated on 2015-08-29 03:48:55.

Flavor Version Tinstall Tcheck Ttotal Status Flags
r-devel-linux-x86_64-debian-clang 1.0.4 2.28 18.27 20.56 OK
r-devel-linux-x86_64-debian-gcc 1.0.4 2.24 18.10 20.34 OK
r-devel-linux-x86_64-fedora-clang 1.0.4 42.69 OK
r-devel-linux-x86_64-fedora-gcc 1.0.4 22.30 OK
r-devel-osx-x86_64-clang 1.0.4 122.29 OK
r-devel-windows-ix86+x86_64 1.0.4 14.00 92.00 106.00 OK
r-patched-linux-x86_64 1.0.4 2.38 19.20 21.58 OK
r-patched-solaris-sparc 1.0.4 604.60 ERROR
r-patched-solaris-x86 1.0.4 223.70 ERROR
r-release-linux-x86_64 1.0.4 2.33 19.32 21.66 OK
r-release-osx-x86_64-mavericks 1.0.4 OK
r-release-windows-ix86+x86_64 1.0.4 13.00 94.00 107.00 OK
r-oldrel-windows-ix86+x86_64 1.0.4 15.00 92.00 107.00 OK

Memtest notes: valgrind

Check Details

Version: 1.0.4
Check: tests
Result: ERROR
    Running the tests in ‘tests/test-all.R’ failed.
    Last 13 lines of output:
     1 1 3 -2
    
     3. Failure (at test-hs023.R#95): Test HS023. -----------------------------------
     all(eval_g_ineq(res$solution)$constr <= res$options$tol_constraints_ineq) isn't true
    
     testthat results ================================================================
     OK: 40 SKIPPED: 0 FAILED: 3
     1. Failure (at test-example.R#101): Test NLopt tutorial example with NLOPT_LN_COBYLA with gradient information.
     2. Failure (at test-hs023.R#90): Test HS023.
     3. Failure (at test-hs023.R#95): Test HS023.
    
     Error: testthat unit tests failed
     Execution halted
Flavor: r-patched-solaris-sparc

Version: 1.0.4
Check: tests
Result: ERROR
    Running the tests in ‘tests/test-all.R’ failed.
    Last 13 lines of output:
     res1$solution not equal to solution.opt
     2/2 mismatches (average diff: 0.00818).
     First 2:
     pos x y diff
     1 0.333 0.328 0.00572
     2 0.296 0.307 -0.01064
    
     testthat results ================================================================
     OK: 42 SKIPPED: 0 FAILED: 1
     1. Failure (at test-example.R#101): Test NLopt tutorial example with NLOPT_LN_COBYLA with gradient information.
    
     Error: testthat unit tests failed
     Execution halted
Flavor: r-patched-solaris-x86