CRAN Package Check Results for Package nlreg

Last updated on 2014-09-21 07:47:11.

Flavor Version Tinstall Tcheck Ttotal Status Flags
r-devel-linux-x86_64-debian-clang 1.2-2 1.28 29.65 30.93 OK
r-devel-linux-x86_64-debian-gcc 1.2-2 1.37 29.01 30.38 OK
r-devel-linux-x86_64-fedora-clang 1.2-2 61.11 OK
r-devel-linux-x86_64-fedora-gcc 1.2-2 56.37 OK
r-devel-osx-x86_64-clang 1.2-2 57.68 OK
r-devel-windows-ix86+x86_64 1.2-2 5.00 44.00 49.00 OK
r-patched-linux-x86_64 1.2-2 1.29 32.19 33.48 OK
r-patched-solaris-sparc 1.2-2 360.30 OK
r-patched-solaris-x86 1.2-2 76.80 OK
r-release-linux-ix86 1.2-2 1.78 39.90 41.68 OK
r-release-linux-x86_64 1.2-2 1.33 31.66 33.00 OK
r-release-osx-x86_64-mavericks 1.2-2 OK
r-release-osx-x86_64-snowleopard 1.2-2 NOTE
r-release-windows-ix86+x86_64 1.2-2 5.00 43.00 48.00 OK
r-oldrel-windows-ix86+x86_64 1.2-2 6.00 46.00 52.00 OK

Check Details

Version: 1.2-2
Check: package dependencies
Result: NOTE
    Packages suggested but not available for checking:
     ‘cond’ ‘csampling’ ‘marg’
Flavor: r-release-osx-x86_64-snowleopard

Version: 1.2-2
Check: Rd cross-references
Result: NOTE
    Package unavailable to check Rd xrefs: ‘marg’
Flavor: r-release-osx-x86_64-snowleopard