CRAN Package Check Results for Package nlreg

Last updated on 2018-05-21 09:47:55 CEST.

Flavor Version Tinstall Tcheck Ttotal Status Flags
r-devel-linux-x86_64-debian-clang 1.2-2.1 10.49 74.03 84.52 NOTE
r-devel-linux-x86_64-debian-gcc 1.2-2.1 7.29 65.11 72.40 NOTE
r-devel-linux-x86_64-fedora-clang 1.2-2.1 114.33 NOTE
r-devel-linux-x86_64-fedora-gcc 1.2-2.1 109.46 NOTE
r-devel-windows-ix86+x86_64 1.2-2.1 15.00 92.00 107.00 OK
r-patched-linux-x86_64 1.2-2.1 8.09 75.65 83.74 NOTE
r-patched-solaris-x86 1.2-2.1 148.50 NOTE
r-release-linux-x86_64 1.2-2.1 9.64 74.84 84.48 NOTE
r-release-windows-ix86+x86_64 1.2-2.1 19.00 112.00 131.00 OK
r-release-osx-x86_64 1.2-2.1 OK
r-oldrel-windows-ix86+x86_64 1.2-2.1 8.00 113.00 121.00 OK
r-oldrel-osx-x86_64 1.2-2.1 OK

Check Details

Version: 1.2-2.1
Check: S3 generic/method consistency
Result: NOTE
    Found the following apparent S3 methods exported but not registered:
     all.profiles.nlreg fitted.values.nlreg
    See section ‘Registering S3 methods’ in the ‘Writing R Extensions’
    manual.
Flavors: r-devel-linux-x86_64-debian-clang, r-devel-linux-x86_64-debian-gcc, r-devel-linux-x86_64-fedora-clang, r-devel-linux-x86_64-fedora-gcc, r-patched-linux-x86_64, r-patched-solaris-x86, r-release-linux-x86_64