CRAN Package Check Results for Package nlreg

Last updated on 2014-07-22 23:48:22.

Flavor Version Tinstall Tcheck Ttotal Status Flags
r-devel-linux-x86_64-debian-clang 1.2-2 1.36 31.03 32.39 OK
r-devel-linux-x86_64-debian-gcc 1.2-2 1.30 30.41 31.71 OK
r-devel-linux-x86_64-fedora-clang 1.2-2 67.05 OK
r-devel-linux-x86_64-fedora-gcc 1.2-2 64.44 OK
r-devel-osx-x86_64-clang 1.2-2 56.78 OK
r-devel-windows-ix86+x86_64 1.2-2 6.00 48.00 54.00 OK
r-patched-linux-x86_64 1.2-2 1.33 30.13 31.46 OK
r-patched-solaris-sparc 1.2-2 347.00 OK
r-patched-solaris-x86 1.2-2 76.30 OK
r-release-linux-ix86 1.2-2 1.77 39.62 41.39 OK
r-release-linux-x86_64 1.2-2 1.32 32.99 34.32 OK
r-release-osx-x86_64-mavericks 1.2-2 OK
r-release-osx-x86_64-snowleopard 1.2-2 NOTE
r-release-windows-ix86+x86_64 1.2-2 4.00 48.00 52.00 OK
r-oldrel-windows-ix86+x86_64 1.2-2 5.00 49.00 54.00 OK

Check Details

Version: 1.2-2
Check: package dependencies
Result: NOTE
    Packages suggested but not available for checking:
     ‘cond’ ‘csampling’ ‘marg’
Flavor: r-release-osx-x86_64-snowleopard

Version: 1.2-2
Check: Rd cross-references
Result: NOTE
    Package unavailable to check Rd xrefs: ‘marg’
Flavor: r-release-osx-x86_64-snowleopard