CRAN Package Check Results for Package nlreg

Last updated on 2014-12-22 23:48:51.

Flavor Version Tinstall Tcheck Ttotal Status Flags
r-devel-linux-x86_64-debian-clang 1.2-2 1.46 30.68 32.14 OK
r-devel-linux-x86_64-debian-gcc 1.2-2 1.24 31.58 32.82 OK
r-devel-linux-x86_64-fedora-clang 1.2-2 63.47 OK
r-devel-linux-x86_64-fedora-gcc 1.2-2 59.02 OK
r-devel-osx-x86_64-clang 1.2-2 62.02 OK
r-devel-windows-ix86+x86_64 1.2-2 6.00 48.00 54.00 OK
r-patched-linux-x86_64 1.2-2 2.00 30.96 32.96 OK
r-patched-solaris-sparc 1.2-2 367.80 OK
r-patched-solaris-x86 1.2-2 77.70 OK
r-release-linux-ix86 1.2-2 1.80 38.16 39.96 OK
r-release-linux-x86_64 1.2-2 1.48 31.32 32.80 OK
r-release-osx-x86_64-mavericks 1.2-2 OK
r-release-osx-x86_64-snowleopard 1.2-2 NOTE
r-release-windows-ix86+x86_64 1.2-2 6.00 50.00 56.00 OK
r-oldrel-windows-ix86+x86_64 1.2-2 7.00 51.00 58.00 OK

Check Details

Version: 1.2-2
Check: package dependencies
Result: NOTE
    Packages suggested but not available for checking:
     ‘cond’ ‘csampling’ ‘marg’
Flavor: r-release-osx-x86_64-snowleopard

Version: 1.2-2
Check: Rd cross-references
Result: NOTE
    Package unavailable to check Rd xrefs: ‘marg’
Flavor: r-release-osx-x86_64-snowleopard