CRAN Package Check Results for Package nlreg

Last updated on 2015-03-28 19:50:10.

Flavor Version Tinstall Tcheck Ttotal Status Flags
r-devel-linux-x86_64-debian-clang 1.2-2 1.20 28.32 29.52 NOTE
r-devel-linux-x86_64-debian-gcc 1.2-2 1.54 27.88 29.42 NOTE
r-devel-linux-x86_64-fedora-clang 1.2-2 57.15 NOTE
r-devel-linux-x86_64-fedora-gcc 1.2-2 58.26 NOTE
r-devel-osx-x86_64-clang 1.2-2 62.16 NOTE
r-prerel-windows-ix86+x86_64 1.2-2 7.00 46.00 53.00 NOTE
r-prerel-linux-x86_64 1.2-2 1.19 28.30 29.50 NOTE
r-prerel-solaris-sparc 1.2-2 359.00 NOTE
r-prerel-solaris-x86 1.2-2 70.80 NOTE
r-release-linux-x86_64 1.2-2 1.92 31.68 33.60 OK
r-release-osx-x86_64-mavericks 1.2-2 OK
r-release-osx-x86_64-snowleopard 1.2-2 NOTE
r-release-windows-ix86+x86_64 1.2-2 5.00 53.00 58.00 OK
r-oldrel-windows-ix86+x86_64 1.2-2 5.00 54.00 59.00 OK

Check Details

Version: 1.2-2
Check: DESCRIPTION meta-information
Result: NOTE
    Malformed Description field: should contain one or more complete sentences.
Flavors: r-devel-linux-x86_64-debian-clang, r-devel-linux-x86_64-debian-gcc, r-devel-linux-x86_64-fedora-clang, r-devel-linux-x86_64-fedora-gcc, r-devel-osx-x86_64-clang, r-prerel-windows-ix86+x86_64, r-prerel-linux-x86_64, r-prerel-solaris-sparc, r-prerel-solaris-x86

Version: 1.2-2
Check: S3 generic/method consistency
Result: NOTE
    Found the following apparent S3 methods exported but not registered:
     all.profiles.nlreg coef.nlreg contour.all.nlreg.profiles
     expInfo.nlreg fitted.nlreg fitted.values.nlreg logLik.nlreg mpl.nlreg
     obsInfo.nlreg param.nlreg plot.all.nlreg.profiles plot.nlreg.contours
     plot.nlreg.diag plot.nlreg.profile print.all.nlreg.profiles print.mpl
     print.nlreg print.nlreg.contours print.nlreg.profile
     print.summary.all.nlreg.profiles print.summary.mpl
     print.summary.nlreg print.summary.nlreg.profile profile.nlreg
     residuals.nlreg summary.all.nlreg.profiles summary.mpl summary.nlreg
     summary.nlreg.profile var2cor.mpl var2cor.nlreg var2cor.summary.mpl
     var2cor.summary.nlreg
    See section ‘Registering S3 methods’ in the ‘Writing R Extensions’
    manual.
Flavors: r-devel-linux-x86_64-debian-clang, r-devel-linux-x86_64-debian-gcc, r-devel-linux-x86_64-fedora-clang, r-devel-linux-x86_64-fedora-gcc, r-devel-osx-x86_64-clang, r-prerel-linux-x86_64

Version: 1.2-2
Check: package dependencies
Result: NOTE
    Packages suggested but not available for checking:
     ‘cond’ ‘csampling’ ‘marg’
Flavor: r-release-osx-x86_64-snowleopard

Version: 1.2-2
Check: Rd cross-references
Result: NOTE
    Package unavailable to check Rd xrefs: ‘marg’
Flavor: r-release-osx-x86_64-snowleopard