CRAN Package Check Results for Package nlreg

Last updated on 2014-10-31 11:47:27.

Flavor Version Tinstall Tcheck Ttotal Status Flags
r-devel-linux-x86_64-debian-clang 1.2-2 1.44 30.44 31.88 OK
r-devel-linux-x86_64-debian-gcc 1.2-2 1.30 32.96 34.26 OK
r-devel-linux-x86_64-fedora-clang 1.2-2 64.06 OK
r-devel-linux-x86_64-fedora-gcc 1.2-2 57.90 OK
r-devel-osx-x86_64-clang 1.2-2 60.47 OK
r-devel-windows-ix86+x86_64 1.2-2 5.00 42.00 47.00 OK
r-patched-linux-x86_64 1.2-2 1.38 32.08 33.46 OK
r-patched-solaris-sparc 1.2-2 360.30 OK
r-patched-solaris-x86 1.2-2 79.30 OK
r-release-linux-ix86 1.2-2 1.78 40.00 41.78 OK
r-release-linux-x86_64 1.2-2 1.33 31.40 32.73 OK
r-release-osx-x86_64-mavericks 1.2-2 OK
r-release-osx-x86_64-snowleopard 1.2-2 NOTE
r-release-windows-ix86+x86_64 1.2-2 5.00 47.00 52.00 OK
r-oldrel-windows-ix86+x86_64 1.2-2 6.00 50.00 56.00 OK

Check Details

Version: 1.2-2
Check: package dependencies
Result: NOTE
    Packages suggested but not available for checking:
     ‘cond’ ‘csampling’ ‘marg’
Flavor: r-release-osx-x86_64-snowleopard

Version: 1.2-2
Check: Rd cross-references
Result: NOTE
    Package unavailable to check Rd xrefs: ‘marg’
Flavor: r-release-osx-x86_64-snowleopard