CRAN Package Check Results for Package nlreg

Last updated on 2014-04-23 07:55:04.

Flavor Version Tinstall Tcheck Ttotal Status Flags
r-devel-linux-x86_64-debian-clang 1.2-2 1.40 32.73 34.12 OK
r-devel-linux-x86_64-debian-gcc 1.2-2 1.49 32.08 33.57 OK
r-devel-linux-x86_64-fedora-clang 1.2-2 64.44 OK
r-devel-linux-x86_64-fedora-gcc 1.2-2 62.56 OK
r-devel-osx-x86_64-clang 1.2-2 56.73 OK
r-devel-osx-x86_64-gcc 1.2-2 NOTE
r-devel-windows-ix86+x86_64 1.2-2 4.00 43.00 47.00 OK
r-patched-linux-x86_64 1.2-2 1.35 31.72 33.07 OK
r-patched-solaris-sparc 1.2-2 347.00 OK
r-patched-solaris-x86 1.2-2 77.20 OK
r-release-linux-ix86 1.2-2 2.00 53.00 55.00 OK
r-release-linux-x86_64 1.2-2 1.41 31.86 33.28 OK
r-release-osx-x86_64-mavericks 1.2-2 WARN
r-release-osx-x86_64-snowleopard 1.2-2 NOTE
r-release-windows-ix86+x86_64 1.2-2 4.00 45.00 49.00 OK
r-oldrel-windows-ix86+x86_64 1.2-2 5.00 48.00 53.00 OK

Check Details

Version: 1.2-2
Check: package dependencies
Result: NOTE
    Packages suggested but not available for checking:
     ‘cond’ ‘csampling’ ‘marg’
Flavors: r-devel-osx-x86_64-gcc, r-release-osx-x86_64-mavericks, r-release-osx-x86_64-snowleopard

Version: 1.2-2
Check: Rd cross-references
Result: NOTE
    Package unavailable to check Rd xrefs: ‘marg’
Flavors: r-devel-osx-x86_64-gcc, r-release-osx-x86_64-mavericks, r-release-osx-x86_64-snowleopard

Version: 1.2-2
Check: PDF version of manual
Result: WARNING
    LaTeX errors when creating PDF version.
    This typically indicates Rd problems.
    LaTeX errors found:
    ! LaTeX Error: File `upquote.sty' not found.
    
    Type X to quit or <RETURN> to proceed,
    or enter new name. (Default extension: sty)
    
    /private/tmp/Rtmpv7UErV/Rd2pdf142e270528240/Rd2.tex:8: ==> Fatal error occurre
    d, no output PDF file produced!
Flavor: r-release-osx-x86_64-mavericks