CRAN Package Check Results for Package nlreg

Last updated on 2014-11-26 10:47:40.

Flavor Version Tinstall Tcheck Ttotal Status Flags
r-devel-linux-x86_64-debian-clang 1.2-2 1.30 30.90 32.19 OK
r-devel-linux-x86_64-debian-gcc 1.2-2 1.42 30.11 31.52 OK
r-devel-linux-x86_64-fedora-clang 1.2-2 63.75 OK
r-devel-linux-x86_64-fedora-gcc 1.2-2 60.52 OK
r-devel-osx-x86_64-clang 1.2-2 59.93 OK
r-devel-windows-ix86+x86_64 1.2-2 5.00 43.00 48.00 OK
r-patched-linux-x86_64 1.2-2 1.36 31.37 32.73 OK
r-patched-solaris-sparc 1.2-2 360.30 OK
r-patched-solaris-x86 1.2-2 78.40 OK
r-release-linux-ix86 1.2-2 1.83 37.77 39.60 OK
r-release-linux-x86_64 1.2-2 1.38 31.30 32.68 OK
r-release-osx-x86_64-mavericks 1.2-2 OK
r-release-osx-x86_64-snowleopard 1.2-2 NOTE
r-release-windows-ix86+x86_64 1.2-2 5.00 52.00 57.00 OK
r-oldrel-windows-ix86+x86_64 1.2-2 5.00 50.00 55.00 OK

Check Details

Version: 1.2-2
Check: package dependencies
Result: NOTE
    Packages suggested but not available for checking:
     ‘cond’ ‘csampling’ ‘marg’
Flavor: r-release-osx-x86_64-snowleopard

Version: 1.2-2
Check: Rd cross-references
Result: NOTE
    Package unavailable to check Rd xrefs: ‘marg’
Flavor: r-release-osx-x86_64-snowleopard