CRAN Package Check Results for Package nlreg

Last updated on 2015-01-31 20:46:53.

Flavor Version Tinstall Tcheck Ttotal Status Flags
r-devel-linux-x86_64-debian-clang 1.2-2 1.22 29.41 30.64 NOTE
r-devel-linux-x86_64-debian-gcc 1.2-2 1.19 28.98 30.17 NOTE
r-devel-linux-x86_64-fedora-clang 1.2-2 63.11 NOTE
r-devel-linux-x86_64-fedora-gcc 1.2-2 57.50 NOTE
r-devel-osx-x86_64-clang 1.2-2 62.10 NOTE
r-devel-windows-ix86+x86_64 1.2-2 8.00 40.00 48.00 OK
r-patched-linux-x86_64 1.2-2 1.52 31.24 32.76 OK
r-patched-solaris-sparc 1.2-2 368.30 OK
r-patched-solaris-x86 1.2-2 78.10 OK
r-release-linux-ix86 1.2-2 1.84 39.30 41.14 OK
r-release-linux-x86_64 1.2-2 1.38 31.89 33.27 OK
r-release-osx-x86_64-mavericks 1.2-2 OK
r-release-osx-x86_64-snowleopard 1.2-2 NOTE
r-release-windows-ix86+x86_64 1.2-2 5.00 48.00 53.00 OK
r-oldrel-windows-ix86+x86_64 1.2-2 6.00 54.00 60.00 OK

Check Details

Version: 1.2-2
Check: S3 generic/method consistency
Result: NOTE
    Found the following apparent S3 methods exported but not registered:
     expInfo.nlreg mpl.nlreg obsInfo.nlreg param.nlreg var2cor.mpl
     var2cor.nlreg var2cor.summary.mpl var2cor.summary.nlreg
     print.all.nlreg.profiles print.mpl print.nlreg print.nlreg.contours
     print.nlreg.profile print.summary.all.nlreg.profiles
     print.summary.mpl print.summary.nlreg print.summary.nlreg.profile
     summary.all.nlreg.profiles summary.mpl summary.nlreg
     summary.nlreg.profile contour.all.nlreg.profiles
     plot.all.nlreg.profiles plot.nlreg.contours plot.nlreg.diag
     plot.nlreg.profile coef.nlreg fitted.nlreg fitted.values.nlreg
     logLik.nlreg profile.nlreg residuals.nlreg all.profiles.nlreg
    See section ‘Registering S3 methods’ in the ‘Writing R Extensions’
    manual.
Flavors: r-devel-linux-x86_64-debian-clang, r-devel-linux-x86_64-debian-gcc, r-devel-linux-x86_64-fedora-clang, r-devel-linux-x86_64-fedora-gcc, r-devel-osx-x86_64-clang

Version: 1.2-2
Check: package dependencies
Result: NOTE
    Packages suggested but not available for checking:
     ‘cond’ ‘csampling’ ‘marg’
Flavor: r-release-osx-x86_64-snowleopard

Version: 1.2-2
Check: Rd cross-references
Result: NOTE
    Package unavailable to check Rd xrefs: ‘marg’
Flavor: r-release-osx-x86_64-snowleopard