CRAN Package Check Results for Package nlreg

Last updated on 2015-08-01 14:51:02.

Flavor Version Tinstall Tcheck Ttotal Status Flags
r-devel-linux-x86_64-debian-clang 1.2-2 1.20 28.98 30.18 NOTE
r-devel-linux-x86_64-debian-gcc 1.2-2 1.16 32.49 33.65 NOTE
r-devel-linux-x86_64-fedora-clang 1.2-2 59.87 NOTE
r-devel-linux-x86_64-fedora-gcc 1.2-2 54.60 NOTE
r-devel-osx-x86_64-clang 1.2-2 51.23 NOTE
r-devel-windows-ix86+x86_64 1.2-2 7.00 62.00 69.00 NOTE
r-patched-linux-x86_64 1.2-2 1.18 29.20 30.39 NOTE
r-patched-solaris-sparc 1.2-2 358.40 NOTE
r-patched-solaris-x86 1.2-2 75.20 NOTE
r-release-linux-x86_64 1.2-2 1.20 28.80 30.00 NOTE
r-release-osx-x86_64-mavericks 1.2-2 NOTE
r-release-windows-ix86+x86_64 1.2-2 7.00 55.00 62.00 NOTE
r-oldrel-windows-ix86+x86_64 1.2-2 9.00 53.00 62.00 OK

Check Details

Version: 1.2-2
Check: DESCRIPTION meta-information
Result: NOTE
    Malformed Description field: should contain one or more complete sentences.
Flavors: r-devel-linux-x86_64-debian-clang, r-devel-linux-x86_64-debian-gcc, r-devel-linux-x86_64-fedora-clang, r-devel-linux-x86_64-fedora-gcc, r-devel-osx-x86_64-clang, r-devel-windows-ix86+x86_64, r-patched-linux-x86_64, r-patched-solaris-sparc, r-patched-solaris-x86, r-release-linux-x86_64, r-release-osx-x86_64-mavericks, r-release-windows-ix86+x86_64

Version: 1.2-2
Check: S3 generic/method consistency
Result: NOTE
    Found the following apparent S3 methods exported but not registered:
     all.profiles.nlreg coef.nlreg contour.all.nlreg.profiles
     expInfo.nlreg fitted.nlreg fitted.values.nlreg logLik.nlreg mpl.nlreg
     obsInfo.nlreg param.nlreg plot.all.nlreg.profiles plot.nlreg.contours
     plot.nlreg.diag plot.nlreg.profile print.all.nlreg.profiles print.mpl
     print.nlreg print.nlreg.contours print.nlreg.profile
     print.summary.all.nlreg.profiles print.summary.mpl
     print.summary.nlreg print.summary.nlreg.profile profile.nlreg
     residuals.nlreg summary.all.nlreg.profiles summary.mpl summary.nlreg
     summary.nlreg.profile var2cor.mpl var2cor.nlreg var2cor.summary.mpl
     var2cor.summary.nlreg
    See section ‘Registering S3 methods’ in the ‘Writing R Extensions’
    manual.
Flavors: r-devel-linux-x86_64-debian-clang, r-devel-linux-x86_64-debian-gcc, r-devel-linux-x86_64-fedora-clang, r-devel-linux-x86_64-fedora-gcc, r-devel-osx-x86_64-clang, r-patched-linux-x86_64, r-patched-solaris-sparc, r-patched-solaris-x86, r-release-linux-x86_64

Version: 1.2-2
Check: R code for possible problems
Result: NOTE
    contour.all.nlreg.profiles: no visible global function definition for
     ‘par’
    contour.all.nlreg.profiles: no visible global function definition for
     ‘split.screen’
    contour.all.nlreg.profiles: no visible global function definition for
     ‘close.screen’
    contour.all.nlreg.profiles: no visible global function definition for
     ‘qchisq’
    contour.all.nlreg.profiles: no visible global function definition for
     ‘qnorm’
    contour.all.nlreg.profiles: no visible global function definition for
     ‘screen’
    contour.all.nlreg.profiles: no visible global function definition for
     ‘plot’
    contour.all.nlreg.profiles: no visible global function definition for
     ‘lines’
    contour.all.nlreg.profiles: no visible global function definition for
     ‘abline’
    contour.all.nlreg.profiles: no visible global function definition for
     ‘smooth.spline’
    contour.all.nlreg.profiles: no visible global function definition for
     ‘predict’
    contour.all.nlreg.profiles: no visible global function definition for
     ‘spline’
    contour.all.nlreg.profiles: no visible global function definition for
     ‘points’
    contour.all.nlreg.profiles: no visible global function definition for
     ‘contour’
    mpl.nlreg: no visible global function definition for ‘resid’
    mpl.nlreg: no visible global function definition for ‘optim’
    nlreg: no visible global function definition for ‘nls.control’
    nlreg: no visible global function definition for ‘residuals’
    nlreg: no visible global function definition for ‘coef’
    nlreg: no visible global function definition for ‘as.formula’
    nlreg: no visible global function definition for ‘fitted’
    nlreg: no visible global function definition for ‘optim’
    nlreg.diag: no visible global function definition for ‘lm’
    nlreg.diag: no visible global function definition for ‘coef’
    nlreg.diag: no visible global function definition for ‘update’
    nlreg.diag.plots: no visible global function definition for ‘plot’
    plot.all.nlreg.profiles: no visible global function definition for
     ‘par’
    plot.all.nlreg.profiles : plot.prof: no visible global function
     definition for ‘qnorm’
    plot.all.nlreg.profiles : plot.prof: no visible global function
     definition for ‘matplot’
    plot.all.nlreg.profiles : plot.prof: no visible global function
     definition for ‘lines’
    plot.all.nlreg.profiles : plot.prof: no visible global function
     definition for ‘abline’
    plot.nlreg.contours: no visible global function definition for ‘qchisq’
    plot.nlreg.contours: no visible global function definition for ‘qnorm’
    plot.nlreg.contours: no visible global function definition for ‘par’
    plot.nlreg.contours: no visible global function definition for
     ‘split.screen’
    plot.nlreg.contours: no visible global function definition for
     ‘close.screen’
    plot.nlreg.contours: no visible global function definition for ‘screen’
    plot.nlreg.contours: no visible global function definition for ‘plot’
    plot.nlreg.contours: no visible global function definition for ‘lines’
    plot.nlreg.contours: no visible global function definition for ‘abline’
    plot.nlreg.contours: no visible global function definition for ‘points’
    plot.nlreg.contours: no visible global function definition for
     ‘contour’
    plot.nlreg.diag: no visible global function definition for ‘menu’
    plot.nlreg.diag: no visible global function definition for ‘par’
    plot.nlreg.diag: no visible global function definition for
     ‘close.screen’
    plot.nlreg.diag: no visible global function definition for
     ‘split.screen’
    plot.nlreg.diag: no visible global function definition for ‘screen’
    plot.nlreg.diag: no visible global function definition for ‘plot’
    plot.nlreg.diag: no visible global function definition for ‘qnorm’
    plot.nlreg.diag: no visible global function definition for ‘ppoints’
    plot.nlreg.diag: no visible global function definition for ‘abline’
    plot.nlreg.diag: no visible global function definition for ‘identify’
    plot.nlreg.diag: no visible global function definition for ‘text’
    plot.nlreg.profile: no visible global function definition for ‘qnorm’
    plot.nlreg.profile: no visible global function definition for ‘plot’
    plot.nlreg.profile: no visible global function definition for ‘lines’
    plot.nlreg.profile: no visible global function definition for ‘abline’
    plot.nlreg.profile: no visible global function definition for ‘legend’
    plot.nlreg.profile: no visible global function definition for ‘locator’
    plot.nlreg.profile: no visible global function definition for ‘par’
    print.summary.nlreg: no visible global function definition for
     ‘printCoefmat’
    profile.nlreg: no visible global function definition for ‘resid’
    profile.nlreg: no visible global function definition for ‘spline’
    summary.all.nlreg.profiles: no visible global function definition for
     ‘qnorm’
    summary.all.nlreg.profiles : getCI: no visible global function
     definition for ‘predict’
    summary.all.nlreg.profiles : getCI: no visible global function
     definition for ‘smooth.spline’
    summary.nlreg: no visible global function definition for ‘pnorm’
    summary.nlreg.profile: no visible global function definition for
     ‘qnorm’
    summary.nlreg.profile: no visible global function definition for
     ‘predict’
    summary.nlreg.profile: no visible global function definition for
     ‘smooth.spline’
    Undefined global functions or variables:
     abline as.formula close.screen coef contour fitted identify legend
     lines lm locator matplot menu nls.control optim par plot pnorm points
     ppoints predict printCoefmat qchisq qnorm resid residuals screen
     smooth.spline spline split.screen text update
    Consider adding
     importFrom("graphics", "abline", "close.screen", "contour", "identify",
     "legend", "lines", "locator", "matplot", "par", "plot",
     "points", "screen", "split.screen", "text")
     importFrom("stats", "as.formula", "coef", "fitted", "lm",
     "nls.control", "optim", "pnorm", "ppoints", "predict",
     "printCoefmat", "qchisq", "qnorm", "resid", "residuals",
     "smooth.spline", "spline", "update")
     importFrom("utils", "menu")
    to your NAMESPACE.
Flavors: r-devel-linux-x86_64-debian-clang, r-devel-linux-x86_64-debian-gcc, r-devel-linux-x86_64-fedora-clang, r-devel-linux-x86_64-fedora-gcc, r-devel-windows-ix86+x86_64