CRAN Package Check Results for Package nls2

Last updated on 2015-04-25 10:48:21.

Flavor Version Tinstall Tcheck Ttotal Status Flags
r-devel-linux-x86_64-debian-clang 0.2 0.49 11.44 11.93 NOTE
r-devel-linux-x86_64-debian-gcc 0.2 0.48 11.42 11.90 NOTE
r-devel-linux-x86_64-fedora-clang 0.2 23.32 NOTE
r-devel-linux-x86_64-fedora-gcc 0.2 22.00 NOTE
r-devel-osx-x86_64-clang 0.2 27.21 NOTE
r-devel-windows-ix86+x86_64 0.2 2.00 22.00 24.00 NOTE
r-patched-linux-x86_64 0.2 0.49 11.57 12.06 NOTE
r-patched-solaris-sparc 0.2 146.70 NOTE
r-patched-solaris-x86 0.2 32.20 NOTE
r-release-linux-x86_64 0.2 0.48 11.05 11.54 NOTE
r-release-osx-x86_64-mavericks 0.2 NOTE
r-release-osx-x86_64-snowleopard 0.2 NOTE
r-release-windows-ix86+x86_64 0.2 1.00 22.00 23.00 NOTE
r-oldrel-windows-ix86+x86_64 0.2 4.00 22.00 26.00 NOTE

Check Details

Version: 0.2
Check: dependencies in R code
Result: NOTE
    Package in Depends field not imported from: 'proto'
     These packages need to be imported from (in the NAMESPACE file)
     for when this namespace is loaded but not attached.
    Unexported objects imported by ':::' calls:
     'stats:::nlsModel' 'stats:::nlsModel.plinear'
     See the note in ?`:::` about the use of this operator.
Flavors: r-devel-windows-ix86+x86_64, r-patched-linux-x86_64, r-release-windows-ix86+x86_64, r-oldrel-windows-ix86+x86_64