CRAN Package Check Results for Package nls2

Last updated on 2017-03-30 10:48:25.

Flavor Version Tinstall Tcheck Ttotal Status Flags
r-devel-linux-x86_64-debian-clang 0.2 1.12 13.38 14.50 NOTE
r-devel-linux-x86_64-debian-gcc 0.2 0.61 13.55 14.16 NOTE
r-devel-linux-x86_64-fedora-clang 0.2 23.83 NOTE --no-stop-on-test-error
r-devel-linux-x86_64-fedora-gcc 0.2 22.96 NOTE --no-stop-on-test-error
r-devel-macos-x86_64-clang 0.2 20.78 NOTE --no-stop-on-test-error
r-devel-windows-ix86+x86_64 0.2 2.00 39.00 41.00 NOTE
r-patched-linux-x86_64 0.2 0.56 13.48 14.04 NOTE
r-patched-solaris-sparc 0.2 142.80 NOTE
r-patched-solaris-x86 0.2 36.30 NOTE
r-release-linux-x86_64 0.2 0.49 11.64 12.13 NOTE
r-release-osx-x86_64-mavericks 0.2 NOTE
r-release-windows-ix86+x86_64 0.2 6.00 41.00 47.00 NOTE
r-oldrel-windows-ix86+x86_64 0.2 6.00 41.00 47.00 NOTE

Check Details

Version: 0.2
Check: dependencies in R code
Result: NOTE
    Package in Depends field not imported from: ‘proto’
     These packages need to be imported from (in the NAMESPACE file)
     for when this namespace is loaded but not attached.
    Unexported objects imported by ':::' calls:
     ‘stats:::nlsModel’ ‘stats:::nlsModel.plinear’
     See the note in ?`:::` about the use of this operator.
Flavors: r-devel-linux-x86_64-debian-clang, r-devel-linux-x86_64-debian-gcc, r-devel-windows-ix86+x86_64, r-patched-linux-x86_64, r-patched-solaris-sparc, r-patched-solaris-x86, r-release-linux-x86_64, r-release-osx-x86_64-mavericks, r-release-windows-ix86+x86_64, r-oldrel-windows-ix86+x86_64

Version: 0.2
Check: R code for possible problems
Result: NOTE
    nls2: no visible global function definition for ‘nls.control’
    nls2: no visible global function definition for ‘as.formula’
    nls2: no visible global function definition for ‘coef’
    nls2: no visible global function definition for ‘runif’
    nls2 : <anonymous>: no visible global function definition for
     ‘deviance’
    Undefined global functions or variables:
     as.formula coef deviance nls.control runif
    Consider adding
     importFrom("stats", "as.formula", "coef", "deviance", "nls.control",
     "runif")
    to your NAMESPACE file.
Flavors: r-devel-linux-x86_64-debian-clang, r-devel-linux-x86_64-debian-gcc, r-devel-windows-ix86+x86_64, r-patched-linux-x86_64, r-patched-solaris-sparc, r-patched-solaris-x86, r-release-linux-x86_64, r-release-osx-x86_64-mavericks, r-release-windows-ix86+x86_64

Version: 0.2
Flags: --no-stop-on-test-error
Check: dependencies in R code
Result: NOTE
    Package in Depends field not imported from: ‘proto’
     These packages need to be imported from (in the NAMESPACE file)
     for when this namespace is loaded but not attached.
    Unexported objects imported by ':::' calls:
     ‘stats:::nlsModel’ ‘stats:::nlsModel.plinear’
     See the note in ?`:::` about the use of this operator.
Flavors: r-devel-linux-x86_64-fedora-clang, r-devel-linux-x86_64-fedora-gcc, r-devel-macos-x86_64-clang

Version: 0.2
Flags: --no-stop-on-test-error
Check: R code for possible problems
Result: NOTE
    nls2: no visible global function definition for ‘nls.control’
    nls2: no visible global function definition for ‘as.formula’
    nls2: no visible global function definition for ‘coef’
    nls2: no visible global function definition for ‘runif’
    nls2 : <anonymous>: no visible global function definition for
     ‘deviance’
    Undefined global functions or variables:
     as.formula coef deviance nls.control runif
    Consider adding
     importFrom("stats", "as.formula", "coef", "deviance", "nls.control",
     "runif")
    to your NAMESPACE file.
Flavors: r-devel-linux-x86_64-fedora-clang, r-devel-linux-x86_64-fedora-gcc, r-devel-macos-x86_64-clang