CRAN Package Check Results for Package nls2

Last updated on 2018-05-22 22:48:39 CEST.

Flavor Version Tinstall Tcheck Ttotal Status Flags
r-devel-linux-x86_64-debian-clang 0.2 0.83 21.63 22.46 NOTE
r-devel-linux-x86_64-debian-gcc 0.2 0.75 17.12 17.87 NOTE
r-devel-linux-x86_64-fedora-clang 0.2 27.44 NOTE
r-devel-linux-x86_64-fedora-gcc 0.2 25.71 NOTE
r-devel-windows-ix86+x86_64 0.2 4.00 44.00 48.00 NOTE
r-patched-linux-x86_64 0.2 0.61 20.82 21.43 NOTE
r-patched-solaris-x86 0.2 41.40 NOTE
r-release-linux-x86_64 0.2 0.56 20.66 21.22 NOTE
r-release-windows-ix86+x86_64 0.2 3.00 32.00 35.00 NOTE
r-release-osx-x86_64 0.2 NOTE
r-oldrel-windows-ix86+x86_64 0.2 3.00 30.00 33.00 NOTE
r-oldrel-osx-x86_64 0.2 NOTE

Check Details

Version: 0.2
Check: dependencies in R code
Result: NOTE
    Package in Depends field not imported from: ‘proto’
     These packages need to be imported from (in the NAMESPACE file)
     for when this namespace is loaded but not attached.
    Unexported objects imported by ':::' calls:
     ‘stats:::nlsModel’ ‘stats:::nlsModel.plinear’
     See the note in ?`:::` about the use of this operator.
Flavors: r-devel-linux-x86_64-debian-clang, r-devel-linux-x86_64-debian-gcc, r-devel-linux-x86_64-fedora-clang, r-devel-linux-x86_64-fedora-gcc, r-devel-windows-ix86+x86_64, r-patched-linux-x86_64, r-patched-solaris-x86, r-release-linux-x86_64, r-release-windows-ix86+x86_64, r-release-osx-x86_64, r-oldrel-windows-ix86+x86_64, r-oldrel-osx-x86_64

Version: 0.2
Check: R code for possible problems
Result: NOTE
    nls2: no visible global function definition for ‘nls.control’
    nls2: no visible global function definition for ‘as.formula’
    nls2: no visible global function definition for ‘coef’
    nls2: no visible global function definition for ‘runif’
    nls2 : <anonymous>: no visible global function definition for
     ‘deviance’
    Undefined global functions or variables:
     as.formula coef deviance nls.control runif
    Consider adding
     importFrom("stats", "as.formula", "coef", "deviance", "nls.control",
     "runif")
    to your NAMESPACE file.
Flavors: r-devel-linux-x86_64-debian-clang, r-devel-linux-x86_64-debian-gcc, r-devel-linux-x86_64-fedora-clang, r-devel-linux-x86_64-fedora-gcc, r-devel-windows-ix86+x86_64, r-patched-linux-x86_64, r-patched-solaris-x86, r-release-linux-x86_64, r-release-windows-ix86+x86_64, r-release-osx-x86_64, r-oldrel-windows-ix86+x86_64, r-oldrel-osx-x86_64