CRAN Package Check Results for Package nls2

Last updated on 2014-04-21 17:47:56.

Flavor Version Tinstall Tcheck Ttotal Status Flags
r-devel-linux-x86_64-debian-clang 0.2 0.54 12.64 13.18 NOTE
r-devel-linux-x86_64-debian-gcc 0.2 0.61 12.54 13.15 NOTE
r-devel-linux-x86_64-fedora-clang 0.2 25.87 NOTE
r-devel-linux-x86_64-fedora-gcc 0.2 24.78 NOTE
r-devel-osx-x86_64-clang 0.2 28.06 NOTE
r-devel-osx-x86_64-gcc 0.2 NOTE
r-devel-windows-ix86+x86_64 0.2 3.00 20.00 23.00 NOTE
r-patched-linux-x86_64 0.2 0.53 12.68 13.21 NOTE
r-patched-solaris-sparc 0.2 154.30 NOTE
r-patched-solaris-x86 0.2 36.60 NOTE
r-release-linux-x86_64 0.2 0.52 12.52 13.04 NOTE
r-release-osx-x86_64-mavericks 0.2 WARN
r-release-osx-x86_64-snowleopard 0.2 NOTE
r-release-windows-ix86+x86_64 0.2 5.00 27.00 32.00 NOTE
r-oldrel-windows-ix86+x86_64 0.2 2.00 22.00 24.00 NOTE

Check Details

Version: 0.2
Check: dependencies in R code
Result: NOTE
    Package in Depends field not imported from: ‘proto’
     These packages need to be imported from (in the NAMESPACE file)
     for when this namespace is loaded but not attached.
    Unexported objects imported by ':::' calls:
     ‘stats:::nlsModel’ ‘stats:::nlsModel.plinear’
     See the note in ?`:::` about the use of this operator.
    See the information on DESCRIPTION files in the chapter ‘Creating R
    packages’ of the ‘Writing R Extensions’ manual.
Flavors: r-devel-linux-x86_64-debian-clang, r-devel-linux-x86_64-debian-gcc, r-devel-linux-x86_64-fedora-clang, r-devel-linux-x86_64-fedora-gcc, r-devel-osx-x86_64-clang, r-devel-osx-x86_64-gcc, r-devel-windows-ix86+x86_64, r-patched-linux-x86_64, r-patched-solaris-sparc, r-patched-solaris-x86, r-release-linux-x86_64, r-release-osx-x86_64-mavericks, r-release-windows-ix86+x86_64, r-oldrel-windows-ix86+x86_64

Version: 0.2
Check: PDF version of manual
Result: WARNING
    LaTeX errors when creating PDF version.
    This typically indicates Rd problems.
    LaTeX errors found:
    ! LaTeX Error: File `upquote.sty' not found.
    
    Type X to quit or <RETURN> to proceed,
    or enter new name. (Default extension: sty)
    
    11a3bb2c/Rd2.tex:8: ==> Fatal error occurred, no output PDF file produced!
Flavor: r-release-osx-x86_64-mavericks

Version: 0.2
Check: dependencies in R code
Result: NOTE
    Unexported objects imported by ':::' calls:
     'stats:::nlsModel' 'stats:::nlsModel.plinear'
     See the note in ?`:::` about the use of this operator.
    See the information on DESCRIPTION files in the chapter 'Creating R
    packages' of the 'Writing R Extensions' manual.
Flavor: r-release-osx-x86_64-snowleopard