CRAN Package Check Results for Package nls2

Last updated on 2014-09-21 17:47:43.

Flavor Version Tinstall Tcheck Ttotal Status Flags
r-devel-linux-x86_64-debian-clang 0.2 0.50 12.20 12.70 NOTE
r-devel-linux-x86_64-debian-gcc 0.2 0.46 11.70 12.16 NOTE
r-devel-linux-x86_64-fedora-clang 0.2 24.66 NOTE
r-devel-linux-x86_64-fedora-gcc 0.2 23.72 NOTE
r-devel-osx-x86_64-clang 0.2 28.91 NOTE
r-devel-windows-ix86+x86_64 0.2 3.00 21.00 24.00 NOTE
r-patched-linux-x86_64 0.2 0.50 12.64 13.14 NOTE
r-patched-solaris-sparc 0.2 141.00 NOTE
r-patched-solaris-x86 0.2 36.00 NOTE
r-release-linux-ix86 0.2 0.89 18.71 19.60 NOTE
r-release-linux-x86_64 0.2 0.51 12.53 13.04 NOTE
r-release-osx-x86_64-mavericks 0.2 NOTE
r-release-osx-x86_64-snowleopard 0.2 NOTE
r-release-windows-ix86+x86_64 0.2 4.00 20.00 24.00 NOTE
r-oldrel-windows-ix86+x86_64 0.2 2.00 20.00 22.00 NOTE

Check Details

Version: 0.2
Check: dependencies in R code
Result: NOTE
    Package in Depends field not imported from: ‘proto’
     These packages need to be imported from (in the NAMESPACE file)
     for when this namespace is loaded but not attached.
    Unexported objects imported by ':::' calls:
     ‘stats:::nlsModel’ ‘stats:::nlsModel.plinear’
     See the note in ?`:::` about the use of this operator.
    See the information on DESCRIPTION files in the chapter ‘Creating R
    packages’ of the ‘Writing R Extensions’ manual.
Flavors: r-devel-linux-x86_64-debian-clang, r-devel-linux-x86_64-debian-gcc, r-devel-linux-x86_64-fedora-clang, r-devel-linux-x86_64-fedora-gcc, r-devel-osx-x86_64-clang, r-devel-windows-ix86+x86_64, r-patched-linux-x86_64, r-patched-solaris-sparc, r-patched-solaris-x86, r-release-linux-ix86, r-release-linux-x86_64, r-release-osx-x86_64-mavericks, r-release-windows-ix86+x86_64, r-oldrel-windows-ix86+x86_64

Version: 0.2
Check: dependencies in R code
Result: NOTE
    Unexported objects imported by ':::' calls:
     'stats:::nlsModel' 'stats:::nlsModel.plinear'
     See the note in ?`:::` about the use of this operator.
    See the information on DESCRIPTION files in the chapter 'Creating R
    packages' of the 'Writing R Extensions' manual.
Flavor: r-release-osx-x86_64-snowleopard