CRAN Package Check Results for Package nls2

Last updated on 2015-03-29 11:51:21.

Flavor Version Tinstall Tcheck Ttotal Status Flags
r-devel-linux-x86_64-debian-clang 0.2 0.49 11.30 11.78 NOTE
r-devel-linux-x86_64-debian-gcc 0.2 0.56 11.23 11.80 NOTE
r-devel-linux-x86_64-fedora-clang 0.2 23.19 NOTE
r-devel-linux-x86_64-fedora-gcc 0.2 24.15 NOTE
r-devel-osx-x86_64-clang 0.2 30.13 NOTE
r-prerel-windows-ix86+x86_64 0.2 3.00 21.00 24.00 NOTE
r-prerel-linux-x86_64 0.2 0.54 11.41 11.94 NOTE
r-prerel-solaris-sparc 0.2 146.70 NOTE
r-prerel-solaris-x86 0.2 32.30 NOTE
r-release-linux-x86_64 0.2 0.55 13.42 13.97 NOTE
r-release-osx-x86_64-mavericks 0.2 NOTE
r-release-osx-x86_64-snowleopard 0.2 NOTE
r-release-windows-ix86+x86_64 0.2 4.00 22.00 26.00 NOTE
r-oldrel-windows-ix86+x86_64 0.2 2.00 22.00 24.00 NOTE

Check Details

Version: 0.2
Check: dependencies in R code
Result: NOTE
    Package in Depends field not imported from: ‘proto’
     These packages need to be imported from (in the NAMESPACE file)
     for when this namespace is loaded but not attached.
    Unexported objects imported by ':::' calls:
     ‘stats:::nlsModel’ ‘stats:::nlsModel.plinear’
     See the note in ?`:::` about the use of this operator.
Flavors: r-devel-linux-x86_64-debian-clang, r-devel-linux-x86_64-debian-gcc, r-devel-linux-x86_64-fedora-clang, r-devel-linux-x86_64-fedora-gcc, r-devel-osx-x86_64-clang, r-prerel-windows-ix86+x86_64, r-prerel-linux-x86_64, r-prerel-solaris-sparc, r-prerel-solaris-x86, r-release-linux-x86_64, r-release-windows-ix86+x86_64

Version: 0.2
Check: dependencies in R code
Result: NOTE
    Package in Depends field not imported from: ‘proto’
     These packages need to be imported from (in the NAMESPACE file)
     for when this namespace is loaded but not attached.
    Unexported objects imported by ':::' calls:
     ‘stats:::nlsModel’ ‘stats:::nlsModel.plinear’
     See the note in ?`:::` about the use of this operator.
    See the information on DESCRIPTION files in the chapter ‘Creating R
    packages’ of the ‘Writing R Extensions’ manual.
Flavors: r-release-osx-x86_64-mavericks, r-oldrel-windows-ix86+x86_64

Version: 0.2
Check: dependencies in R code
Result: NOTE
    Unexported objects imported by ':::' calls:
     'stats:::nlsModel' 'stats:::nlsModel.plinear'
     See the note in ?`:::` about the use of this operator.
    See the information on DESCRIPTION files in the chapter 'Creating R
    packages' of the 'Writing R Extensions' manual.
Flavor: r-release-osx-x86_64-snowleopard