CRAN Package Check Results for Package nls2

Last updated on 2015-05-22 11:48:03.

Flavor Version Tinstall Tcheck Ttotal Status Flags
r-devel-linux-x86_64-debian-clang 0.2 0.56 11.89 12.44 NOTE
r-devel-linux-x86_64-debian-gcc 0.2 0.50 11.19 11.69 NOTE
r-devel-linux-x86_64-fedora-clang 0.2 24.38 NOTE
r-devel-linux-x86_64-fedora-gcc 0.2 21.98 NOTE
r-devel-osx-x86_64-clang 0.2 26.50 NOTE
r-devel-windows-ix86+x86_64 0.2 3.00 19.00 22.00 NOTE
r-patched-linux-x86_64 0.2 0.49 11.07 11.56 NOTE
r-patched-solaris-sparc 0.2 146.70 NOTE
r-patched-solaris-x86 0.2 34.00 NOTE
r-release-linux-x86_64 0.2 0.58 11.77 12.35 NOTE
r-release-osx-x86_64-mavericks 0.2 NOTE
r-release-osx-x86_64-snowleopard 0.2 NOTE
r-release-windows-ix86+x86_64 0.2 1.00 22.00 23.00 NOTE
r-oldrel-windows-ix86+x86_64 0.2 4.00 22.00 26.00 NOTE

Check Details

Version: 0.2
Check: dependencies in R code
Result: NOTE
    Package in Depends field not imported from: ‘proto’
     These packages need to be imported from (in the NAMESPACE file)
     for when this namespace is loaded but not attached.
    Unexported objects imported by ':::' calls:
     ‘stats:::nlsModel’ ‘stats:::nlsModel.plinear’
     See the note in ?`:::` about the use of this operator.
Flavors: r-devel-linux-x86_64-debian-clang, r-devel-linux-x86_64-debian-gcc, r-devel-linux-x86_64-fedora-clang, r-devel-linux-x86_64-fedora-gcc, r-devel-osx-x86_64-clang, r-devel-windows-ix86+x86_64, r-patched-linux-x86_64, r-patched-solaris-sparc, r-patched-solaris-x86, r-release-linux-x86_64, r-release-osx-x86_64-mavericks, r-release-osx-x86_64-snowleopard, r-release-windows-ix86+x86_64, r-oldrel-windows-ix86+x86_64