CRAN Package Check Results for Package nls2

Last updated on 2014-07-24 11:53:26.

Flavor Version Tinstall Tcheck Ttotal Status Flags
r-devel-linux-x86_64-debian-clang 0.2 0.47 11.78 12.25 NOTE
r-devel-linux-x86_64-debian-gcc 0.2 0.49 11.77 12.26 NOTE
r-devel-linux-x86_64-fedora-clang 0.2 26.64 NOTE
r-devel-linux-x86_64-fedora-gcc 0.2 26.24 NOTE
r-devel-osx-x86_64-clang 0.2 27.64 NOTE
r-devel-windows-ix86+x86_64 0.2 3.00 22.00 25.00 NOTE
r-patched-linux-x86_64 0.2 0.49 12.17 12.66 NOTE
r-patched-solaris-sparc 0.2 154.30 NOTE
r-patched-solaris-x86 0.2 35.20 NOTE
r-release-linux-ix86 0.2 0.79 18.52 19.31 NOTE
r-release-linux-x86_64 0.2 0.52 12.61 13.13 NOTE
r-release-osx-x86_64-mavericks 0.2 NOTE
r-release-osx-x86_64-snowleopard 0.2 NOTE
r-release-windows-ix86+x86_64 0.2 4.00 20.00 24.00 NOTE
r-oldrel-windows-ix86+x86_64 0.2 2.00 20.00 22.00 NOTE

Check Details

Version: 0.2
Check: dependencies in R code
Result: NOTE
    Package in Depends field not imported from: ‘proto’
     These packages need to be imported from (in the NAMESPACE file)
     for when this namespace is loaded but not attached.
    Unexported objects imported by ':::' calls:
     ‘stats:::nlsModel’ ‘stats:::nlsModel.plinear’
     See the note in ?`:::` about the use of this operator.
    See the information on DESCRIPTION files in the chapter ‘Creating R
    packages’ of the ‘Writing R Extensions’ manual.
Flavors: r-devel-linux-x86_64-debian-clang, r-devel-linux-x86_64-debian-gcc, r-devel-linux-x86_64-fedora-clang, r-devel-linux-x86_64-fedora-gcc, r-devel-osx-x86_64-clang, r-devel-windows-ix86+x86_64, r-patched-linux-x86_64, r-patched-solaris-sparc, r-patched-solaris-x86, r-release-linux-ix86, r-release-linux-x86_64, r-release-osx-x86_64-mavericks, r-release-windows-ix86+x86_64, r-oldrel-windows-ix86+x86_64

Version: 0.2
Check: dependencies in R code
Result: NOTE
    Unexported objects imported by ':::' calls:
     'stats:::nlsModel' 'stats:::nlsModel.plinear'
     See the note in ?`:::` about the use of this operator.
    See the information on DESCRIPTION files in the chapter 'Creating R
    packages' of the 'Writing R Extensions' manual.
Flavor: r-release-osx-x86_64-snowleopard