CRAN Package Check Results for Package nls2

Last updated on 2015-07-02 19:47:22.

Flavor Version Tinstall Tcheck Ttotal Status Flags
r-devel-linux-x86_64-debian-clang 0.2 0.53 11.30 11.83 NOTE
r-devel-linux-x86_64-debian-gcc 0.2 0.48 10.44 10.92 NOTE
r-devel-linux-x86_64-fedora-clang 0.2 21.82 NOTE
r-devel-linux-x86_64-fedora-gcc 0.2 20.75 NOTE
r-devel-osx-x86_64-clang 0.2 24.12 NOTE
r-devel-windows-ix86+x86_64 0.2 4.00 25.00 29.00 NOTE
r-patched-linux-x86_64 0.2 0.48 11.06 11.54 NOTE
r-patched-solaris-sparc 0.2 130.40 NOTE
r-patched-solaris-x86 0.2 34.80 NOTE
r-release-linux-x86_64 0.2 0.48 10.95 11.42 NOTE
r-release-osx-x86_64-mavericks 0.2 NOTE
r-release-windows-ix86+x86_64 0.2 2.00 20.00 22.00 NOTE
r-oldrel-windows-ix86+x86_64 0.2 4.00 22.00 26.00 NOTE

Check Details

Version: 0.2
Check: dependencies in R code
Result: NOTE
    Package in Depends field not imported from: ‘proto’
     These packages need to be imported from (in the NAMESPACE file)
     for when this namespace is loaded but not attached.
    Unexported objects imported by ':::' calls:
     ‘stats:::nlsModel’ ‘stats:::nlsModel.plinear’
     See the note in ?`:::` about the use of this operator.
Flavors: r-devel-linux-x86_64-debian-clang, r-devel-linux-x86_64-debian-gcc, r-devel-linux-x86_64-fedora-clang, r-devel-linux-x86_64-fedora-gcc, r-devel-osx-x86_64-clang, r-devel-windows-ix86+x86_64, r-patched-linux-x86_64, r-patched-solaris-sparc, r-patched-solaris-x86, r-release-linux-x86_64, r-release-osx-x86_64-mavericks, r-release-windows-ix86+x86_64, r-oldrel-windows-ix86+x86_64

Version: 0.2
Check: R code for possible problems
Result: NOTE
    nls2: no visible global function definition for ‘nls.control’
    nls2: no visible global function definition for ‘as.formula’
    nls2: no visible global function definition for ‘coef’
    nls2: no visible global function definition for ‘runif’
    nls2 : <anonymous>: no visible global function definition for
     ‘deviance’
    Undefined global functions or variables:
     as.formula coef deviance nls.control runif
Flavors: r-devel-linux-x86_64-debian-clang, r-devel-linux-x86_64-fedora-clang, r-devel-linux-x86_64-fedora-gcc

Version: 0.2
Check: R code for possible problems
Result: NOTE
    nls2: no visible global function definition for ‘nls.control’
    nls2: no visible global function definition for ‘as.formula’
    nls2: no visible global function definition for ‘coef’
    nls2: no visible global function definition for ‘runif’
    nls2 : <anonymous>: no visible global function definition for
     ‘deviance’
Flavor: r-devel-linux-x86_64-debian-gcc