CRAN Package Check Results for Package nlsMicrobio

Last updated on 2019-11-13 12:47:02 CET.

Flavor Version Tinstall Tcheck Ttotal Status Flags
r-devel-linux-x86_64-debian-clang 0.0-1 1.66 22.58 24.24 NOTE
r-devel-linux-x86_64-debian-gcc 0.0-1 1.52 17.80 19.32 NOTE
r-devel-linux-x86_64-fedora-clang 0.0-1 30.78 NOTE
r-devel-linux-x86_64-fedora-gcc 0.0-1 30.08 NOTE
r-devel-windows-ix86+x86_64 0.0-1 6.00 36.00 42.00 NOTE
r-patched-linux-x86_64 0.0-1 1.43 21.87 23.30 NOTE
r-patched-solaris-x86 0.0-1 41.80 NOTE
r-release-linux-x86_64 0.0-1 1.22 22.04 23.26 NOTE
r-release-windows-ix86+x86_64 0.0-1 5.00 50.00 55.00 NOTE
r-release-osx-x86_64 0.0-1 NOTE
r-oldrel-windows-ix86+x86_64 0.0-1 3.00 32.00 35.00 NOTE
r-oldrel-osx-x86_64 0.0-1 NOTE

Check Details

Version: 0.0-1
Check: DESCRIPTION meta-information
Result: NOTE
    Malformed Description field: should contain one or more complete sentences.
Flavors: r-devel-linux-x86_64-debian-clang, r-devel-linux-x86_64-debian-gcc, r-devel-linux-x86_64-fedora-clang, r-devel-linux-x86_64-fedora-gcc, r-devel-windows-ix86+x86_64, r-patched-linux-x86_64, r-patched-solaris-x86, r-release-linux-x86_64, r-release-windows-ix86+x86_64, r-release-osx-x86_64, r-oldrel-windows-ix86+x86_64, r-oldrel-osx-x86_64