CRAN Package Check Results for Package nlsMicrobio

Last updated on 2019-07-22 01:46:26 CEST.

Flavor Version Tinstall Tcheck Ttotal Status Flags
r-devel-linux-x86_64-debian-clang 0.0-1 1.56 22.36 23.92 NOTE
r-devel-linux-x86_64-debian-gcc 0.0-1 1.28 18.29 19.57 NOTE
r-devel-linux-x86_64-fedora-clang 0.0-1 29.51 NOTE
r-devel-linux-x86_64-fedora-gcc 0.0-1 28.31 NOTE
r-devel-windows-ix86+x86_64 0.0-1 5.00 36.00 41.00 NOTE
r-patched-linux-x86_64 0.0-1 1.41 22.50 23.91 NOTE
r-patched-solaris-x86 0.0-1 45.20 NOTE
r-release-linux-x86_64 0.0-1 1.53 22.36 23.89 NOTE
r-release-windows-ix86+x86_64 0.0-1 5.00 50.00 55.00 NOTE
r-release-osx-x86_64 0.0-1 NOTE
r-oldrel-windows-ix86+x86_64 0.0-1 3.00 32.00 35.00 NOTE
r-oldrel-osx-x86_64 0.0-1 NOTE

Check Details

Version: 0.0-1
Check: DESCRIPTION meta-information
Result: NOTE
    Malformed Description field: should contain one or more complete sentences.
Flavors: r-devel-linux-x86_64-debian-clang, r-devel-linux-x86_64-debian-gcc, r-devel-linux-x86_64-fedora-clang, r-devel-linux-x86_64-fedora-gcc, r-devel-windows-ix86+x86_64, r-patched-linux-x86_64, r-patched-solaris-x86, r-release-linux-x86_64, r-release-windows-ix86+x86_64, r-release-osx-x86_64, r-oldrel-windows-ix86+x86_64, r-oldrel-osx-x86_64