CRAN Package Check Results for Package nlstools

Last updated on 2015-07-04 11:49:52.

Flavor Version Tinstall Tcheck Ttotal Status Flags
r-devel-linux-x86_64-debian-clang 1.0-1 0.80 14.36 15.15 NOTE
r-devel-linux-x86_64-debian-gcc 1.0-1 0.58 14.00 14.58 NOTE
r-devel-linux-x86_64-fedora-clang 1.0-1 28.23 NOTE
r-devel-linux-x86_64-fedora-gcc 1.0-1 25.86 NOTE
r-devel-osx-x86_64-clang 1.0-1 26.79 OK
r-devel-windows-ix86+x86_64 1.0-1 4.00 33.00 37.00 OK
r-patched-linux-x86_64 1.0-1 0.62 14.26 14.89 OK
r-patched-solaris-sparc 1.0-1 175.90 OK
r-patched-solaris-x86 1.0-1 41.10 OK
r-release-linux-x86_64 1.0-1 0.66 14.48 15.14 OK
r-release-osx-x86_64-mavericks 1.0-1 OK
r-release-windows-ix86+x86_64 1.0-1 3.00 28.00 31.00 OK
r-oldrel-windows-ix86+x86_64 1.0-1 4.00 29.00 33.00 OK

Check Details

Version: 1.0-1
Check: R code for possible problems
Result: NOTE
    plot.nlsBoot: no visible global function definition for ‘par’
    plot.nlsBoot: no visible global function definition for ‘layout’
    plot.nlsBoot: no visible global function definition for ‘plot’
    plot.nlsBoot: no visible global function definition for ‘boxplot’
    plot.nlsConfRegions: no visible global function definition for ‘par’
    plot.nlsConfRegions: no visible global function definition for ‘layout’
    plot.nlsConfRegions: no visible global function definition for ‘plot’
    plot.nlsConfRegions: no visible global function definition for ‘abline’
    plot.nlsContourRSS: no visible global function definition for
     ‘terrain.colors’
    plot.nlsContourRSS: no visible global function definition for ‘par’
    plot.nlsContourRSS: no visible global function definition for ‘layout’
    plot.nlsContourRSS: no visible global function definition for ‘image’
    plot.nlsContourRSS: no visible global function definition for ‘contour’
    plot.nlsJack: no visible global function definition for ‘par’
    plot.nlsJack: no visible global function definition for ‘plot’
    plot.nlsJack: no visible global function definition for ‘text’
    plot.nlsResiduals : hist.nlsResiduals: no visible global function
     definition for ‘hist’
    plot.nlsResiduals : boxplot.nlsResiduals: no visible global function
     definition for ‘boxplot’
    plot.nlsResiduals: no visible global function definition for ‘par’
    plot.nlsResiduals: no visible global function definition for ‘plot’
    plot.nlsResiduals: no visible global function definition for ‘abline’
    plot.nlsResiduals: no visible global function definition for ‘hist’
    plotfit: no visible global function definition for ‘plot’
    plotfit: no visible global function definition for ‘lines’
    plotfit: no visible global function definition for ‘points’
    preview: no visible global function definition for ‘plot’
    preview: no visible global function definition for ‘points’
    Undefined global functions or variables:
     abline boxplot contour hist image layout lines par plot points
     terrain.colors text
Flavors: r-devel-linux-x86_64-debian-clang, r-devel-linux-x86_64-debian-gcc, r-devel-linux-x86_64-fedora-clang, r-devel-linux-x86_64-fedora-gcc