CRAN Package Check Results for Package nlts

Last updated on 2015-07-04 09:48:06.

Flavor Version Tinstall Tcheck Ttotal Status Flags
r-devel-linux-x86_64-debian-clang 0.2-0 1.06 11.82 12.88 NOTE
r-devel-linux-x86_64-debian-gcc 0.2-0 0.73 11.76 12.48 NOTE
r-devel-linux-x86_64-fedora-clang 0.2-0 23.99 NOTE
r-devel-linux-x86_64-fedora-gcc 0.2-0 22.33 NOTE
r-devel-osx-x86_64-clang 0.2-0 24.00 NOTE
r-devel-windows-ix86+x86_64 0.2-0 7.00 34.00 41.00 NOTE
r-patched-linux-x86_64 0.2-0 0.77 12.05 12.82 NOTE
r-patched-solaris-sparc 0.2-0 154.30 NOTE
r-patched-solaris-x86 0.2-0 37.90 NOTE
r-release-linux-x86_64 0.2-0 0.80 12.46 13.26 NOTE
r-release-osx-x86_64-mavericks 0.2-0 NOTE
r-release-windows-ix86+x86_64 0.2-0 6.00 39.00 45.00 NOTE
r-oldrel-windows-ix86+x86_64 0.2-0 6.00 26.00 32.00 NOTE

Check Details

Version: 0.2-0
Check: dependencies in R code
Result: NOTE
    'library' or 'require' calls to packages already attached by Depends:
     ‘acepack’ ‘locfit’
     Please remove these calls from your code.
    'library' or 'require' call to ‘stats’ in package code.
     Please use :: or requireNamespace() instead.
     See section 'Suggested packages' in the 'Writing R Extensions' manual.
    Packages in Depends field not imported from:
     ‘acepack’ ‘locfit’
     These packages need to be imported from (in the NAMESPACE file)
     for when this namespace is loaded but not attached.
Flavors: r-devel-linux-x86_64-debian-clang, r-devel-linux-x86_64-debian-gcc, r-devel-linux-x86_64-fedora-clang, r-devel-linux-x86_64-fedora-gcc, r-devel-osx-x86_64-clang, r-devel-windows-ix86+x86_64, r-patched-linux-x86_64, r-patched-solaris-sparc, r-patched-solaris-x86, r-release-linux-x86_64, r-release-osx-x86_64-mavericks, r-release-windows-ix86+x86_64, r-oldrel-windows-ix86+x86_64

Version: 0.2-0
Check: R code for possible problems
Result: NOTE
    add.test: no visible global function definition for ‘ace’
    add.test: no visible global function definition for ‘lm’
    add.test: no visible global function definition for ‘pchisq’
    contingency.periodogram: no visible global function definition for
     ‘fisher.test’
    contingency.periodogram: no visible global function definition for
     ‘chisq.test’
    lin.order.cls: no visible global function definition for ‘var’
    lin.test: no visible global function definition for ‘residuals’
    lin.test: no visible global function definition for ‘lm’
    lin.test: no visible global function definition for ‘pf’
    ll.order: no visible global function definition for ‘var’
    ll.order: no visible global function definition for ‘locfit.raw’
    ll.order: no visible global function definition for ‘dat’
    plot.contingency.periodogram: no visible global function definition for
     ‘plot’
    plot.contingency.periodogram: no visible global function definition for
     ‘lines’
    plot.contingency.periodogram: no visible global function definition for
     ‘qchisq’
    plot.lin.order: no visible global function definition for ‘plot’
    plot.ll.order: no visible global function definition for ‘plot’
    plot.lomb: no visible global function definition for ‘plot’
    plot.ppll: no visible global function definition for ‘plot’
    plot.specar.ci: no visible global function definition for ‘plot’
    plot.specar.ci: no visible global function definition for ‘lines’
    portman.Q: no visible global function definition for ‘acf’
    portman.Q: no visible global function definition for ‘pchisq’
    predict.ll.order: no visible global function definition for ‘var’
    predict.ll.order: no visible global function definition for
     ‘locfit.raw’
    predict.ll.order: no visible global function definition for ‘predict’
    spec.lomb: no visible global function definition for ‘var’
    specar.ci: no visible global function definition for ‘ar’
    specar.ci: no visible global function definition for ‘ar.mle’
    specar.ci: no visible global function definition for ‘spec.ar’
    specar.ci: no visible global function definition for ‘rnorm’
    specar.ci: no visible binding for global variable ‘quantile’
    summary.specar.ci: no visible global function definition for ‘quantile’
    Undefined global functions or variables:
     ace acf ar ar.mle chisq.test dat fisher.test lines lm locfit.raw
     pchisq pf plot predict qchisq quantile residuals rnorm spec.ar var
Flavors: r-devel-linux-x86_64-debian-clang, r-devel-linux-x86_64-debian-gcc, r-devel-linux-x86_64-fedora-clang, r-devel-linux-x86_64-fedora-gcc, r-devel-windows-ix86+x86_64

Version: 0.2-0
Check: R code for possible problems
Result: NOTE
    add.test: no visible global function definition for ‘ace’
    ll.order: no visible global function definition for ‘locfit.raw’
    ll.order: no visible global function definition for ‘dat’
    predict.ll.order: no visible global function definition for
     ‘locfit.raw’
    Undefined global functions or variables:
     ace dat locfit.raw
Flavor: r-devel-osx-x86_64-clang

Version: 0.2-0
Check: R code for possible problems
Result: NOTE
    add.test: no visible global function definition for ‘ace’
    ll.order: no visible global function definition for ‘locfit.raw’
    ll.order: no visible global function definition for ‘dat’
    predict.ll.order: no visible global function definition for
     ‘locfit.raw’
Flavors: r-patched-linux-x86_64, r-patched-solaris-sparc, r-patched-solaris-x86, r-release-linux-x86_64, r-release-osx-x86_64-mavericks, r-release-windows-ix86+x86_64, r-oldrel-windows-ix86+x86_64