CRAN Package Check Results for Package nlts

Last updated on 2014-04-20 11:46:58.

Flavor Version Tinstall Tcheck Ttotal Status Flags
r-devel-linux-x86_64-debian-clang 0.2-0 0.90 14.17 15.07 NOTE
r-devel-linux-x86_64-debian-gcc 0.2-0 0.90 14.04 14.94 NOTE
r-devel-linux-x86_64-fedora-clang 0.2-0 29.08 NOTE
r-devel-linux-x86_64-fedora-gcc 0.2-0 26.55 NOTE
r-devel-macosx-x86_64-clang 0.2-0 31.05 NOTE
r-devel-macosx-x86_64-gcc 0.2-0 NOTE
r-devel-windows-ix86+x86_64 0.2-0 4.00 24.00 28.00 NOTE
r-patched-linux-x86_64 0.2-0 0.93 14.07 15.00 NOTE
r-patched-solaris-sparc 0.2-0 171.40 NOTE
r-patched-solaris-x86 0.2-0 41.30 NOTE
r-release-linux-ix86 NOTE
r-release-linux-x86_64 0.2-0 0.99 14.04 15.03 NOTE
r-release-macosx-x86_64 0.2-0 NOTE
r-release-windows-ix86+x86_64 0.2-0 5.00 24.00 29.00 NOTE
r-oldrel-windows-ix86+x86_64 0.2-0 5.00 24.00 29.00 NOTE

Check Details

Version: 0.2-0
Check: dependencies in R code
Result: NOTE
    'library' or 'require' calls to packages already attached by Depends:
     ‘acepack’ ‘locfit’
     Please remove these calls from your code.
    Packages in Depends field not imported from:
     ‘acepack’ ‘locfit’
     These packages need to be imported from (in the NAMESPACE file)
     for when this namespace is loaded but not attached.
    See the information on DESCRIPTION files in the chapter ‘Creating R
    packages’ of the ‘Writing R Extensions’ manual.
Flavors: r-devel-linux-x86_64-debian-clang, r-devel-linux-x86_64-debian-gcc, r-devel-linux-x86_64-fedora-clang, r-devel-linux-x86_64-fedora-gcc, r-devel-macosx-x86_64-clang, r-devel-macosx-x86_64-gcc, r-devel-windows-ix86+x86_64, r-patched-linux-x86_64, r-patched-solaris-sparc, r-patched-solaris-x86, r-release-linux-ix86, r-release-linux-x86_64, r-release-windows-ix86+x86_64, r-oldrel-windows-ix86+x86_64

Version: 0.2-0
Check: dependencies in R code
Result: NOTE
    'library' or 'require' calls to packages already attached by Depends:
     'acepack' 'locfit'
     Please remove these calls from your code.
    See the information on DESCRIPTION files in the chapter 'Creating R
    packages' of the 'Writing R Extensions' manual.
Flavor: r-release-macosx-x86_64