CRAN Package Check Results for Package nlts

Last updated on 2014-10-02 11:48:12.

Flavor Version Tinstall Tcheck Ttotal Status Flags
r-devel-linux-x86_64-debian-clang 0.2-0 0.91 14.16 15.07 NOTE
r-devel-linux-x86_64-debian-gcc 0.2-0 1.22 14.25 15.47 NOTE
r-devel-linux-x86_64-fedora-clang 0.2-0 29.18 NOTE
r-devel-linux-x86_64-fedora-gcc 0.2-0 27.30 NOTE
r-devel-osx-x86_64-clang 0.2-0 30.45 NOTE
r-devel-windows-ix86+x86_64 0.2-0 4.00 25.00 29.00 NOTE
r-patched-linux-x86_64 0.2-0 0.89 13.98 14.87 NOTE
r-patched-solaris-sparc 0.2-0 163.80 NOTE
r-patched-solaris-x86 0.2-0 42.10 NOTE
r-release-linux-ix86 0.2-0 1.19 20.42 21.61 NOTE
r-release-linux-x86_64 0.2-0 0.88 14.14 15.02 NOTE
r-release-osx-x86_64-mavericks 0.2-0 NOTE
r-release-osx-x86_64-snowleopard 0.2-0 NOTE
r-release-windows-ix86+x86_64 0.2-0 4.00 25.00 29.00 NOTE
r-oldrel-windows-ix86+x86_64 0.2-0 4.00 25.00 29.00 NOTE

Check Details

Version: 0.2-0
Check: dependencies in R code
Result: NOTE
    'library' or 'require' calls to packages already attached by Depends:
     ‘acepack’ ‘locfit’
     Please remove these calls from your code.
    Packages in Depends field not imported from:
     ‘acepack’ ‘locfit’
     These packages need to be imported from (in the NAMESPACE file)
     for when this namespace is loaded but not attached.
    See the information on DESCRIPTION files in the chapter ‘Creating R
    packages’ of the ‘Writing R Extensions’ manual.
Flavors: r-devel-linux-x86_64-debian-clang, r-devel-linux-x86_64-debian-gcc, r-devel-linux-x86_64-fedora-clang, r-devel-linux-x86_64-fedora-gcc, r-devel-osx-x86_64-clang, r-devel-windows-ix86+x86_64, r-patched-linux-x86_64, r-patched-solaris-sparc, r-patched-solaris-x86, r-release-linux-ix86, r-release-linux-x86_64, r-release-osx-x86_64-mavericks, r-release-windows-ix86+x86_64, r-oldrel-windows-ix86+x86_64

Version: 0.2-0
Check: R code for possible problems
Result: NOTE
    add.test: no visible global function definition for ‘ace’
    ll.order: no visible global function definition for ‘locfit.raw’
    ll.order: no visible global function definition for ‘dat’
    predict.ll.order: no visible global function definition for
     ‘locfit.raw’
Flavors: r-devel-linux-x86_64-debian-clang, r-devel-linux-x86_64-debian-gcc, r-devel-linux-x86_64-fedora-clang, r-devel-linux-x86_64-fedora-gcc, r-devel-osx-x86_64-clang, r-devel-windows-ix86+x86_64

Version: 0.2-0
Check: dependencies in R code
Result: NOTE
    'library' or 'require' calls to packages already attached by Depends:
     'acepack' 'locfit'
     Please remove these calls from your code.
    See the information on DESCRIPTION files in the chapter 'Creating R
    packages' of the 'Writing R Extensions' manual.
Flavor: r-release-osx-x86_64-snowleopard