Last updated on 2022-05-29 04:58:10 CEST.
Flavor | Version | Tinstall | Tcheck | Ttotal | Status | Flags |
---|---|---|---|---|---|---|
r-devel-linux-x86_64-debian-clang | 1.2.0 | 2.21 | 44.58 | 46.79 | OK | |
r-devel-linux-x86_64-debian-gcc | 1.2.0 | 1.96 | 34.67 | 36.63 | OK | |
r-devel-linux-x86_64-fedora-clang | 1.2.0 | 57.25 | NOTE | |||
r-devel-linux-x86_64-fedora-gcc | 1.2.0 | 45.61 | NOTE | |||
r-devel-windows-x86_64 | 1.2.0 | 7.00 | 64.00 | 71.00 | OK | |
r-patched-linux-x86_64 | 1.2.0 | 2.50 | 43.53 | 46.03 | OK | |
r-release-linux-x86_64 | 1.2.0 | 1.64 | 43.42 | 45.06 | OK | |
r-release-macos-arm64 | 1.2.0 | 42.00 | NOTE | |||
r-release-macos-x86_64 | 1.2.0 | 52.00 | NOTE | |||
r-release-windows-x86_64 | 1.2.0 | 6.00 | 65.00 | 71.00 | OK | |
r-oldrel-macos-arm64 | 1.2.0 | 41.00 | NOTE | |||
r-oldrel-macos-x86_64 | 1.2.0 | 1803.00 | NOTE | |||
r-oldrel-windows-ix86+x86_64 | 1.2.0 | 7.00 | 47.00 | 54.00 | OK |
Version: 1.2.0
Check: dependencies in R code
Result: NOTE
Namespaces in Imports field not imported from:
‘devtools’ ‘jsonlite’
All declared Imports should be used.
Flavors: r-devel-linux-x86_64-fedora-clang, r-devel-linux-x86_64-fedora-gcc, r-release-macos-arm64, r-release-macos-x86_64, r-oldrel-macos-arm64, r-oldrel-macos-x86_64