CRAN Package Check Results for Package nmadb

Last updated on 2020-08-15 16:48:25 CEST.

Flavor Version Tinstall Tcheck Ttotal Status Flags
r-devel-linux-x86_64-debian-clang 1.2.0 2.07 30.20 32.27 OK
r-devel-linux-x86_64-debian-gcc 1.2.0 1.76 24.06 25.82 OK
r-devel-linux-x86_64-fedora-clang 1.2.0 47.77 NOTE
r-devel-linux-x86_64-fedora-gcc 1.2.0 38.30 NOTE
r-devel-windows-ix86+x86_64 1.2.0 16.00 62.00 78.00 OK
r-patched-linux-x86_64 1.2.0 2.08 30.31 32.39 OK
r-patched-solaris-x86 1.2.0 58.10 NOTE
r-release-linux-x86_64 1.2.0 2.25 30.71 32.96 OK
r-release-macos-x86_64 1.2.0 NOTE
r-release-windows-ix86+x86_64 1.2.0 10.00 45.00 55.00 OK
r-oldrel-macos-x86_64 1.2.0 NOTE
r-oldrel-windows-ix86+x86_64 1.2.0 5.00 44.00 49.00 OK

Check Details

Version: 1.2.0
Check: dependencies in R code
Result: NOTE
    Namespaces in Imports field not imported from:
     ‘devtools’ ‘jsonlite’
     All declared Imports should be used.
Flavors: r-devel-linux-x86_64-fedora-clang, r-devel-linux-x86_64-fedora-gcc, r-patched-solaris-x86, r-release-macos-x86_64, r-oldrel-macos-x86_64