CRAN Package Check Results for Package nmadb

Last updated on 2020-01-20 01:50:27 CET.

Flavor Version Tinstall Tcheck Ttotal Status Flags
r-devel-linux-x86_64-debian-clang 1.2.0 2.07 28.92 30.99 OK
r-devel-linux-x86_64-debian-gcc 1.2.0 1.81 23.30 25.11 OK
r-devel-linux-x86_64-fedora-clang 1.2.0 37.88 NOTE
r-devel-linux-x86_64-fedora-gcc 1.2.0 38.72 NOTE
r-devel-windows-ix86+x86_64 1.2.0 19.00 45.00 64.00 OK
r-devel-windows-ix86+x86_64-gcc8 1.2.0 9.00 69.00 78.00 OK
r-patched-linux-x86_64 1.2.0 1.88 27.67 29.55 OK
r-patched-solaris-x86 1.2.0 54.10 NOTE
r-release-linux-x86_64 1.2.0 1.70 27.45 29.15 OK
r-release-windows-ix86+x86_64 1.2.0 9.00 64.00 73.00 OK
r-release-osx-x86_64 1.2.0 NOTE
r-oldrel-windows-ix86+x86_64 1.2.0 3.00 46.00 49.00 OK
r-oldrel-osx-x86_64 1.2.0 NOTE

Check Details

Version: 1.2.0
Check: dependencies in R code
Result: NOTE
    Namespaces in Imports field not imported from:
     ‘devtools’ ‘jsonlite’
     All declared Imports should be used.
Flavors: r-devel-linux-x86_64-fedora-clang, r-devel-linux-x86_64-fedora-gcc, r-patched-solaris-x86, r-release-osx-x86_64, r-oldrel-osx-x86_64