Last updated on 2021-04-14 08:48:25 CEST.
Flavor | Version | Tinstall | Tcheck | Ttotal | Status | Flags |
---|---|---|---|---|---|---|
r-devel-linux-x86_64-debian-clang | 0.9 | 19.72 | 173.73 | 193.45 | OK | |
r-devel-linux-x86_64-debian-gcc | 0.9 | 15.21 | 127.42 | 142.63 | OK | |
r-devel-linux-x86_64-fedora-clang | 0.9 | 235.58 | OK | |||
r-devel-linux-x86_64-fedora-gcc | 0.9 | 235.99 | OK | |||
r-devel-windows-ix86+x86_64 | 0.9 | 48.00 | 204.00 | 252.00 | OK | |
r-devel-windows-x86_64-gcc10-UCRT | 0.9 | OK | ||||
r-patched-linux-x86_64 | 0.9 | 18.08 | 159.54 | 177.62 | OK | |
r-patched-solaris-x86 | 0.9 | 319.70 | OK | |||
r-release-linux-x86_64 | 0.9 | 17.22 | 158.22 | 175.44 | OK | |
r-release-macos-x86_64 | 0.9 | OK | ||||
r-release-windows-ix86+x86_64 | 0.9 | 45.00 | 196.00 | 241.00 | OK | |
r-oldrel-macos-x86_64 | 0.9 | ERROR |
Version: 0.9
Check: whether package can be installed
Result: ERROR
Installation failed.
Flavor: r-oldrel-macos-x86_64