CRAN Package Check Results for Package nmslibR

Last updated on 2022-10-04 21:53:46 CEST.

Flavor Version Tinstall Tcheck Ttotal Status Flags
r-devel-linux-x86_64-debian-clang 1.0.6 37.91 78.47 116.38 OK
r-devel-linux-x86_64-debian-gcc 1.0.6 29.55 59.82 89.37 OK
r-devel-linux-x86_64-fedora-clang 1.0.6 163.03 OK
r-devel-linux-x86_64-fedora-gcc 1.0.6 162.65 OK
r-devel-windows-x86_64 1.0.6 38.00 124.00 162.00 OK
r-patched-linux-x86_64 1.0.6 32.59 75.77 108.36 OK
r-release-linux-x86_64 1.0.6 28.94 74.50 103.44 OK
r-release-macos-arm64 1.0.6 42.00 OK
r-release-macos-x86_64 1.0.6 59.00 OK
r-release-windows-x86_64 1.0.6 41.00 124.00 165.00 OK
r-oldrel-macos-arm64 1.0.6 35.00 OK
r-oldrel-macos-x86_64 1.0.6 59.00 OK
r-oldrel-windows-ix86+x86_64 1.0.6 91.00 141.00 232.00 NOTE

Check Details

Version: 1.0.6
Check: installed package size
Result: NOTE
     installed size is 5.3Mb
     sub-directories of 1Mb or more:
     libs 2.2Mb
Flavor: r-oldrel-windows-ix86+x86_64