CRAN Package Check Results for Package nna

Last updated on 2024-02-26 07:50:07 CET.

Flavor Version Tinstall Tcheck Ttotal Status Flags
r-devel-linux-x86_64-debian-clang 0.0.2.1 1.93 19.54 21.47 NOTE
r-devel-linux-x86_64-debian-gcc 0.0.2.1 1.51 15.58 17.09 NOTE
r-devel-linux-x86_64-fedora-clang 0.0.2.1 27.31 NOTE
r-devel-linux-x86_64-fedora-gcc 0.0.2.1 25.70 NOTE
r-devel-windows-x86_64 0.0.2.1 2.00 34.00 36.00 NOTE
r-patched-linux-x86_64 0.0.2.1 1.97 19.66 21.63 NOTE
r-release-linux-x86_64 0.0.2.1 1.90 19.27 21.17 NOTE
r-release-macos-arm64 0.0.2.1 18.00 NOTE
r-release-macos-x86_64 0.0.2.1 18.00 NOTE
r-release-windows-x86_64 0.0.2.1 4.00 33.00 37.00 NOTE
r-oldrel-macos-arm64 0.0.2.1 16.00 NOTE
r-oldrel-windows-x86_64 0.0.2.1 4.00 41.00 45.00 NOTE

Check Details

Version: 0.0.2.1
Check: LazyData
Result: NOTE 'LazyData' is specified without a 'data' directory Flavors: r-devel-linux-x86_64-debian-clang, r-devel-linux-x86_64-debian-gcc, r-devel-linux-x86_64-fedora-clang, r-devel-linux-x86_64-fedora-gcc, r-devel-windows-x86_64, r-patched-linux-x86_64, r-release-linux-x86_64, r-release-macos-arm64, r-release-macos-x86_64, r-release-windows-x86_64, r-oldrel-macos-arm64, r-oldrel-windows-x86_64