CRAN Package Check Results for Package nnclust

Last updated on 2014-07-31 19:48:13.

Flavor Version Tinstall Tcheck Ttotal Status Flags
r-devel-linux-x86_64-debian-clang 2.2 1.08 9.54 10.63 NOTE
r-devel-linux-x86_64-debian-gcc 2.2 1.23 9.69 10.92 NOTE
r-devel-linux-x86_64-fedora-clang 2.2 25.74 NOTE
r-devel-linux-x86_64-fedora-gcc 2.2 22.89 NOTE
r-devel-osx-x86_64-clang 2.2 23.10 NOTE
r-devel-windows-ix86+x86_64 2.2 7.00 20.00 27.00 NOTE
r-patched-linux-x86_64 2.2 1.22 9.68 10.89 NOTE
r-patched-solaris-sparc 2.2 120.70 NOTE
r-patched-solaris-x86 2.2 34.80 NOTE
r-release-linux-ix86 2.2 1.99 15.98 17.97 NOTE
r-release-linux-x86_64 2.2 1.26 9.92 11.17 NOTE
r-release-osx-x86_64-mavericks 2.2 NOTE
r-release-windows-ix86+x86_64 2.2 11.00 28.00 39.00 NOTE
r-oldrel-windows-ix86+x86_64 2.2 14.00 90.00 104.00 NOTE

Memtest notes: valgrind

Check Details

Version: 2.2
Check: compiled code
Result: NOTE
    File /home/hornik/tmp/R.check/r-devel-clang/Work/build/Packages/nnclust/libs/nnclust.so :
     Found printf , possibly from printf (C)
     Objects: nnfind.o , nnfind_mst.o
    
    Compiled code should not call entry points which might terminate R nor
    write to stdout/stderr instead of to the console.
    
    See Writing portable packages in the Writing R Extensions manual.
Flavor: r-devel-linux-x86_64-debian-clang

Version: 2.2
Check: for old-style vignette sources
Result: NOTE
    Vignette sources only in inst/doc :
     mst.Rnw
    A vignettes directory is required as from R 3.1.0
    and these will not be indexed nor checked
Flavors: r-devel-linux-x86_64-debian-clang, r-devel-linux-x86_64-debian-gcc, r-devel-linux-x86_64-fedora-clang, r-devel-linux-x86_64-fedora-gcc, r-devel-osx-x86_64-clang, r-patched-linux-x86_64, r-patched-solaris-sparc, r-patched-solaris-x86, r-release-linux-ix86, r-release-linux-x86_64, r-release-osx-x86_64-mavericks

Version: 2.2
Check: compiled code
Result: NOTE
    File /home/hornik/tmp/R.check/r-devel-gcc/Work/build/Packages/nnclust/libs/nnclust.so :
     Found printf , possibly from printf (C)
     Objects: nnfind.o , nnfind_mst.o
    
    Compiled code should not call entry points which might terminate R nor
    write to stdout/stderr instead of to the console.
    
    See Writing portable packages in the Writing R Extensions manual.
Flavor: r-devel-linux-x86_64-debian-gcc

Version: 2.2
Check: Rd line widths
Result: NOTE
    Rd file 'nncluster.Rd':
     \usage lines wider than 90 characters:
     nncluster(x, threshold, fill = 0.95, maxclust = 20, give.up = 500,verbose=FALSE,start=NULL)
    
    These lines will be truncated in the PDF manual.
Flavors: r-devel-linux-x86_64-fedora-clang, r-devel-linux-x86_64-fedora-gcc

Version: 2.2
Check: compiled code
Result: NOTE
    File /data/gannet/ripley/R/packages/tests-clang/nnclust.Rcheck/nnclust/libs/nnclust.so :
     Found printf , possibly from printf (C)
     Objects: nnfind.o , nnfind_mst.o
    
    Compiled code should not call entry points which might terminate R nor
    write to stdout/stderr instead of to the console.
    
    See Writing portable packages in the Writing R Extensions manual.
Flavor: r-devel-linux-x86_64-fedora-clang

Version: 2.2
Check: compiled code
Result: NOTE
    File /data/gannet/ripley/R/packages/tests-devel/nnclust.Rcheck/nnclust/libs/nnclust.so :
     Found printf , possibly from printf (C)
     Objects: nnfind.o , nnfind_mst.o
    
    Compiled code should not call entry points which might terminate R nor
    write to stdout/stderr instead of to the console.
    
    See Writing portable packages in the Writing R Extensions manual.
Flavor: r-devel-linux-x86_64-fedora-gcc

Version: 2.2
Check: compiled code
Result: NOTE
    File /Users/ripley/R/packages/tests-devel/nnclust.Rcheck/nnclust/libs/nnclust.so :
     Found _printf , possibly from printf (C)
     Objects: nnfind.o , nnfind_mst.o
    
    Compiled code should not call entry points which might terminate R nor
    write to stdout/stderr instead of to the console.
    
    See Writing portable packages in the Writing R Extensions manual.
Flavor: r-devel-osx-x86_64-clang

Version: 2.2
Check: compiled code
Result: NOTE
    File 'd:/Rcompile/CRANpkg/lib/3.2/nnclust/libs/i386/nnclust.dll':
     Found 'printf', possibly from 'printf' (C)
     Objects: 'nnfind.o', 'nnfind_mst.o'
    File 'd:/Rcompile/CRANpkg/lib/3.2/nnclust/libs/x64/nnclust.dll':
     Found 'printf', possibly from 'printf' (C)
     Objects: 'nnfind.o', 'nnfind_mst.o'
    
    Compiled code should not call entry points which might terminate R nor
    write to stdout/stderr instead of to the console.
    
    See 'Writing portable packages' in the 'Writing R Extensions' manual.
Flavor: r-devel-windows-ix86+x86_64

Version: 2.2
Check: for old-style vignette sources
Result: NOTE
    Vignette sources only in 'inst/doc':
     'mst.Rnw'
    A 'vignettes' directory is required as from R 3.1.0
    and these will not be indexed nor checked
    * checking examples ...
Flavors: r-devel-windows-ix86+x86_64, r-release-windows-ix86+x86_64

Version: 2.2
Check: compiled code
Result: NOTE
    File /home/hornik/tmp/R.check/r-patched-gcc/Work/build/Packages/nnclust/libs/nnclust.so :
     Found printf , possibly from printf (C)
     Objects: nnfind.o , nnfind_mst.o
    
    Compiled code should not call entry points which might terminate R nor
    write to stdout/stderr instead of to the console.
    
    See Writing portable packages in the Writing R Extensions manual.
Flavor: r-patched-linux-x86_64

Version: 2.2
Check: compiled code
Result: NOTE
    File /home/ripley/R/Lib32/nnclust/libs/nnclust.so :
     Found printf , possibly from printf (C)
     Objects: nnfind.o , nnfind_mst.o
    
    Compiled code should not call entry points which might terminate R nor
    write to stdout/stderr instead of to the console.
    
    See Writing portable packages in the Writing R Extensions manual.
Flavors: r-patched-solaris-sparc, r-patched-solaris-x86

Version: 2.2
Check: compiled code
Result: NOTE
    File /home/hornik/tmp/R.check/r-release-gcc/Work/build/Packages/nnclust/libs/nnclust.so :
     Found printf , possibly from printf (C)
     Objects: nnfind.o , nnfind_mst.o
    
    Compiled code should not call entry points which might terminate R nor
    write to stdout/stderr instead of to the console.
    
    See Writing portable packages in the Writing R Extensions manual.
Flavors: r-release-linux-ix86, r-release-linux-x86_64

Version: 2.2
Check: compiled code
Result: NOTE
    File /Builds/CRAN-QA-Simon/packages/mavericks-x86_64/results/3.1/nnclust.Rcheck/nnclust/libs/nnclust.so :
     Found _printf , possibly from printf (C)
     Objects: nnfind.o , nnfind_mst.o
    
    Compiled code should not call entry points which might terminate R nor
    write to stdout/stderr instead of to the console.
    
    See Writing portable packages in the Writing R Extensions manual.
Flavor: r-release-osx-x86_64-mavericks

Version: 2.2
Check: compiled code
Result: NOTE
    File 'd:/Rcompile/CRANpkg/lib/3.1/nnclust/libs/i386/nnclust.dll':
     Found 'printf', possibly from 'printf' (C)
     Objects: 'nnfind.o', 'nnfind_mst.o'
    File 'd:/Rcompile/CRANpkg/lib/3.1/nnclust/libs/x64/nnclust.dll':
     Found 'printf', possibly from 'printf' (C)
     Objects: 'nnfind.o', 'nnfind_mst.o'
    
    Compiled code should not call entry points which might terminate R nor
    write to stdout/stderr instead of to the console.
    
    See 'Writing portable packages' in the 'Writing R Extensions' manual.
Flavor: r-release-windows-ix86+x86_64

Version: 2.2
Check: compiled code
Result: NOTE
    File 'd:/Rcompile/CRANpkg/lib/3.0/nnclust/libs/i386/nnclust.dll':
     Found 'printf', possibly from 'printf' (C)
     Objects: 'nnfind.o', 'nnfind_mst.o'
    File 'd:/Rcompile/CRANpkg/lib/3.0/nnclust/libs/x64/nnclust.dll':
     Found 'printf', possibly from 'printf' (C)
     Objects: 'nnfind.o', 'nnfind_mst.o'
    
    Compiled code should not call entry points which might terminate R nor
    write to stdout/stderr instead of to the console.
    
    See 'Writing portable packages' in the 'Writing R Extensions' manual.
Flavor: r-oldrel-windows-ix86+x86_64

Version: 2.2
Check: for old-style vignette sources
Result: NOTE
    Vignette sources only in 'inst/doc':
     'mst.Rnw'
    A 'vignettes' directory will be required as from R 3.1.0
    * checking examples ...
Flavor: r-oldrel-windows-ix86+x86_64