CRAN Package Check Results for Package nnclust

Last updated on 2014-04-23 20:47:17.

Flavor Version Tinstall Tcheck Ttotal Status Flags
r-devel-linux-x86_64-debian-clang 2.2 1.07 10.17 11.24 NOTE
r-devel-linux-x86_64-debian-gcc 2.2 1.24 9.98 11.22 NOTE
r-devel-linux-x86_64-fedora-clang 2.2 23.60 NOTE
r-devel-linux-x86_64-fedora-gcc 2.2 23.11 NOTE
r-devel-osx-x86_64-clang 2.2 23.95 NOTE
r-devel-osx-x86_64-gcc 2.2 NOTE
r-devel-windows-ix86+x86_64 2.2 8.00 20.00 28.00 NOTE
r-patched-linux-x86_64 2.2 1.24 10.01 11.25 NOTE
r-patched-solaris-sparc 2.2 125.30 NOTE
r-patched-solaris-x86 2.2 34.10 NOTE
r-release-linux-ix86 2.2 3.00 23.00 26.00 NOTE
r-release-linux-x86_64 2.2 1.25 9.88 11.13 NOTE
r-release-osx-x86_64-mavericks 2.2 WARN
r-release-windows-ix86+x86_64 2.2 8.00 20.00 28.00 NOTE
r-oldrel-windows-ix86+x86_64 2.2 9.00 66.00 75.00 NOTE

Memtest notes: valgrind

Check Details

Version: 2.2
Check: compiled code
Result: NOTE
    File ‘/home/hornik/tmp/R.check/r-devel-clang/Work/build/Packages/nnclust/libs/nnclust.so’:
     Found ‘printf’, possibly from ‘printf’ (C)
     Objects: ‘nnfind.o’, ‘nnfind_mst.o’
    
    Compiled code should not call entry points which might terminate R nor
    write to stdout/stderr instead of to the console.
    
    See ‘Writing portable packages’ in the ‘Writing R Extensions’ manual.
Flavor: r-devel-linux-x86_64-debian-clang

Version: 2.2
Check: for old-style vignette sources
Result: NOTE
    Vignette sources only in ‘inst/doc’:
     ‘mst.Rnw’
    A ‘vignettes’ directory is required as from R 3.1.0
    and these will not be indexed nor checked
Flavors: r-devel-linux-x86_64-debian-clang, r-devel-linux-x86_64-debian-gcc, r-devel-linux-x86_64-fedora-clang, r-devel-linux-x86_64-fedora-gcc, r-devel-osx-x86_64-clang, r-devel-osx-x86_64-gcc, r-patched-linux-x86_64, r-patched-solaris-sparc, r-patched-solaris-x86, r-release-linux-ix86, r-release-linux-x86_64, r-release-osx-x86_64-mavericks

Version: 2.2
Check: compiled code
Result: NOTE
    File ‘/home/hornik/tmp/R.check/r-devel-gcc/Work/build/Packages/nnclust/libs/nnclust.so’:
     Found ‘printf’, possibly from ‘printf’ (C)
     Objects: ‘nnfind.o’, ‘nnfind_mst.o’
    
    Compiled code should not call entry points which might terminate R nor
    write to stdout/stderr instead of to the console.
    
    See ‘Writing portable packages’ in the ‘Writing R Extensions’ manual.
Flavor: r-devel-linux-x86_64-debian-gcc

Version: 2.2
Check: Rd line widths
Result: NOTE
    Rd file 'nncluster.Rd':
     \usage lines wider than 90 characters:
     nncluster(x, threshold, fill = 0.95, maxclust = 20, give.up = 500,verbose=FALSE,start=NULL)
    
    These lines will be truncated in the PDF manual.
Flavors: r-devel-linux-x86_64-fedora-clang, r-devel-linux-x86_64-fedora-gcc

Version: 2.2
Check: compiled code
Result: NOTE
    File ‘/data/gannet/ripley/R/packages/tests-clang/nnclust.Rcheck/nnclust/libs/nnclust.so’:
     Found ‘printf’, possibly from ‘printf’ (C)
     Objects: ‘nnfind.o’, ‘nnfind_mst.o’
    
    Compiled code should not call entry points which might terminate R nor
    write to stdout/stderr instead of to the console.
    
    See ‘Writing portable packages’ in the ‘Writing R Extensions’ manual.
Flavor: r-devel-linux-x86_64-fedora-clang

Version: 2.2
Check: compiled code
Result: NOTE
    File ‘/data/gannet/ripley/R/packages/tests-devel/nnclust.Rcheck/nnclust/libs/nnclust.so’:
     Found ‘printf’, possibly from ‘printf’ (C)
     Objects: ‘nnfind.o’, ‘nnfind_mst.o’
    
    Compiled code should not call entry points which might terminate R nor
    write to stdout/stderr instead of to the console.
    
    See ‘Writing portable packages’ in the ‘Writing R Extensions’ manual.
Flavor: r-devel-linux-x86_64-fedora-gcc

Version: 2.2
Check: compiled code
Result: NOTE
    File ‘/Users/ripley/R/packages/tests-devel/nnclust.Rcheck/nnclust/libs/nnclust.so’:
     Found ‘_printf’, possibly from ‘printf’ (C)
     Objects: ‘nnfind.o’, ‘nnfind_mst.o’
    
    Compiled code should not call entry points which might terminate R nor
    write to stdout/stderr instead of to the console.
    
    See ‘Writing portable packages’ in the ‘Writing R Extensions’ manual.
Flavor: r-devel-osx-x86_64-clang

Version: 2.2
Check: compiled code
Result: NOTE
    File ‘/Volumes/XT3/Builds/R-dev-web/QA/Simon/packages/snowleopard-x86_64/results/3.2/nnclust.Rcheck/nnclust/libs/nnclust.so’:
     Found ‘_printf’, possibly from ‘printf’ (C)
     Objects: ‘nnfind.o’, ‘nnfind_mst.o’
    
    Compiled code should not call entry points which might terminate R nor
    write to stdout/stderr instead of to the console.
    
    See ‘Writing portable packages’ in the ‘Writing R Extensions’ manual.
Flavor: r-devel-osx-x86_64-gcc

Version: 2.2
Check: compiled code
Result: NOTE
    File 'd:/Rcompile/CRANpkg/lib/3.2/nnclust/libs/i386/nnclust.dll':
     Found 'printf', possibly from 'printf' (C)
     Objects: 'nnfind.o', 'nnfind_mst.o'
    File 'd:/Rcompile/CRANpkg/lib/3.2/nnclust/libs/x64/nnclust.dll':
     Found 'printf', possibly from 'printf' (C)
     Objects: 'nnfind.o', 'nnfind_mst.o'
    
    Compiled code should not call entry points which might terminate R nor
    write to stdout/stderr instead of to the console.
    
    See 'Writing portable packages' in the 'Writing R Extensions' manual.
Flavor: r-devel-windows-ix86+x86_64

Version: 2.2
Check: for old-style vignette sources
Result: NOTE
    Vignette sources only in 'inst/doc':
     'mst.Rnw'
    A 'vignettes' directory is required as from R 3.1.0
    and these will not be indexed nor checked
    * checking examples ...
Flavors: r-devel-windows-ix86+x86_64, r-release-windows-ix86+x86_64

Version: 2.2
Check: compiled code
Result: NOTE
    File ‘/home/hornik/tmp/R.check/r-patched-gcc/Work/build/Packages/nnclust/libs/nnclust.so’:
     Found ‘printf’, possibly from ‘printf’ (C)
     Objects: ‘nnfind.o’, ‘nnfind_mst.o’
    
    Compiled code should not call entry points which might terminate R nor
    write to stdout/stderr instead of to the console.
    
    See ‘Writing portable packages’ in the ‘Writing R Extensions’ manual.
Flavor: r-patched-linux-x86_64

Version: 2.2
Check: compiled code
Result: NOTE
    File ‘/home/ripley/R/Lib32/nnclust/libs/nnclust.so’:
     Found ‘printf’, possibly from ‘printf’ (C)
     Objects: ‘nnfind.o’, ‘nnfind_mst.o’
    
    Compiled code should not call entry points which might terminate R nor
    write to stdout/stderr instead of to the console.
    
    See ‘Writing portable packages’ in the ‘Writing R Extensions’ manual.
Flavors: r-patched-solaris-sparc, r-patched-solaris-x86

Version: 2.2
Check: compiled code
Result: NOTE
    File ‘/home/hornik/tmp/R.check/r-release-gcc/Work/build/Packages/nnclust/libs/nnclust.so’:
     Found ‘printf’, possibly from ‘printf’ (C)
     Objects: ‘nnfind.o’, ‘nnfind_mst.o’
    
    Compiled code should not call entry points which might terminate R nor
    write to stdout/stderr instead of to the console.
    
    See ‘Writing portable packages’ in the ‘Writing R Extensions’ manual.
Flavors: r-release-linux-ix86, r-release-linux-x86_64

Version: 2.2
Check: compiled code
Result: NOTE
    File ‘/Builds/CRAN-QA-Simon/packages/mavericks-x86_64/results/3.1/nnclust.Rcheck/nnclust/libs/nnclust.so’:
     Found ‘_printf’, possibly from ‘printf’ (C)
     Objects: ‘nnfind.o’, ‘nnfind_mst.o’
    
    Compiled code should not call entry points which might terminate R nor
    write to stdout/stderr instead of to the console.
    
    See ‘Writing portable packages’ in the ‘Writing R Extensions’ manual.
Flavor: r-release-osx-x86_64-mavericks

Version: 2.2
Check: PDF version of manual
Result: WARNING
    LaTeX errors when creating PDF version.
    This typically indicates Rd problems.
    LaTeX errors found:
    ! LaTeX Error: File `upquote.sty' not found.
    
    Type X to quit or <RETURN> to proceed,
    or enter new name. (Default extension: sty)
    
    fb0546/Rd2.tex:8: ==> Fatal error occurred, no output PDF file produced!
Flavor: r-release-osx-x86_64-mavericks

Version: 2.2
Check: compiled code
Result: NOTE
    File 'd:/Rcompile/CRANpkg/lib/3.1/nnclust/libs/i386/nnclust.dll':
     Found 'printf', possibly from 'printf' (C)
     Objects: 'nnfind.o', 'nnfind_mst.o'
    File 'd:/Rcompile/CRANpkg/lib/3.1/nnclust/libs/x64/nnclust.dll':
     Found 'printf', possibly from 'printf' (C)
     Objects: 'nnfind.o', 'nnfind_mst.o'
    
    Compiled code should not call entry points which might terminate R nor
    write to stdout/stderr instead of to the console.
    
    See 'Writing portable packages' in the 'Writing R Extensions' manual.
Flavor: r-release-windows-ix86+x86_64

Version: 2.2
Check: compiled code
Result: NOTE
    File 'd:/Rcompile/CRANpkg/lib/3.0/nnclust/libs/i386/nnclust.dll':
     Found 'printf', possibly from 'printf' (C)
     Objects: 'nnfind.o', 'nnfind_mst.o'
    File 'd:/Rcompile/CRANpkg/lib/3.0/nnclust/libs/x64/nnclust.dll':
     Found 'printf', possibly from 'printf' (C)
     Objects: 'nnfind.o', 'nnfind_mst.o'
    
    Compiled code should not call entry points which might terminate R nor
    write to stdout/stderr instead of to the console.
    
    See 'Writing portable packages' in the 'Writing R Extensions' manual.
Flavor: r-oldrel-windows-ix86+x86_64

Version: 2.2
Check: for old-style vignette sources
Result: NOTE
    Vignette sources only in 'inst/doc':
     'mst.Rnw'
    A 'vignettes' directory will be required as from R 3.1.0
    * checking examples ...
Flavor: r-oldrel-windows-ix86+x86_64