CRAN Package Check Results for Package nnls

Last updated on 2018-02-25 10:47:19 CET.

Flavor Version Tinstall Tcheck Ttotal Status Flags
r-devel-linux-x86_64-debian-clang 1.4 1.71 15.78 17.49 NOTE
r-devel-linux-x86_64-debian-gcc 1.4 1.42 12.48 13.90 NOTE
r-devel-linux-x86_64-fedora-clang 1.4 21.38 NOTE
r-devel-linux-x86_64-fedora-gcc 1.4 20.22 NOTE
r-devel-windows-ix86+x86_64 1.4 10.00 34.00 44.00 OK
r-patched-linux-x86_64 1.4 1.40 14.86 16.26 NOTE
r-patched-solaris-x86 1.4 32.00 OK
r-release-linux-x86_64 1.4 1.67 14.61 16.28 NOTE
r-release-windows-ix86+x86_64 1.4 7.00 29.00 36.00 OK
r-release-osx-x86_64 1.4 OK
r-oldrel-windows-ix86+x86_64 1.4 5.00 26.00 31.00 OK
r-oldrel-osx-x86_64 1.4 OK

Check Details

Version: 1.4
Check: compiled code
Result: NOTE
    File ‘nnls/libs/nnls.so’:
     Found no calls to: ‘R_registerRoutines’, ‘R_useDynamicSymbols’
    
    It is good practice to register native routines and to disable symbol
    search.
    
    See ‘Writing portable packages’ in the ‘Writing R Extensions’ manual.
Flavors: r-devel-linux-x86_64-debian-clang, r-devel-linux-x86_64-debian-gcc, r-devel-linux-x86_64-fedora-clang, r-devel-linux-x86_64-fedora-gcc, r-patched-linux-x86_64, r-release-linux-x86_64