CRAN Package Check Results for Package nnls

Last updated on 2017-04-26 21:47:26.

Flavor Version Tinstall Tcheck Ttotal Status Flags
r-devel-linux-x86_64-debian-clang 1.4 1.33 10.33 11.66 NOTE
r-devel-linux-x86_64-debian-gcc 1.4 1.34 10.31 11.66 NOTE
r-devel-linux-x86_64-fedora-clang 1.4 19.25 NOTE --no-stop-on-test-error
r-devel-linux-x86_64-fedora-gcc 1.4 18.92 NOTE --no-stop-on-test-error
r-devel-windows-ix86+x86_64 1.4 15.00 31.00 46.00 OK
r-patched-linux-x86_64 1.4 1.31 10.20 11.51 NOTE
r-patched-solaris-sparc 1.4 113.40 OK
r-patched-solaris-x86 1.4 29.10 OK
r-release-linux-x86_64 1.4 1.28 10.09 11.36 NOTE
r-release-windows-ix86+x86_64 1.4 8.00 29.00 37.00 OK
r-release-osx-x86_64 1.4 OK
r-oldrel-windows-ix86+x86_64 1.4 5.00 26.00 31.00 OK
r-oldrel-osx-x86_64 1.4 OK

Check Details

Version: 1.4
Check: compiled code
Result: NOTE
    File ‘nnls/libs/nnls.so’:
     Found no calls to: ‘R_registerRoutines’, ‘R_useDynamicSymbols’
    
    It is good practice to register native routines and to disable symbol
    search.
    
    See ‘Writing portable packages’ in the ‘Writing R Extensions’ manual.
Flavors: r-devel-linux-x86_64-debian-clang, r-devel-linux-x86_64-debian-gcc, r-patched-linux-x86_64, r-release-linux-x86_64

Version: 1.4
Flags: --no-stop-on-test-error
Check: compiled code
Result: NOTE
    File ‘nnls/libs/nnls.so’:
     Found no calls to: ‘R_registerRoutines’, ‘R_useDynamicSymbols’
    
    It is good practice to register native routines and to disable symbol
    search.
    
    See ‘Writing portable packages’ in the ‘Writing R Extensions’ manual.
Flavors: r-devel-linux-x86_64-fedora-clang, r-devel-linux-x86_64-fedora-gcc