CRAN Package Check Results for Package nnls

Last updated on 2014-04-24 07:52:32.

Flavor Version Tinstall Tcheck Ttotal Status Flags
r-devel-linux-x86_64-debian-clang 1.4 1.19 9.11 10.30 OK
r-devel-linux-x86_64-debian-gcc 1.4 1.18 9.27 10.46 OK
r-devel-linux-x86_64-fedora-clang 1.4 19.89 OK
r-devel-linux-x86_64-fedora-gcc 1.4 18.86 OK
r-devel-osx-x86_64-clang 1.4 24.54 OK
r-devel-osx-x86_64-gcc 1.4 NOTE
r-devel-windows-ix86+x86_64 1.4 6.00 19.00 25.00 OK
r-patched-linux-x86_64 1.4 1.20 8.93 10.13 OK
r-patched-solaris-sparc 1.4 114.10 OK
r-patched-solaris-x86 1.4 31.40 OK
r-release-linux-ix86 1.4 3.00 21.00 24.00 OK
r-release-linux-x86_64 1.4 1.24 9.23 10.46 OK
r-release-osx-x86_64-mavericks 1.4 OK
r-release-windows-ix86+x86_64 1.4 12.00 24.00 36.00 OK
r-oldrel-windows-ix86+x86_64 1.4 7.00 19.00 26.00 OK

Check Details

Version: 1.4
Check: Rd cross-references
Result: NOTE
    Package unavailable to check Rd xrefs: ‘bvls’
Flavor: r-devel-osx-x86_64-gcc