CRAN Package Check Results for Package nnls

Last updated on 2017-02-27 23:48:17.

Flavor Version Tinstall Tcheck Ttotal Status Flags
r-devel-linux-x86_64-debian-clang 1.4 1.37 10.51 11.88 NOTE
r-devel-linux-x86_64-debian-gcc 1.4 1.58 10.25 11.83 NOTE
r-devel-linux-x86_64-fedora-clang 1.4 22.28 NOTE --no-stop-on-test-error
r-devel-linux-x86_64-fedora-gcc 1.4 18.47 NOTE --no-stop-on-test-error
r-devel-macos-x86_64-clang 1.4 17.68 NOTE --no-stop-on-test-error
r-devel-windows-ix86+x86_64 1.4 12.00 78.00 90.00 OK
r-patched-linux-x86_64 1.4 1.23 8.36 9.59 OK
r-patched-solaris-sparc 1.4 102.80 OK
r-patched-solaris-x86 1.4 24.70 OK
r-release-linux-x86_64 1.4 1.22 8.24 9.46 OK
r-release-osx-x86_64-mavericks 1.4 OK
r-release-windows-ix86+x86_64 1.4 5.00 26.00 31.00 OK
r-oldrel-windows-ix86+x86_64 1.4 5.00 25.00 30.00 OK

Check Details

Version: 1.4
Check: compiled code
Result: NOTE
    File ‘nnls/libs/nnls.so’:
     Found no calls to: ‘R_registerRoutines’, ‘R_useDynamicSymbols’
    
    It is good practice to register native routines and to disable symbol
    search.
    
    See ‘Writing portable packages’ in the ‘Writing R Extensions’ manual.
Flavors: r-devel-linux-x86_64-debian-clang, r-devel-linux-x86_64-debian-gcc

Version: 1.4
Flags: --no-stop-on-test-error
Check: compiled code
Result: NOTE
    File ‘nnls/libs/nnls.so’:
     Found no calls to: ‘R_registerRoutines’, ‘R_useDynamicSymbols’
    
    It is good practice to register native routines and to disable symbol
    search.
    
    See ‘Writing portable packages’ in the ‘Writing R Extensions’ manual.
Flavors: r-devel-linux-x86_64-fedora-clang, r-devel-linux-x86_64-fedora-gcc, r-devel-macos-x86_64-clang