CRAN Package Check Results for Package nnls

Last updated on 2017-10-18 03:48:24.

Flavor Version Tinstall Tcheck Ttotal Status Flags
r-devel-linux-x86_64-debian-clang 1.4 1.34 10.83 12.17 NOTE
r-devel-linux-x86_64-debian-gcc 1.4 1.33 11.42 12.76 NOTE
r-devel-linux-x86_64-fedora-clang 1.4 19.80 NOTE
r-devel-linux-x86_64-fedora-gcc 1.4 18.72 NOTE
r-devel-windows-ix86+x86_64 1.4 13.00 34.00 47.00 OK
r-patched-linux-x86_64 1.4 1.27 10.39 11.67 NOTE
r-patched-solaris-x86 1.4 32.10 OK
r-release-linux-x86_64 1.4 1.36 10.65 12.01 NOTE
r-release-windows-ix86+x86_64 1.4 7.00 29.00 36.00 OK
r-release-osx-x86_64 1.4 OK
r-oldrel-windows-ix86+x86_64 1.4 5.00 26.00 31.00 OK
r-oldrel-osx-x86_64 1.4 OK

Check Details

Version: 1.4
Check: compiled code
Result: NOTE
    File ‘nnls/libs/nnls.so’:
     Found no calls to: ‘R_registerRoutines’, ‘R_useDynamicSymbols’
    
    It is good practice to register native routines and to disable symbol
    search.
    
    See ‘Writing portable packages’ in the ‘Writing R Extensions’ manual.
Flavors: r-devel-linux-x86_64-debian-clang, r-devel-linux-x86_64-debian-gcc, r-devel-linux-x86_64-fedora-clang, r-devel-linux-x86_64-fedora-gcc, r-patched-linux-x86_64, r-release-linux-x86_64