CRAN Package Check Results for Package nnt

Last updated on 2024-06-23 08:51:15 CEST.

Flavor Version Tinstall Tcheck Ttotal Status Flags
r-devel-linux-x86_64-debian-clang 0.1.4 5.20 65.84 71.04 NOTE
r-devel-linux-x86_64-debian-gcc 0.1.4 6.41 49.79 56.20 NOTE
r-devel-linux-x86_64-fedora-clang 0.1.4 91.11 NOTE
r-devel-linux-x86_64-fedora-gcc 0.1.4 87.35 NOTE
r-devel-windows-x86_64 0.1.4 7.00 64.00 71.00 NOTE
r-patched-linux-x86_64 0.1.4 5.64 63.29 68.93 NOTE
r-release-linux-x86_64 0.1.4 7.13 62.69 69.82 NOTE
r-release-macos-arm64 0.1.4 29.00 NOTE
r-release-macos-x86_64 0.1.4 46.00 NOTE
r-release-windows-x86_64 0.1.4 7.00 65.00 72.00 NOTE
r-oldrel-macos-arm64 0.1.4 33.00 NOTE
r-oldrel-macos-x86_64 0.1.4 51.00 NOTE
r-oldrel-windows-x86_64 0.1.4 9.00 76.00 85.00 NOTE

Check Details

Version: 0.1.4
Check: LazyData
Result: NOTE 'LazyData' is specified without a 'data' directory Flavors: r-devel-linux-x86_64-debian-clang, r-devel-linux-x86_64-debian-gcc, r-devel-linux-x86_64-fedora-clang, r-devel-linux-x86_64-fedora-gcc, r-devel-windows-x86_64, r-patched-linux-x86_64, r-release-linux-x86_64, r-release-macos-arm64, r-release-macos-x86_64, r-release-windows-x86_64, r-oldrel-macos-arm64, r-oldrel-macos-x86_64, r-oldrel-windows-x86_64