CRAN Package Check Results for Package noctua

Last updated on 2020-02-23 15:47:09 CET.

Flavor Version Tinstall Tcheck Ttotal Status Flags
r-devel-linux-x86_64-debian-clang 1.5.1 6.16 52.15 58.31 OK
r-devel-linux-x86_64-debian-gcc 1.5.1 5.36 39.25 44.61 OK
r-devel-linux-x86_64-fedora-clang 1.5.1 72.51 NOTE
r-devel-linux-x86_64-fedora-gcc 1.5.1 69.14 NOTE
r-devel-windows-ix86+x86_64 1.5.0 12.00 55.00 67.00 OK
r-devel-windows-ix86+x86_64-gcc8 1.5.1 23.00 95.00 118.00 OK
r-patched-linux-x86_64 1.5.1 OK
r-patched-solaris-x86 1.5.1 78.40 OK
r-release-linux-x86_64 1.5.1 5.30 45.11 50.41 OK
r-release-windows-ix86+x86_64 1.5.1 13.00 64.00 77.00 OK
r-release-osx-x86_64 1.5.1 OK
r-oldrel-windows-ix86+x86_64 1.5.1 8.00 121.00 129.00 OK
r-oldrel-osx-x86_64 1.5.1 OK

Check Details

Version: 1.5.1
Check: package dependencies
Result: NOTE
    Package suggested but not available for checking: ‘arrow’
Flavors: r-devel-linux-x86_64-fedora-clang, r-devel-linux-x86_64-fedora-gcc