CRAN Package Check Results for Package nodeHarvest

Last updated on 2016-08-26 03:47:14.

Flavor Version Tinstall Tcheck Ttotal Status Flags
r-devel-linux-x86_64-debian-clang 0.7-3 0.60 12.52 13.12 NOTE
r-devel-linux-x86_64-debian-gcc 0.7-3 0.78 16.47 17.25 NOTE
r-devel-linux-x86_64-fedora-clang 0.7-3 21.57 NOTE
r-devel-linux-x86_64-fedora-gcc 0.7-3 20.08 NOTE
r-devel-osx-x86_64-clang 0.7-3 19.64 NOTE
r-devel-windows-ix86+x86_64 0.7-3 5.00 29.00 34.00 NOTE
r-patched-linux-x86_64 0.7-3 0.58 11.83 12.41 NOTE
r-patched-solaris-sparc 0.7-3 131.30 NOTE
r-patched-solaris-x86 0.7-3 27.30 NOTE
r-release-linux-x86_64 0.7-3 0.54 12.15 12.69 NOTE
r-release-osx-x86_64-mavericks 0.7-3 NOTE
r-release-windows-ix86+x86_64 0.7-3 3.00 31.00 34.00 NOTE
r-oldrel-windows-ix86+x86_64 0.7-3 3.00 35.00 38.00 OK

Check Details

Version: 0.7-3
Check: R code for possible problems
Result: NOTE
    makeRules: no visible global function definition for ‘sd’
    makeRules: no visible global function definition for ‘rnorm’
    nodeHarvest: no visible global function definition for ‘capture.output’
    nodeHarvest: no visible global function definition for ‘lm’
    nodeHarvest: no visible global function definition for ‘coef’
    plot.nodeHarvest: no visible global function definition for ‘rgb’
    Undefined global functions or variables:
     capture.output coef lm rgb rnorm sd
    Consider adding
     importFrom("grDevices", "rgb")
     importFrom("stats", "coef", "lm", "rnorm", "sd")
     importFrom("utils", "capture.output")
    to your NAMESPACE file.
Flavors: r-devel-linux-x86_64-debian-clang, r-devel-linux-x86_64-debian-gcc, r-devel-linux-x86_64-fedora-clang, r-devel-linux-x86_64-fedora-gcc, r-devel-osx-x86_64-clang, r-devel-windows-ix86+x86_64, r-patched-linux-x86_64, r-patched-solaris-sparc, r-patched-solaris-x86, r-release-linux-x86_64, r-release-osx-x86_64-mavericks, r-release-windows-ix86+x86_64