CRAN Package Check Results for Package nodeHarvest

Last updated on 2018-07-16 06:47:04 CEST.

Flavor Version Tinstall Tcheck Ttotal Status Flags
r-devel-linux-x86_64-debian-clang 0.7-3 1.82 19.62 21.44 NOTE
r-devel-linux-x86_64-debian-gcc 0.7-3 1.26 17.83 19.09 NOTE
r-devel-linux-x86_64-fedora-clang 0.7-3 28.15 NOTE
r-devel-linux-x86_64-fedora-gcc 0.7-3 26.77 NOTE
r-devel-windows-ix86+x86_64 0.7-3 5.00 45.00 50.00 NOTE
r-patched-linux-x86_64 0.7-3 1.57 21.41 22.98 NOTE
r-patched-solaris-x86 0.7-3 40.90 NOTE
r-release-linux-x86_64 0.7-3 1.46 21.87 23.33 NOTE
r-release-windows-ix86+x86_64 0.7-3 5.00 35.00 40.00 NOTE
r-release-osx-x86_64 0.7-3 NOTE
r-oldrel-windows-ix86+x86_64 0.7-3 2.00 49.00 51.00 NOTE
r-oldrel-osx-x86_64 0.7-3 NOTE

Check Details

Version: 0.7-3
Check: R code for possible problems
Result: NOTE
    makeRules: no visible global function definition for ‘sd’
    makeRules: no visible global function definition for ‘rnorm’
    nodeHarvest: no visible global function definition for ‘capture.output’
    nodeHarvest: no visible global function definition for ‘lm’
    nodeHarvest: no visible global function definition for ‘coef’
    plot.nodeHarvest: no visible global function definition for ‘rgb’
    Undefined global functions or variables:
     capture.output coef lm rgb rnorm sd
    Consider adding
     importFrom("grDevices", "rgb")
     importFrom("stats", "coef", "lm", "rnorm", "sd")
     importFrom("utils", "capture.output")
    to your NAMESPACE file.
Flavors: r-devel-linux-x86_64-debian-clang, r-devel-linux-x86_64-debian-gcc, r-devel-linux-x86_64-fedora-clang, r-devel-linux-x86_64-fedora-gcc, r-devel-windows-ix86+x86_64, r-patched-linux-x86_64, r-patched-solaris-x86, r-release-linux-x86_64, r-release-windows-ix86+x86_64, r-release-osx-x86_64, r-oldrel-windows-ix86+x86_64, r-oldrel-osx-x86_64