CRAN Package Check Results for Package nodeHarvest

Last updated on 2015-07-03 11:47:12.

Flavor Version Tinstall Tcheck Ttotal Status Flags
r-devel-linux-x86_64-debian-clang 0.7-3 0.53 11.33 11.86 NOTE
r-devel-linux-x86_64-debian-gcc 0.7-3 0.56 11.42 11.98 NOTE
r-devel-linux-x86_64-fedora-clang 0.7-3 23.71 NOTE
r-devel-linux-x86_64-fedora-gcc 0.7-3 21.84 NOTE
r-devel-osx-x86_64-clang 0.7-3 25.07 OK
r-devel-windows-ix86+x86_64 0.7-3 3.00 20.00 23.00 NOTE
r-patched-linux-x86_64 0.7-3 0.58 11.98 12.56 OK
r-patched-solaris-sparc 0.7-3 185.10 OK
r-patched-solaris-x86 0.7-3 36.10 OK
r-release-linux-x86_64 0.7-3 0.60 12.04 12.64 OK
r-release-osx-x86_64-mavericks 0.7-3 OK
r-release-windows-ix86+x86_64 0.7-3 3.00 22.00 25.00 OK
r-oldrel-windows-ix86+x86_64 0.7-3 4.00 26.00 30.00 OK

Check Details

Version: 0.7-3
Check: R code for possible problems
Result: NOTE
    makeRules: no visible global function definition for ‘sd’
    makeRules: no visible global function definition for ‘rnorm’
    nodeHarvest: no visible global function definition for ‘capture.output’
    nodeHarvest: no visible global function definition for ‘lm’
    nodeHarvest: no visible global function definition for ‘coef’
    plot.nodeHarvest: no visible global function definition for ‘rgb’
    Undefined global functions or variables:
     capture.output coef lm rgb rnorm sd
Flavors: r-devel-linux-x86_64-debian-clang, r-devel-linux-x86_64-debian-gcc, r-devel-linux-x86_64-fedora-clang, r-devel-linux-x86_64-fedora-gcc, r-devel-windows-ix86+x86_64