CRAN Package Check Results for Package nodeHarvest

Last updated on 2015-09-02 19:47:42.

Flavor Version Tinstall Tcheck Ttotal Status Flags
r-devel-linux-x86_64-debian-clang 0.7-3 0.51 11.79 12.30 NOTE
r-devel-linux-x86_64-debian-gcc 0.7-3 0.55 11.25 11.80 NOTE
r-devel-linux-x86_64-fedora-clang 0.7-3 23.20 NOTE
r-devel-linux-x86_64-fedora-gcc 0.7-3 21.24 NOTE
r-devel-osx-x86_64-clang 0.7-3 22.83 OK
r-devel-windows-ix86+x86_64 0.7-3 4.00 26.00 30.00 NOTE
r-patched-linux-x86_64 0.7-3 0.56 12.41 12.96 OK
r-patched-solaris-sparc 0.7-3 152.80 OK
r-patched-solaris-x86 0.7-3 35.90 OK
r-release-linux-x86_64 0.7-3 0.59 12.14 12.73 OK
r-release-osx-x86_64-mavericks 0.7-3 OK
r-release-windows-ix86+x86_64 0.7-3 4.00 20.00 24.00 OK
r-oldrel-windows-ix86+x86_64 0.7-3 6.00 27.00 33.00 OK

Check Details

Version: 0.7-3
Check: R code for possible problems
Result: NOTE
    makeRules: no visible global function definition for ‘sd’
    makeRules: no visible global function definition for ‘rnorm’
    nodeHarvest: no visible global function definition for ‘capture.output’
    nodeHarvest: no visible global function definition for ‘lm’
    nodeHarvest: no visible global function definition for ‘coef’
    plot.nodeHarvest: no visible global function definition for ‘rgb’
    Undefined global functions or variables:
     capture.output coef lm rgb rnorm sd
    Consider adding
     importFrom("grDevices", "rgb")
     importFrom("stats", "coef", "lm", "rnorm", "sd")
     importFrom("utils", "capture.output")
    to your NAMESPACE.
Flavors: r-devel-linux-x86_64-debian-clang, r-devel-linux-x86_64-debian-gcc, r-devel-linux-x86_64-fedora-clang, r-devel-linux-x86_64-fedora-gcc, r-devel-windows-ix86+x86_64