CRAN Package Check Results for Package nodeHarvest

Last updated on 2016-02-10 18:49:27.

Flavor Version Tinstall Tcheck Ttotal Status Flags
r-devel-linux-x86_64-debian-gcc 0.7-3 0.58 11.11 11.69 NOTE
r-devel-linux-x86_64-fedora-clang 0.7-3 21.16 NOTE
r-devel-linux-x86_64-fedora-gcc 0.7-3 19.38 NOTE
r-devel-osx-x86_64-clang 0.7-3 25.88 NOTE
r-devel-windows-ix86+x86_64 0.7-3 5.00 24.00 29.00 NOTE
r-patched-linux-x86_64 0.7-3 0.62 11.95 12.57 OK
r-patched-solaris-sparc 0.7-3 139.40 OK
r-patched-solaris-x86 0.7-3 31.90 OK
r-release-linux-x86_64 0.7-3 0.58 11.61 12.19 OK
r-release-osx-x86_64-mavericks 0.7-3 OK
r-release-windows-ix86+x86_64 0.7-3 5.00 21.00 26.00 OK
r-oldrel-windows-ix86+x86_64 0.7-3 5.00 25.00 30.00 OK

Check Details

Version: 0.7-3
Check: R code for possible problems
Result: NOTE
    makeRules: no visible global function definition for ‘sd’
    makeRules: no visible global function definition for ‘rnorm’
    nodeHarvest: no visible global function definition for ‘capture.output’
    nodeHarvest: no visible global function definition for ‘lm’
    nodeHarvest: no visible global function definition for ‘coef’
    plot.nodeHarvest: no visible global function definition for ‘rgb’
    Undefined global functions or variables:
     capture.output coef lm rgb rnorm sd
    Consider adding
     importFrom("grDevices", "rgb")
     importFrom("stats", "coef", "lm", "rnorm", "sd")
     importFrom("utils", "capture.output")
    to your NAMESPACE file.
Flavors: r-devel-linux-x86_64-debian-gcc, r-devel-linux-x86_64-fedora-clang, r-devel-linux-x86_64-fedora-gcc, r-devel-osx-x86_64-clang, r-devel-windows-ix86+x86_64