CRAN Package Check Results for Package nodeHarvest

Last updated on 2016-06-28 23:50:46.

Flavor Version Tinstall Tcheck Ttotal Status Flags
r-devel-linux-x86_64-debian-gcc 0.7-3 0.75 13.35 14.10 NOTE
r-devel-linux-x86_64-fedora-clang 0.7-3 21.30 NOTE
r-devel-linux-x86_64-fedora-gcc 0.7-3 19.98 NOTE
r-devel-osx-x86_64-clang 0.7-3 19.65 NOTE
r-devel-windows-ix86+x86_64 0.7-3 2.00 44.00 46.00 NOTE
r-patched-linux-x86_64 0.7-3 0.77 12.84 13.61 NOTE
r-patched-solaris-sparc 0.7-3 131.30 NOTE
r-patched-solaris-x86 0.7-3 29.30 NOTE
r-release-linux-x86_64 0.7-3 0.65 11.92 12.57 NOTE
r-release-osx-x86_64-mavericks 0.7-3 NOTE
r-release-windows-ix86+x86_64 0.7-3 4.00 40.00 44.00 NOTE
r-oldrel-windows-ix86+x86_64 0.7-3 4.00 27.00 31.00 OK

Check Details

Version: 0.7-3
Check: R code for possible problems
Result: NOTE
    makeRules: no visible global function definition for ‘sd’
    makeRules: no visible global function definition for ‘rnorm’
    nodeHarvest: no visible global function definition for ‘capture.output’
    nodeHarvest: no visible global function definition for ‘lm’
    nodeHarvest: no visible global function definition for ‘coef’
    plot.nodeHarvest: no visible global function definition for ‘rgb’
    Undefined global functions or variables:
     capture.output coef lm rgb rnorm sd
    Consider adding
     importFrom("grDevices", "rgb")
     importFrom("stats", "coef", "lm", "rnorm", "sd")
     importFrom("utils", "capture.output")
    to your NAMESPACE file.
Flavors: r-devel-linux-x86_64-debian-gcc, r-devel-linux-x86_64-fedora-clang, r-devel-linux-x86_64-fedora-gcc, r-devel-osx-x86_64-clang, r-devel-windows-ix86+x86_64, r-patched-linux-x86_64, r-patched-solaris-sparc, r-patched-solaris-x86, r-release-linux-x86_64, r-release-osx-x86_64-mavericks, r-release-windows-ix86+x86_64