CRAN Package Check Results for Package nodeHarvest

Last updated on 2015-08-02 05:47:53.

Flavor Version Tinstall Tcheck Ttotal Status Flags
r-devel-linux-x86_64-debian-clang 0.7-3 0.54 11.78 12.31 NOTE
r-devel-linux-x86_64-debian-gcc 0.7-3 0.65 11.82 12.47 NOTE
r-devel-linux-x86_64-fedora-clang 0.7-3 24.02 NOTE
r-devel-linux-x86_64-fedora-gcc 0.7-3 22.37 NOTE
r-devel-osx-x86_64-clang 0.7-3 23.35 OK
r-devel-windows-ix86+x86_64 0.7-3 3.00 22.00 25.00 NOTE
r-patched-linux-x86_64 0.7-3 0.58 12.27 12.85 OK
r-patched-solaris-sparc 0.7-3 152.80 OK
r-patched-solaris-x86 0.7-3 35.50 OK
r-release-linux-x86_64 0.7-3 0.56 12.12 12.69 OK
r-release-osx-x86_64-mavericks 0.7-3 OK
r-release-windows-ix86+x86_64 0.7-3 4.00 23.00 27.00 OK
r-oldrel-windows-ix86+x86_64 0.7-3 5.00 25.00 30.00 OK

Check Details

Version: 0.7-3
Check: R code for possible problems
Result: NOTE
    makeRules: no visible global function definition for ‘sd’
    makeRules: no visible global function definition for ‘rnorm’
    nodeHarvest: no visible global function definition for ‘capture.output’
    nodeHarvest: no visible global function definition for ‘lm’
    nodeHarvest: no visible global function definition for ‘coef’
    plot.nodeHarvest: no visible global function definition for ‘rgb’
    Undefined global functions or variables:
     capture.output coef lm rgb rnorm sd
    Consider adding
     importFrom("grDevices", "rgb")
     importFrom("stats", "coef", "lm", "rnorm", "sd")
     importFrom("utils", "capture.output")
    to your NAMESPACE.
Flavors: r-devel-linux-x86_64-debian-clang, r-devel-linux-x86_64-debian-gcc, r-devel-linux-x86_64-fedora-clang, r-devel-linux-x86_64-fedora-gcc, r-devel-windows-ix86+x86_64