CRAN Package Check Results for Package nodeHarvest

Last updated on 2017-02-23 11:49:02.

Flavor Version Tinstall Tcheck Ttotal Status Flags
r-devel-linux-x86_64-debian-clang 0.7-3 0.60 14.24 14.84 NOTE
r-devel-linux-x86_64-debian-gcc 0.7-3 0.67 14.39 15.06 NOTE
r-devel-linux-x86_64-fedora-clang 0.7-3 29.29 NOTE --no-stop-on-test-error
r-devel-linux-x86_64-fedora-gcc 0.7-3 25.27 NOTE --no-stop-on-test-error
r-devel-macos-x86_64-clang 0.7-3 22.37 NOTE --no-stop-on-test-error
r-devel-windows-ix86+x86_64 0.7-3 4.00 71.00 75.00 NOTE
r-patched-linux-x86_64 0.7-3 0.56 12.24 12.81 NOTE
r-patched-solaris-sparc 0.7-3 132.10 NOTE
r-patched-solaris-x86 0.7-3 33.70 NOTE
r-release-linux-x86_64 0.7-3 0.64 12.02 12.66 NOTE
r-release-osx-x86_64-mavericks 0.7-3 NOTE
r-release-windows-ix86+x86_64 0.7-3 4.00 66.00 70.00 NOTE
r-oldrel-windows-ix86+x86_64 0.7-3 4.00 38.00 42.00 OK

Check Details

Version: 0.7-3
Check: R code for possible problems
Result: NOTE
    makeRules: no visible global function definition for ‘sd’
    makeRules: no visible global function definition for ‘rnorm’
    nodeHarvest: no visible global function definition for ‘capture.output’
    nodeHarvest: no visible global function definition for ‘lm’
    nodeHarvest: no visible global function definition for ‘coef’
    plot.nodeHarvest: no visible global function definition for ‘rgb’
    Undefined global functions or variables:
     capture.output coef lm rgb rnorm sd
    Consider adding
     importFrom("grDevices", "rgb")
     importFrom("stats", "coef", "lm", "rnorm", "sd")
     importFrom("utils", "capture.output")
    to your NAMESPACE file.
Flavors: r-devel-linux-x86_64-debian-clang, r-devel-linux-x86_64-debian-gcc, r-devel-windows-ix86+x86_64, r-patched-linux-x86_64, r-patched-solaris-sparc, r-patched-solaris-x86, r-release-linux-x86_64, r-release-osx-x86_64-mavericks, r-release-windows-ix86+x86_64

Version: 0.7-3
Flags: --no-stop-on-test-error
Check: R code for possible problems
Result: NOTE
    makeRules: no visible global function definition for ‘sd’
    makeRules: no visible global function definition for ‘rnorm’
    nodeHarvest: no visible global function definition for ‘capture.output’
    nodeHarvest: no visible global function definition for ‘lm’
    nodeHarvest: no visible global function definition for ‘coef’
    plot.nodeHarvest: no visible global function definition for ‘rgb’
    Undefined global functions or variables:
     capture.output coef lm rgb rnorm sd
    Consider adding
     importFrom("grDevices", "rgb")
     importFrom("stats", "coef", "lm", "rnorm", "sd")
     importFrom("utils", "capture.output")
    to your NAMESPACE file.
Flavors: r-devel-linux-x86_64-fedora-clang, r-devel-linux-x86_64-fedora-gcc, r-devel-macos-x86_64-clang