CRAN Package Check Results for Package noia

Last updated on 2024-07-17 23:53:20 CEST.

Flavor Version Tinstall Tcheck Ttotal Status Flags
r-devel-linux-x86_64-debian-clang 0.97.3 5.10 39.00 44.10 NOTE
r-devel-linux-x86_64-debian-gcc 0.97.3 3.66 28.64 32.30 NOTE
r-devel-linux-x86_64-fedora-clang 0.97.3 54.26 NOTE
r-devel-linux-x86_64-fedora-gcc 0.97.3 51.02 NOTE
r-devel-windows-x86_64 0.97.3 4.00 56.00 60.00 NOTE
r-patched-linux-x86_64 0.97.3 4.18 36.16 40.34 NOTE
r-release-linux-x86_64 0.97.3 4.76 37.57 42.33 NOTE
r-release-macos-arm64 0.97.3 20.00 NOTE
r-release-macos-x86_64 0.97.3 43.00 NOTE
r-release-windows-x86_64 0.97.3 4.00 53.00 57.00 NOTE
r-oldrel-macos-arm64 0.97.3 22.00 OK
r-oldrel-macos-x86_64 0.97.3 29.00 OK
r-oldrel-windows-x86_64 0.97.3 6.00 56.00 62.00 OK

Check Details

Version: 0.97.3
Check: Rd files
Result: NOTE checkRd: (-1) simulatePop.Rd:40: Lost braces in \itemize; meant \describe ? checkRd: (-1) simulatePop.Rd:41: Lost braces in \itemize; meant \describe ? checkRd: (-1) simulatePop.Rd:42: Lost braces in \itemize; meant \describe ? checkRd: (-1) simulatePop.Rd:43: Lost braces in \itemize; meant \describe ? checkRd: (-1) simulatePop.Rd:44: Lost braces in \itemize; meant \describe ? checkRd: (-1) simulatePop.Rd:45: Lost braces in \itemize; meant \describe ? Flavors: r-devel-linux-x86_64-debian-clang, r-devel-linux-x86_64-debian-gcc, r-devel-linux-x86_64-fedora-clang, r-devel-linux-x86_64-fedora-gcc, r-devel-windows-x86_64, r-patched-linux-x86_64, r-release-linux-x86_64, r-release-macos-arm64, r-release-macos-x86_64, r-release-windows-x86_64