CRAN Package Check Results for Package nomogramFormula

Last updated on 2024-02-26 05:57:45 CET.

Flavor Version Tinstall Tcheck Ttotal Status Flags
r-devel-linux-x86_64-debian-clang 1.2.0.0 3.07 33.13 36.20 NOTE
r-devel-linux-x86_64-debian-gcc 1.2.0.0 2.42 25.41 27.83 NOTE
r-devel-linux-x86_64-fedora-clang 1.2.0.0 44.61 NOTE
r-devel-linux-x86_64-fedora-gcc 1.2.0.0 42.15 NOTE
r-devel-windows-x86_64 1.2.0.0 4.00 48.00 52.00 NOTE
r-patched-linux-x86_64 1.2.0.0 2.19 32.05 34.24 NOTE
r-release-linux-x86_64 1.2.0.0 1.94 32.30 34.24 NOTE
r-release-macos-arm64 1.2.0.0 19.00 NOTE
r-release-macos-x86_64 1.2.0.0 25.00 NOTE
r-release-windows-x86_64 1.2.0.0 5.00 50.00 55.00 NOTE
r-oldrel-macos-arm64 1.2.0.0 21.00 NOTE
r-oldrel-windows-x86_64 1.2.0.0 5.00 55.00 60.00 NOTE

Check Details

Version: 1.2.0.0
Check: LazyData
Result: NOTE 'LazyData' is specified without a 'data' directory Flavors: r-devel-linux-x86_64-debian-clang, r-devel-linux-x86_64-debian-gcc, r-devel-linux-x86_64-fedora-clang, r-devel-linux-x86_64-fedora-gcc, r-devel-windows-x86_64, r-patched-linux-x86_64, r-release-linux-x86_64, r-release-macos-arm64, r-release-macos-x86_64, r-release-windows-x86_64, r-oldrel-macos-arm64, r-oldrel-windows-x86_64