CRAN Package Check Results for Package nonlinearTseries

Last updated on 2015-03-29 11:51:21.

Flavor Version Tinstall Tcheck Ttotal Status Flags
r-devel-linux-x86_64-debian-clang 0.2.1 8.11 39.57 47.68 WARN
r-devel-linux-x86_64-debian-gcc 0.2.1 8.24 39.32 47.55 WARN
r-devel-linux-x86_64-fedora-clang 0.2.1 104.01 WARN
r-devel-linux-x86_64-fedora-gcc 0.2.1 102.14 WARN
r-devel-osx-x86_64-clang 0.2.1 93.57 WARN
r-prerel-windows-ix86+x86_64 0.2.1 59.00 89.00 148.00 WARN
r-prerel-linux-x86_64 0.2.1 8.13 40.33 48.46 WARN
r-prerel-solaris-sparc 0.2.1 556.80 NOTE
r-prerel-solaris-x86 0.2.1 131.70 NOTE
r-release-linux-x86_64 0.2.1 9.58 50.18 59.76 WARN
r-release-osx-x86_64-mavericks 0.2.1 WARN
r-release-osx-x86_64-snowleopard 0.2.1 OK
r-release-windows-ix86+x86_64 0.2.1 46.00 108.00 154.00 WARN
r-oldrel-windows-ix86+x86_64 0.2.1 44.00 160.00 204.00 OK

Check Details

Version: 0.2.1
Check: whether package can be installed
Result: WARN
    Found the following significant warnings:
     kd_dump.cpp:446:1: warning: control may reach end of non-void function [-Wreturn-type]
    Found the following additional warnings:
     kd_dump.cpp:446:1: warning: control may reach end of non-void function [-Wreturn-type]
Flavors: r-devel-linux-x86_64-debian-clang, r-devel-linux-x86_64-fedora-clang, r-devel-osx-x86_64-clang, r-release-osx-x86_64-mavericks

Version: 0.2.1
Check: DESCRIPTION meta-information
Result: NOTE
    Malformed Description field: should contain one or more complete sentences.
Flavors: r-devel-linux-x86_64-debian-clang, r-devel-linux-x86_64-debian-gcc, r-devel-linux-x86_64-fedora-clang, r-devel-linux-x86_64-fedora-gcc, r-devel-osx-x86_64-clang, r-prerel-windows-ix86+x86_64, r-prerel-linux-x86_64, r-prerel-solaris-sparc, r-prerel-solaris-x86

Version: 0.2.1
Check: whether package can be installed
Result: WARN
    Found the following significant warnings:
     kd_dump.cpp:446:1: warning: control reaches end of non-void function [-Wreturn-type]
Flavors: r-devel-linux-x86_64-debian-gcc, r-devel-linux-x86_64-fedora-gcc, r-prerel-windows-ix86+x86_64, r-prerel-linux-x86_64, r-release-linux-x86_64, r-release-windows-ix86+x86_64