CRAN Package Check Results for Package nonlinearTseries

Last updated on 2014-07-24 17:49:04.

Flavor Version Tinstall Tcheck Ttotal Status Flags
r-devel-linux-x86_64-debian-clang 0.2.1 8.41 49.93 58.34 NOTE
r-devel-linux-x86_64-debian-gcc 0.2.1 9.10 49.02 58.12 WARN
r-devel-linux-x86_64-fedora-clang 0.2.1 140.64 NOTE
r-devel-linux-x86_64-fedora-gcc 0.2.1 129.82 WARN
r-devel-osx-x86_64-clang 0.2.1 113.61 NOTE
r-devel-windows-ix86+x86_64 0.2.1 45.00 105.00 150.00 WARN
r-patched-linux-x86_64 0.2.1 9.12 50.65 59.77 WARN
r-patched-solaris-sparc 0.2.1 696.50 OK
r-patched-solaris-x86 0.2.1 174.00 OK
r-release-linux-ix86 0.2.1 11.82 63.33 75.15 WARN
r-release-linux-x86_64 0.2.1 9.02 50.40 59.42 WARN
r-release-osx-x86_64-mavericks 0.2.1 OK
r-release-osx-x86_64-snowleopard 0.2.1 OK
r-release-windows-ix86+x86_64 0.2.1 42.00 105.00 147.00 WARN
r-oldrel-windows-ix86+x86_64 0.2.1 43.00 98.00 141.00 OK

Check Details

Version: 0.2.1
Check: whether package can be installed
Result: NOTE
    Found the following warnings:
     kd_dump.cpp:446:1: warning: control may reach end of non-void function [-Wreturn-type]
    See ‘/home/hornik/tmp/R.check/r-devel-clang/Work/PKGS/nonlinearTseries.Rcheck/00install.out’ for details.
Flavor: r-devel-linux-x86_64-debian-clang

Version: 0.2.1
Check: whether package can be installed
Result: WARNING
    Found the following significant warnings:
     kd_dump.cpp:446:1: warning: control reaches end of non-void function [-Wreturn-type]
    See ‘/home/hornik/tmp/R.check/r-devel-gcc/Work/PKGS/nonlinearTseries.Rcheck/00install.out’ for details.
Flavor: r-devel-linux-x86_64-debian-gcc

Version: 0.2.1
Check: whether package can be installed
Result: NOTE
    Found the following warnings:
     kd_dump.cpp:446:1: warning: control may reach end of non-void function [-Wreturn-type]
    See ‘/data/gannet/ripley/R/packages/tests-clang/nonlinearTseries.Rcheck/00install.out’ for details.
Flavor: r-devel-linux-x86_64-fedora-clang

Version: 0.2.1
Check: whether package can be installed
Result: WARNING
    Found the following significant warnings:
     kd_dump.cpp:446:1: warning: control reaches end of non-void function [-Wreturn-type]
    See ‘/data/gannet/ripley/R/packages/tests-devel/nonlinearTseries.Rcheck/00install.out’ for details.
Flavor: r-devel-linux-x86_64-fedora-gcc

Version: 0.2.1
Check: whether package can be installed
Result: NOTE
    Found the following warnings:
     kd_dump.cpp:446:1: warning: control may reach end of non-void function [-Wreturn-type]
    See ‘/Users/ripley/R/packages/tests-devel/nonlinearTseries.Rcheck/00install.out’ for details.
Flavor: r-devel-osx-x86_64-clang

Version: 0.2.1
Check: whether package can be installed
Result: WARNING
    Found the following significant warnings:
     kd_dump.cpp:446:1: warning: control reaches end of non-void function [-Wreturn-type]
    See 'd:/Rcompile/CRANpkg/local/3.2/nonlinearTseries.Rcheck/00install.out' for details.
Flavor: r-devel-windows-ix86+x86_64

Version: 0.2.1
Check: whether package can be installed
Result: WARNING
    Found the following significant warnings:
     kd_dump.cpp:446:1: warning: control reaches end of non-void function [-Wreturn-type]
    See ‘/home/hornik/tmp/R.check/r-patched-gcc/Work/PKGS/nonlinearTseries.Rcheck/00install.out’ for details.
Flavor: r-patched-linux-x86_64

Version: 0.2.1
Check: whether package can be installed
Result: WARNING
    Found the following significant warnings:
     kd_dump.cpp:446:1: warning: control reaches end of non-void function [-Wreturn-type]
    See ‘/home/hornik/tmp/R.check/r-release-gcc/Work/PKGS/nonlinearTseries.Rcheck/00install.out’ for details.
Flavors: r-release-linux-ix86, r-release-linux-x86_64

Version: 0.2.1
Check: whether package can be installed
Result: WARNING
    Found the following significant warnings:
     kd_dump.cpp:446:1: warning: control reaches end of non-void function [-Wreturn-type]
    See 'd:/Rcompile/CRANpkg/local/3.1/nonlinearTseries.Rcheck/00install.out' for details.
Flavor: r-release-windows-ix86+x86_64