CRAN Package Check Results for Package nonlinearTseries

Last updated on 2014-08-22 11:48:02.

Flavor Version Tinstall Tcheck Ttotal Status Flags
r-devel-linux-x86_64-debian-clang 0.2.1 8.33 49.39 57.72 NOTE
r-devel-linux-x86_64-debian-gcc 0.2.1 8.89 49.05 57.94 WARN
r-devel-linux-x86_64-fedora-clang 0.2.1 138.72 NOTE
r-devel-linux-x86_64-fedora-gcc 0.2.1 126.22 WARN
r-devel-osx-x86_64-clang 0.2.1 112.91 NOTE
r-devel-windows-ix86+x86_64 0.2.1 45.00 97.00 142.00 WARN
r-patched-linux-x86_64 0.2.1 8.98 51.14 60.12 WARN
r-patched-solaris-sparc 0.2.1 690.70 OK
r-patched-solaris-x86 0.2.1 176.90 OK
r-release-linux-ix86 0.2.1 11.91 64.10 76.01 WARN
r-release-linux-x86_64 0.2.1 9.06 49.70 58.76 WARN
r-release-osx-x86_64-mavericks 0.2.1 OK
r-release-osx-x86_64-snowleopard 0.2.1 OK
r-release-windows-ix86+x86_64 0.2.1 43.00 100.00 143.00 WARN
r-oldrel-windows-ix86+x86_64 0.2.1 42.00 102.00 144.00 OK

Check Details

Version: 0.2.1
Check: whether package can be installed
Result: NOTE
    Found the following warnings:
     kd_dump.cpp:446:1: warning: control may reach end of non-void function [-Wreturn-type]
Flavors: r-devel-linux-x86_64-debian-clang, r-devel-linux-x86_64-fedora-clang, r-devel-osx-x86_64-clang

Version: 0.2.1
Check: whether package can be installed
Result: WARN
    Found the following significant warnings:
     kd_dump.cpp:446:1: warning: control reaches end of non-void function [-Wreturn-type]
Flavors: r-devel-linux-x86_64-debian-gcc, r-devel-linux-x86_64-fedora-gcc, r-devel-windows-ix86+x86_64, r-patched-linux-x86_64, r-release-linux-ix86, r-release-linux-x86_64, r-release-windows-ix86+x86_64