CRAN Package Check Results for Package nonlinearTseries

Last updated on 2015-07-05 15:46:38.

Flavor Version Tinstall Tcheck Ttotal Status Flags
r-devel-linux-x86_64-debian-clang 0.2.2 16.36 55.36 71.72 NOTE
r-devel-linux-x86_64-debian-gcc 0.2.2 16.80 56.27 73.07 NOTE
r-devel-linux-x86_64-fedora-clang 0.2.2 165.60 NOTE
r-devel-linux-x86_64-fedora-gcc 0.2.2 145.78 NOTE
r-devel-osx-x86_64-clang 0.2.2 131.89 OK
r-devel-windows-ix86+x86_64 0.2.2 74.00 163.00 237.00 NOTE
r-patched-linux-x86_64 0.2.2 17.15 55.03 72.18 OK
r-patched-solaris-sparc 0.2.2 824.80 OK
r-patched-solaris-x86 0.2.2 21.10 ERROR
r-release-linux-x86_64 0.2.2 17.10 55.34 72.44 OK
r-release-osx-x86_64-mavericks 0.2.2 OK
r-release-windows-ix86+x86_64 0.2.2 91.00 126.00 217.00 OK
r-oldrel-windows-ix86+x86_64 0.2.2 102.00 140.00 242.00 OK

Memtest notes: ASAN UBSAN-gcc

Check Details

Version: 0.2.2
Check: R code for possible problems
Result: NOTE
    FFTsurrogate: no visible global function definition for ‘fft’
    bifurcationDiagram: no visible global function definition for ‘plot’
    bifurcationDiagram: no visible global function definition for ‘lines’
    calculateFluctuationFunction: no visible global function definition for
     ‘lm’
    calculateFluctuationFunction: no visible global function definition for
     ‘as.formula’
    cliffordMap: no visible global function definition for ‘runif’
    cliffordMap: no visible global function definition for ‘plot’
    corrDim: no visible global function definition for ‘plot’
    dfa: no visible global function definition for ‘plot’
    eliminateDuplicates: no visible global function definition for ‘median’
    estimate.corrDim: no visible global function definition for ‘par’
    estimate.corrDim: no visible global function definition for ‘layout’
    estimate.corrDim: no visible global function definition for ‘plot’
    estimate.corrDim: no visible global function definition for ‘lm’
    estimate.corrDim: no visible global function definition for ‘lines’
    estimate.corrDim: no visible global function definition for ‘plot.new’
    estimate.corrDim: no visible global function definition for ‘legend’
    estimate.dfa: no visible global function definition for ‘lm’
    estimate.dfa: no visible global function definition for ‘plot’
    estimate.dfa: no visible global function definition for ‘lines’
    estimate.dfa: no visible global function definition for ‘legend’
    estimate.infDim: no visible global function definition for ‘par’
    estimate.infDim: no visible global function definition for ‘layout’
    estimate.infDim: no visible global function definition for ‘plot’
    estimate.infDim: no visible global function definition for ‘lm’
    estimate.infDim: no visible global function definition for ‘lines’
    estimate.infDim: no visible global function definition for ‘plot.new’
    estimate.infDim: no visible global function definition for ‘legend’
    estimate.maxLyapunov: no visible global function definition for ‘lm’
    estimate.maxLyapunov: no visible global function definition for ‘lines’
    estimate.maxLyapunov: no visible global function definition for ‘plot’
    estimate.maxLyapunov: no visible global function definition for
     ‘legend’
    estimateEmbeddingDim: no visible global function definition for ‘plot’
    estimateEmbeddingDim: no visible global function definition for ‘lines’
    estimateEmbeddingDim: no visible global function definition for
     ‘abline’
    estimateEmbeddingDim: no visible global function definition for
     ‘legend’
    findAllNeighboursDist: no visible global function definition for ‘dist’
    gaussMap: no visible global function definition for ‘runif’
    gaussMap: no visible global function definition for ‘plot’
    generateSingleFFTsurr: no visible global function definition for
     ‘runif’
    generateSingleFFTsurr: no visible global function definition for ‘fft’
    getCaoParameters: no visible global function definition for ‘dist’
    getDistancesAndSort: no visible global function definition for ‘dist’
    henon: no visible global function definition for ‘runif’
    henon: no visible global function definition for ‘plot’
    ikedaMap: no visible global function definition for ‘runif’
    ikedaMap: no visible global function definition for ‘plot’
    infDim: no visible global function definition for ‘plot’
    logisticMap: no visible global function definition for ‘runif’
    logisticMap: no visible global function definition for ‘plot’
    maxLyapunov: no visible global function definition for ‘plot’
    mutualInformation: no visible global function definition for ‘plot’
    nonlinearityTest: no visible global function definition for ‘ts’
    plot.corrDim: no visible global function definition for ‘par’
    plot.corrDim: no visible global function definition for ‘layout’
    plot.corrDim: no visible global function definition for ‘plot’
    plot.corrDim: no visible global function definition for ‘lines’
    plot.corrDim: no visible global function definition for ‘plot.new’
    plot.corrDim: no visible global function definition for ‘legend’
    plot.dfa: no visible global function definition for ‘plot’
    plot.infDim: no visible global function definition for ‘par’
    plot.infDim: no visible global function definition for ‘layout’
    plot.infDim: no visible global function definition for ‘plot’
    plot.infDim: no visible global function definition for ‘lines’
    plot.infDim: no visible global function definition for ‘plot.new’
    plot.infDim: no visible global function definition for ‘legend’
    plot.maxLyapunov: no visible global function definition for ‘lines’
    plot.maxLyapunov: no visible global function definition for ‘plot’
    plot.maxLyapunov: no visible global function definition for ‘legend’
    plot.mutualInf: no visible global function definition for ‘plot’
    plot.sampleEntropy: no visible global function definition for ‘par’
    plot.sampleEntropy: no visible global function definition for ‘layout’
    plot.sampleEntropy: no visible global function definition for ‘plot’
    plot.sampleEntropy: no visible global function definition for ‘lines’
    plot.sampleEntropy: no visible global function definition for
     ‘plot.new’
    plot.sampleEntropy: no visible global function definition for ‘legend’
    plot.spaceTimePlot: no visible global function definition for ‘par’
    plot.spaceTimePlot: no visible global function definition for ‘layout’
    plot.spaceTimePlot: no visible global function definition for ‘plot’
    plot.spaceTimePlot: no visible global function definition for ‘lines’
    plot.spaceTimePlot: no visible global function definition for
     ‘plot.new’
    plot.spaceTimePlot: no visible global function definition for ‘legend’
    plot.surrogateTest: no visible global function definition for ‘plot’
    plot.surrogateTest: no visible global function definition for ‘lines’
    plot.surrogateTest: no visible global function definition for ‘legend’
    plotLocalScalingExp.corrDim: no visible global function definition for
     ‘par’
    plotLocalScalingExp.corrDim: no visible global function definition for
     ‘layout’
    plotLocalScalingExp.corrDim: no visible global function definition for
     ‘plot’
    plotLocalScalingExp.corrDim: no visible global function definition for
     ‘lines’
    plotLocalScalingExp.corrDim: no visible global function definition for
     ‘plot.new’
    plotLocalScalingExp.corrDim: no visible global function definition for
     ‘legend’
    plotLocalScalingExp.infDim: no visible global function definition for
     ‘par’
    plotLocalScalingExp.infDim: no visible global function definition for
     ‘layout’
    plotLocalScalingExp.infDim: no visible global function definition for
     ‘plot’
    plotLocalScalingExp.infDim: no visible global function definition for
     ‘lines’
    plotLocalScalingExp.infDim: no visible global function definition for
     ‘plot.new’
    plotLocalScalingExp.infDim: no visible global function definition for
     ‘legend’
    plotSampleEntropyEstimate: no visible global function definition for
     ‘par’
    plotSampleEntropyEstimate: no visible global function definition for
     ‘layout’
    plotSampleEntropyEstimate: no visible global function definition for
     ‘plot’
    plotSampleEntropyEstimate: no visible global function definition for
     ‘abline’
    plotSampleEntropyEstimate: no visible global function definition for
     ‘plot.new’
    plotSampleEntropyEstimate: no visible global function definition for
     ‘legend’
    sampleEntropy: no visible global function definition for ‘plot’
    sinaiMap: no visible global function definition for ‘runif’
    sinaiMap: no visible global function definition for ‘plot’
    spaceTimePlot: no visible global function definition for ‘plot’
    surrogateTest: no visible global function definition for ‘plot’
    timeLag: no visible global function definition for ‘abline’
    trapezoidalRule: no visible global function definition for ‘par’
    trapezoidalRule: no visible global function definition for ‘plot’
    Undefined global functions or variables:
     abline as.formula dist fft layout legend lines lm median par plot
     plot.new runif ts
Flavors: r-devel-linux-x86_64-debian-clang, r-devel-linux-x86_64-debian-gcc, r-devel-linux-x86_64-fedora-clang, r-devel-linux-x86_64-fedora-gcc, r-devel-windows-ix86+x86_64

Version: 0.2.2
Check: whether package can be installed
Result: ERROR
    Installation failed.
Flavor: r-patched-solaris-x86