CRAN Package Check Results for Package nonlinearTseries

Last updated on 2017-01-22 22:48:30.

Flavor Version Tinstall Tcheck Ttotal Status Flags
r-devel-linux-x86_64-debian-clang 0.2.3 19.49 59.37 78.86 OK
r-devel-linux-x86_64-debian-gcc 0.2.3 17.81 59.30 77.11 OK
r-devel-linux-x86_64-fedora-clang 0.2.3 162.06 OK --no-stop-on-test-error
r-devel-linux-x86_64-fedora-gcc 0.2.3 147.04 OK --no-stop-on-test-error
r-devel-macos-x86_64-clang 0.2.3 125.50 OK --no-stop-on-test-error
r-devel-windows-ix86+x86_64 0.2.3 67.00 124.00 191.00 OK
r-patched-linux-x86_64 0.2.3 15.82 56.49 72.31 OK
r-patched-solaris-sparc 0.2.3 875.60 OK
r-patched-solaris-x86 0.2.3 183.70 OK
r-release-linux-x86_64 0.2.3 15.58 55.54 71.12 OK
r-release-osx-x86_64-mavericks 0.2.3 WARN
r-release-windows-ix86+x86_64 0.2.3 152.00 158.00 310.00 OK
r-oldrel-windows-ix86+x86_64 0.2.3 127.00 170.00 297.00 OK

Check Details

Version: 0.2.3
Check: whether package can be installed
Result: WARN
    Found the following significant warnings:
     Warning: 'rgl_init' failed, running with rgl.useNULL = TRUE
Flavor: r-release-osx-x86_64-mavericks

Version: 0.2.3
Check: dependencies in R code
Result: NOTE
    Invalid MIT-MAGIC-COOKIE-1 key
Flavor: r-release-osx-x86_64-mavericks

Version: 0.2.3
Check: S3 generic/method consistency
Result: WARN
    Invalid MIT-MAGIC-COOKIE-1 key
    See section ‘Generic functions and methods’ in the ‘Writing R
    Extensions’ manual.
Flavor: r-release-osx-x86_64-mavericks

Version: 0.2.3
Check: replacement functions
Result: WARN
    Invalid MIT-MAGIC-COOKIE-1 key
    The argument of a replacement function which corresponds to the right
    hand side must be named ‘value’.
Flavor: r-release-osx-x86_64-mavericks

Version: 0.2.3
Check: foreign function calls
Result: NOTE
    Invalid MIT-MAGIC-COOKIE-1 key
    See chapter ‘System and foreign language interfaces’ in the ‘Writing R
    Extensions’ manual.
Flavor: r-release-osx-x86_64-mavericks

Version: 0.2.3
Check: R code for possible problems
Result: NOTE
    Invalid MIT-MAGIC-COOKIE-1 key
Flavor: r-release-osx-x86_64-mavericks

Version: 0.2.3
Check: for missing documentation entries
Result: WARN
    Invalid MIT-MAGIC-COOKIE-1 key
    All user-level objects in a package should have documentation entries.
    See chapter ‘Writing R documentation files’ in the ‘Writing R
    Extensions’ manual.
Flavor: r-release-osx-x86_64-mavericks

Version: 0.2.3
Check: for code/documentation mismatches
Result: WARN
    Invalid MIT-MAGIC-COOKIE-1 key
    Invalid MIT-MAGIC-COOKIE-1 key
    Invalid MIT-MAGIC-COOKIE-1 key
Flavor: r-release-osx-x86_64-mavericks

Version: 0.2.3
Check: Rd \usage sections
Result: NOTE
    Invalid MIT-MAGIC-COOKIE-1 key
    The \usage entries for S3 methods should use the \method markup and not
    their full name.
    See chapter ‘Writing R documentation files’ in the ‘Writing R
    Extensions’ manual.
Flavor: r-release-osx-x86_64-mavericks