CRAN Package Check Results for Package nonlinearTseries

Last updated on 2014-09-17 18:46:57.

Flavor Version Tinstall Tcheck Ttotal Status Flags
r-devel-linux-x86_64-debian-clang 0.2.1 8.49 49.20 57.69 WARN
r-devel-linux-x86_64-debian-gcc 0.2.1 8.90 47.44 56.34 WARN
r-devel-linux-x86_64-fedora-clang 0.2.1 118.74 WARN
r-devel-linux-x86_64-fedora-gcc 0.2.1 131.51 WARN
r-devel-osx-x86_64-clang 0.2.1 80.51 WARN
r-devel-windows-ix86+x86_64 0.2.1 43.00 90.00 133.00 WARN
r-patched-linux-x86_64 0.2.1 9.12 50.92 60.04 WARN
r-patched-solaris-sparc 0.2.1 690.70 OK
r-patched-solaris-x86 0.2.1 171.80 OK
r-release-linux-ix86 0.2.1 11.85 63.97 75.82 WARN
r-release-linux-x86_64 0.2.1 9.08 50.58 59.66 WARN
r-release-osx-x86_64-mavericks 0.2.1 OK
r-release-osx-x86_64-snowleopard 0.2.1 OK
r-release-windows-ix86+x86_64 0.2.1 42.00 96.00 138.00 WARN
r-oldrel-windows-ix86+x86_64 0.2.1 44.00 93.00 137.00 OK

Check Details

Version: 0.2.1
Check: whether package can be installed
Result: WARN
    Found the following significant warnings:
     kd_dump.cpp:446:1: warning: control may reach end of non-void function [-Wreturn-type]
    Found the following additional warnings:
     kd_dump.cpp:446:1: warning: control may reach end of non-void function [-Wreturn-type]
Flavors: r-devel-linux-x86_64-debian-clang, r-devel-linux-x86_64-fedora-clang, r-devel-osx-x86_64-clang

Version: 0.2.1
Check: whether package can be installed
Result: WARN
    Found the following significant warnings:
     kd_dump.cpp:446:1: warning: control reaches end of non-void function [-Wreturn-type]
Flavors: r-devel-linux-x86_64-debian-gcc, r-devel-linux-x86_64-fedora-gcc, r-devel-windows-ix86+x86_64, r-patched-linux-x86_64, r-release-linux-ix86, r-release-linux-x86_64, r-release-windows-ix86+x86_64