CRAN Package Check Results for Package nonlinearTseries

Last updated on 2014-10-26 03:47:37.

Flavor Version Tinstall Tcheck Ttotal Status Flags
r-devel-linux-x86_64-debian-clang 0.2.1 8.70 48.49 57.19 WARN
r-devel-linux-x86_64-debian-gcc 0.2.1 8.76 50.51 59.27 WARN
r-devel-linux-x86_64-fedora-clang 0.2.1 138.35 WARN
r-devel-linux-x86_64-fedora-gcc 0.2.1 123.43 WARN
r-devel-osx-x86_64-clang 0.2.1 110.16 WARN
r-devel-windows-ix86+x86_64 0.2.1 46.00 104.00 150.00 WARN
r-patched-linux-x86_64 0.2.1 9.14 49.96 59.10 WARN
r-patched-solaris-sparc 0.2.1 690.70 OK
r-patched-solaris-x86 0.2.1 175.60 OK
r-release-linux-ix86 0.2.1 12.94 64.11 77.05 WARN
r-release-linux-x86_64 0.2.1 9.82 51.18 61.00 WARN
r-release-osx-x86_64-mavericks 0.2.1 OK
r-release-osx-x86_64-snowleopard 0.2.1 OK
r-release-windows-ix86+x86_64 0.2.1 50.00 102.00 152.00 WARN
r-oldrel-windows-ix86+x86_64 0.2.1 43.00 104.00 147.00 OK

Check Details

Version: 0.2.1
Check: whether package can be installed
Result: WARN
    Found the following significant warnings:
     kd_dump.cpp:446:1: warning: control may reach end of non-void function [-Wreturn-type]
    Found the following additional warnings:
     kd_dump.cpp:446:1: warning: control may reach end of non-void function [-Wreturn-type]
Flavors: r-devel-linux-x86_64-debian-clang, r-devel-linux-x86_64-fedora-clang, r-devel-osx-x86_64-clang

Version: 0.2.1
Check: whether package can be installed
Result: WARN
    Found the following significant warnings:
     kd_dump.cpp:446:1: warning: control reaches end of non-void function [-Wreturn-type]
Flavors: r-devel-linux-x86_64-debian-gcc, r-devel-linux-x86_64-fedora-gcc, r-devel-windows-ix86+x86_64, r-patched-linux-x86_64, r-release-linux-ix86, r-release-linux-x86_64, r-release-windows-ix86+x86_64