CRAN Package Check Results for Package nonlinearTseries

Last updated on 2014-04-18 11:47:21.

Flavor Version Tinstall Tcheck Ttotal Status Flags
r-devel-linux-x86_64-debian-clang 0.2.1 9.56 51.71 61.27 OK
r-devel-linux-x86_64-debian-gcc WARN
r-devel-linux-x86_64-fedora-clang 0.2.1 145.11 OK
r-devel-linux-x86_64-fedora-gcc 0.2.1 128.96 WARN
r-devel-macosx-x86_64-clang 0.2.1 118.52 OK
r-devel-macosx-x86_64-gcc 0.2.1 ERROR
r-devel-windows-ix86+x86_64 0.2.1 48.00 92.00 140.00 WARN
r-patched-linux-x86_64 0.2.1 9.43 52.84 62.27 WARN
r-patched-solaris-sparc 0.2.1 696.50 OK
r-patched-solaris-x86 0.2.1 179.10 OK
r-release-linux-ix86 0.2.1 22.00 87.00 109.00 WARN
r-release-linux-x86_64 0.2.1 9.20 52.31 61.51 WARN
r-release-macosx-x86_64 0.2.1 OK
r-release-windows-ix86+x86_64 0.2.1 42.00 99.00 141.00 WARN
r-oldrel-windows-ix86+x86_64 0.2.1 43.00 90.00 133.00 OK

Check Details

Version: 0.2.1
Check: whether package can be installed
Result: WARNING
    Found the following significant warnings:
     kd_dump.cpp:446:1: warning: control reaches end of non-void function [-Wreturn-type]
    See ‘/home/hornik/tmp/R.check/r-devel-gcc/Work/PKGS/nonlinearTseries.Rcheck/00install.out’ for details.
Flavor: r-devel-linux-x86_64-debian-gcc

Version: 0.2.1
Check: whether package can be installed
Result: WARNING
    Found the following significant warnings:
     kd_dump.cpp:446:1: warning: control reaches end of non-void function [-Wreturn-type]
    See ‘/data/gannet/ripley/R/packages/tests-devel/nonlinearTseries.Rcheck/00install.out’ for details.
Flavor: r-devel-linux-x86_64-fedora-gcc

Version: 0.2.1
Check: package dependencies
Result: ERROR
    Packages required but not available: ‘tseries’ ‘TSA’
    
    See the information on DESCRIPTION files in the chapter ‘Creating R
    packages’ of the ‘Writing R Extensions’ manual.
Flavor: r-devel-macosx-x86_64-gcc

Version: 0.2.1
Check: whether package can be installed
Result: WARNING
    Found the following significant warnings:
     kd_dump.cpp:446:1: warning: control reaches end of non-void function [-Wreturn-type]
     kd_dump.cpp:446:1: warning: control reaches end of non-void function [-Wreturn-type]
    See 'd:/Rcompile/CRANpkg/local/3.2/nonlinearTseries.Rcheck/00install.out' for details.
Flavor: r-devel-windows-ix86+x86_64

Version: 0.2.1
Check: whether package can be installed
Result: WARNING
    Found the following significant warnings:
     kd_dump.cpp:446:1: warning: control reaches end of non-void function [-Wreturn-type]
    See ‘/home/hornik/tmp/R.check/r-patched-gcc/Work/PKGS/nonlinearTseries.Rcheck/00install.out’ for details.
Flavor: r-patched-linux-x86_64

Version: 0.2.1
Check: whether package can be installed
Result: WARNING
    Found the following significant warnings:
     kd_dump.cpp:446:1: warning: control reaches end of non-void function [-Wreturn-type]
    See ‘/home/hornik/tmp/R.check/r-release-gcc/Work/PKGS/nonlinearTseries.Rcheck/00install.out’ for details.
Flavors: r-release-linux-ix86, r-release-linux-x86_64

Version: 0.2.1
Check: whether package can be installed
Result: WARNING
    Found the following significant warnings:
     kd_dump.cpp:446:1: warning: control reaches end of non-void function [-Wreturn-type]
     kd_dump.cpp:446:1: warning: control reaches end of non-void function [-Wreturn-type]
    See 'd:/Rcompile/CRANpkg/local/3.1/nonlinearTseries.Rcheck/00install.out' for details.
Flavor: r-release-windows-ix86+x86_64