CRAN Package Check Results for Package nonlinearTseries

Last updated on 2015-05-25 02:47:30.

Flavor Version Tinstall Tcheck Ttotal Status Flags
r-devel-linux-x86_64-debian-clang 0.2.1 8.25 40.87 49.12 WARN
r-devel-linux-x86_64-debian-gcc 0.2.1 8.31 39.18 47.49 WARN
r-devel-linux-x86_64-fedora-clang 0.2.1 107.90 WARN
r-devel-linux-x86_64-fedora-gcc 0.2.1 96.49 WARN
r-devel-osx-x86_64-clang 0.2.1 91.68 WARN
r-devel-windows-ix86+x86_64 0.2.1 46.00 90.00 136.00 WARN
r-patched-linux-x86_64 0.2.1 8.22 38.88 47.10 WARN
r-patched-solaris-sparc 0.2.1 560.20 NOTE
r-patched-solaris-x86 0.2.1 146.70 NOTE
r-release-linux-x86_64 0.2.1 7.90 39.31 47.20 WARN
r-release-osx-x86_64-mavericks 0.2.1 WARN
r-release-osx-x86_64-snowleopard 0.2.1 ERROR
r-release-windows-ix86+x86_64 0.2.1 44.00 83.00 127.00 WARN
r-oldrel-windows-ix86+x86_64 0.2.1 46.00 105.00 151.00 WARN

Check Details

Version: 0.2.1
Check: whether package can be installed
Result: WARN
    Found the following significant warnings:
     kd_dump.cpp:446:1: warning: control may reach end of non-void function [-Wreturn-type]
    Found the following additional warnings:
     kd_dump.cpp:446:1: warning: control may reach end of non-void function [-Wreturn-type]
Flavors: r-devel-linux-x86_64-debian-clang, r-devel-linux-x86_64-fedora-clang, r-devel-osx-x86_64-clang, r-release-osx-x86_64-mavericks

Version: 0.2.1
Check: DESCRIPTION meta-information
Result: NOTE
    Malformed Description field: should contain one or more complete sentences.
Flavors: r-devel-linux-x86_64-debian-clang, r-devel-linux-x86_64-debian-gcc, r-devel-linux-x86_64-fedora-clang, r-devel-linux-x86_64-fedora-gcc, r-devel-osx-x86_64-clang, r-devel-windows-ix86+x86_64, r-patched-linux-x86_64, r-patched-solaris-sparc, r-patched-solaris-x86, r-release-linux-x86_64, r-release-osx-x86_64-mavericks, r-release-windows-ix86+x86_64

Version: 0.2.1
Check: whether package can be installed
Result: WARN
    Found the following significant warnings:
     kd_dump.cpp:446:1: warning: control reaches end of non-void function [-Wreturn-type]
Flavors: r-devel-linux-x86_64-debian-gcc, r-devel-linux-x86_64-fedora-gcc, r-devel-windows-ix86+x86_64, r-patched-linux-x86_64, r-release-linux-x86_64, r-release-windows-ix86+x86_64, r-oldrel-windows-ix86+x86_64

Version: 0.2.1
Check: package dependencies
Result: ERROR
    Packages required but not available: ‘tseries’ ‘TSA’
    
    See section ‘The DESCRIPTION file’ in the ‘Writing R Extensions’
    manual.
Flavor: r-release-osx-x86_64-snowleopard