CRAN Package Check Results for Package nonlinearTseries

Last updated on 2016-06-29 22:47:32.

Flavor Version Tinstall Tcheck Ttotal Status Flags
r-devel-linux-x86_64-debian-gcc 0.2.3 24.56 58.58 83.14 OK
r-devel-linux-x86_64-fedora-clang 0.2.3 152.29 OK
r-devel-linux-x86_64-fedora-gcc 0.2.3 133.46 OK
r-devel-osx-x86_64-clang 0.2.3 113.25 OK
r-devel-windows-ix86+x86_64 0.2.3 67.00 112.00 179.00 OK
r-patched-linux-x86_64 0.2.3 16.09 57.38 73.47 OK
r-patched-solaris-sparc 0.2.3 858.00 NOTE
r-patched-solaris-x86 0.2.3 179.20 NOTE
r-release-linux-x86_64 0.2.3 15.97 54.72 70.69 OK
r-release-osx-x86_64-mavericks 0.2.3 WARN
r-release-windows-ix86+x86_64 0.2.3 87.00 149.00 236.00 OK
r-oldrel-windows-ix86+x86_64 0.2.3 94.00 142.00 236.00 OK

Check Details

Version: 0.2.3
Check: installed package size
Result: NOTE
     installed size is 5.6Mb
     sub-directories of 1Mb or more:
     libs 5.0Mb
Flavors: r-patched-solaris-sparc, r-patched-solaris-x86

Version: 0.2.3
Check: whether package can be installed
Result: WARN
    Found the following significant warnings:
     Warning: 'rgl_init' failed, running with rgl.useNULL = TRUE
Flavor: r-release-osx-x86_64-mavericks

Version: 0.2.3
Check: dependencies in R code
Result: NOTE
    Invalid MIT-MAGIC-COOKIE-1 key
Flavor: r-release-osx-x86_64-mavericks

Version: 0.2.3
Check: S3 generic/method consistency
Result: WARN
    Invalid MIT-MAGIC-COOKIE-1 key
    See section ‘Generic functions and methods’ in the ‘Writing R
    Extensions’ manual.
Flavor: r-release-osx-x86_64-mavericks

Version: 0.2.3
Check: replacement functions
Result: WARN
    Invalid MIT-MAGIC-COOKIE-1 key
    The argument of a replacement function which corresponds to the right
    hand side must be named ‘value’.
Flavor: r-release-osx-x86_64-mavericks

Version: 0.2.3
Check: foreign function calls
Result: NOTE
    Invalid MIT-MAGIC-COOKIE-1 key
    See chapter ‘System and foreign language interfaces’ in the ‘Writing R
    Extensions’ manual.
Flavor: r-release-osx-x86_64-mavericks

Version: 0.2.3
Check: R code for possible problems
Result: NOTE
    Invalid MIT-MAGIC-COOKIE-1 key
Flavor: r-release-osx-x86_64-mavericks

Version: 0.2.3
Check: for missing documentation entries
Result: WARN
    Invalid MIT-MAGIC-COOKIE-1 key
    All user-level objects in a package should have documentation entries.
    See chapter ‘Writing R documentation files’ in the ‘Writing R
    Extensions’ manual.
Flavor: r-release-osx-x86_64-mavericks

Version: 0.2.3
Check: for code/documentation mismatches
Result: WARN
    Invalid MIT-MAGIC-COOKIE-1 key
    Invalid MIT-MAGIC-COOKIE-1 key
    Invalid MIT-MAGIC-COOKIE-1 key
Flavor: r-release-osx-x86_64-mavericks

Version: 0.2.3
Check: Rd \usage sections
Result: NOTE
    Invalid MIT-MAGIC-COOKIE-1 key
    The \usage entries for S3 methods should use the \method markup and not
    their full name.
    See chapter ‘Writing R documentation files’ in the ‘Writing R
    Extensions’ manual.
Flavor: r-release-osx-x86_64-mavericks