CRAN Package Check Results for Package nonlinearTseries

Last updated on 2014-12-20 03:49:36.

Flavor Version Tinstall Tcheck Ttotal Status Flags
r-devel-linux-x86_64-debian-clang 0.2.1 8.53 51.15 59.68 WARN
r-devel-linux-x86_64-debian-gcc 0.2.1 8.70 48.37 57.07 WARN
r-devel-linux-x86_64-fedora-clang 0.2.1 147.20 WARN
r-devel-linux-x86_64-fedora-gcc 0.2.1 121.00 WARN
r-devel-osx-x86_64-clang 0.2.1 112.93 WARN
r-devel-windows-ix86+x86_64 0.2.1 48.00 96.00 144.00 WARN
r-patched-linux-x86_64 0.2.1 8.84 50.63 59.48 WARN
r-patched-solaris-sparc 0.2.1 690.70 OK
r-patched-solaris-x86 0.2.1 173.50 OK
r-release-linux-ix86 0.2.1 11.28 61.27 72.55 WARN
r-release-linux-x86_64 0.2.1 9.04 50.42 59.46 WARN
r-release-osx-x86_64-mavericks 0.2.1 OK
r-release-osx-x86_64-snowleopard 0.2.1 OK
r-release-windows-ix86+x86_64 0.2.1 45.00 106.00 151.00 WARN
r-oldrel-windows-ix86+x86_64 0.2.1 45.00 106.00 151.00 OK

Check Details

Version: 0.2.1
Check: whether package can be installed
Result: WARN
    Found the following significant warnings:
     kd_dump.cpp:446:1: warning: control may reach end of non-void function [-Wreturn-type]
    Found the following additional warnings:
     kd_dump.cpp:446:1: warning: control may reach end of non-void function [-Wreturn-type]
Flavors: r-devel-linux-x86_64-debian-clang, r-devel-linux-x86_64-fedora-clang, r-devel-osx-x86_64-clang

Version: 0.2.1
Check: whether package can be installed
Result: WARN
    Found the following significant warnings:
     kd_dump.cpp:446:1: warning: control reaches end of non-void function [-Wreturn-type]
Flavors: r-devel-linux-x86_64-debian-gcc, r-devel-linux-x86_64-fedora-gcc, r-devel-windows-ix86+x86_64, r-patched-linux-x86_64, r-release-linux-ix86, r-release-linux-x86_64, r-release-windows-ix86+x86_64