CRAN Package Check Results for Package nonlinearTseries

Last updated on 2015-01-29 22:48:46.

Flavor Version Tinstall Tcheck Ttotal Status Flags
r-devel-linux-x86_64-debian-clang 0.2.1 8.15 42.68 50.82 WARN
r-devel-linux-x86_64-debian-gcc 0.2.1 8.52 41.67 50.19 WARN
r-devel-linux-x86_64-fedora-clang 0.2.1 132.40 WARN
r-devel-linux-x86_64-fedora-gcc 0.2.1 118.67 WARN
r-devel-osx-x86_64-clang 0.2.1 113.23 WARN
r-devel-windows-ix86+x86_64 0.2.1 57.00 81.00 138.00 WARN
r-patched-linux-x86_64 0.2.1 9.13 52.62 61.74 WARN
r-patched-solaris-sparc 0.2.1 682.70 OK
r-patched-solaris-x86 0.2.1 178.40 OK
r-release-linux-ix86 0.2.1 11.30 61.06 72.37 WARN
r-release-linux-x86_64 0.2.1 9.10 50.20 59.30 WARN
r-release-osx-x86_64-mavericks 0.2.1 WARN
r-release-osx-x86_64-snowleopard 0.2.1 OK
r-release-windows-ix86+x86_64 0.2.1 46.00 100.00 146.00 WARN
r-oldrel-windows-ix86+x86_64 0.2.1 46.00 104.00 150.00 OK

Check Details

Version: 0.2.1
Check: whether package can be installed
Result: WARN
    Found the following significant warnings:
     kd_dump.cpp:446:1: warning: control may reach end of non-void function [-Wreturn-type]
    Found the following additional warnings:
     kd_dump.cpp:446:1: warning: control may reach end of non-void function [-Wreturn-type]
Flavors: r-devel-linux-x86_64-debian-clang, r-devel-linux-x86_64-fedora-clang, r-devel-osx-x86_64-clang, r-release-osx-x86_64-mavericks

Version: 0.2.1
Check: whether package can be installed
Result: WARN
    Found the following significant warnings:
     kd_dump.cpp:446:1: warning: control reaches end of non-void function [-Wreturn-type]
Flavors: r-devel-linux-x86_64-debian-gcc, r-devel-linux-x86_64-fedora-gcc, r-devel-windows-ix86+x86_64, r-patched-linux-x86_64, r-release-linux-ix86, r-release-linux-x86_64, r-release-windows-ix86+x86_64