CRAN Package Check Results for Package nonlinearTseries

Last updated on 2016-12-10 10:47:16.

Flavor Version Tinstall Tcheck Ttotal Status Flags
r-devel-linux-x86_64-debian-clang 0.2.3 19.08 60.08 79.16 OK
r-devel-linux-x86_64-debian-gcc 0.2.3 18.19 60.30 78.49 OK
r-devel-linux-x86_64-fedora-clang 0.2.3 173.46 OK --no-stop-on-test-error
r-devel-linux-x86_64-fedora-gcc 0.2.3 156.26 OK --no-stop-on-test-error
r-devel-macos-x86_64-clang 0.2.3 125.86 OK --no-stop-on-test-error
r-devel-windows-ix86+x86_64 0.2.3 63.00 198.00 261.00 OK
r-patched-linux-x86_64 0.2.3 16.20 56.11 72.31 OK
r-patched-solaris-sparc 0.2.3 854.80 OK
r-patched-solaris-x86 0.2.3 181.30 OK
r-release-linux-x86_64 0.2.3 16.13 56.40 72.53 OK
r-release-osx-x86_64-mavericks 0.2.3 WARN
r-release-windows-ix86+x86_64 0.2.3 67.00 163.00 230.00 OK
r-oldrel-windows-ix86+x86_64 0.2.3 100.00 134.00 234.00 OK

Check Details

Version: 0.2.3
Check: whether package can be installed
Result: WARN
    Found the following significant warnings:
     Warning: 'rgl_init' failed, running with rgl.useNULL = TRUE
Flavor: r-release-osx-x86_64-mavericks

Version: 0.2.3
Check: dependencies in R code
Result: NOTE
    Invalid MIT-MAGIC-COOKIE-1 key
Flavor: r-release-osx-x86_64-mavericks

Version: 0.2.3
Check: S3 generic/method consistency
Result: WARN
    Invalid MIT-MAGIC-COOKIE-1 key
    See section ‘Generic functions and methods’ in the ‘Writing R
    Extensions’ manual.
Flavor: r-release-osx-x86_64-mavericks

Version: 0.2.3
Check: replacement functions
Result: WARN
    Invalid MIT-MAGIC-COOKIE-1 key
    The argument of a replacement function which corresponds to the right
    hand side must be named ‘value’.
Flavor: r-release-osx-x86_64-mavericks

Version: 0.2.3
Check: foreign function calls
Result: NOTE
    Invalid MIT-MAGIC-COOKIE-1 key
    See chapter ‘System and foreign language interfaces’ in the ‘Writing R
    Extensions’ manual.
Flavor: r-release-osx-x86_64-mavericks

Version: 0.2.3
Check: R code for possible problems
Result: NOTE
    Invalid MIT-MAGIC-COOKIE-1 key
Flavor: r-release-osx-x86_64-mavericks

Version: 0.2.3
Check: for missing documentation entries
Result: WARN
    Invalid MIT-MAGIC-COOKIE-1 key
    All user-level objects in a package should have documentation entries.
    See chapter ‘Writing R documentation files’ in the ‘Writing R
    Extensions’ manual.
Flavor: r-release-osx-x86_64-mavericks

Version: 0.2.3
Check: for code/documentation mismatches
Result: WARN
    Invalid MIT-MAGIC-COOKIE-1 key
    Invalid MIT-MAGIC-COOKIE-1 key
    Invalid MIT-MAGIC-COOKIE-1 key
Flavor: r-release-osx-x86_64-mavericks

Version: 0.2.3
Check: Rd \usage sections
Result: NOTE
    Invalid MIT-MAGIC-COOKIE-1 key
    The \usage entries for S3 methods should use the \method markup and not
    their full name.
    See chapter ‘Writing R documentation files’ in the ‘Writing R
    Extensions’ manual.
Flavor: r-release-osx-x86_64-mavericks