CRAN Package Check Results for Package nonlinearTseries

Last updated on 2018-04-22 00:46:59 CEST.

Flavor Version Tinstall Tcheck Ttotal Status Flags
r-devel-linux-x86_64-debian-clang 0.2.3 35.95 92.14 128.09 WARN
r-devel-linux-x86_64-debian-gcc 0.2.3 27.27 73.43 100.70 NOTE
r-devel-linux-x86_64-fedora-clang 0.2.3 173.01 NOTE
r-devel-linux-x86_64-fedora-gcc 0.2.3 150.01 NOTE
r-devel-windows-ix86+x86_64 0.2.3 108.00 193.00 301.00 OK
r-devel-osx-x86_64 0.2.3 OK
r-patched-linux-x86_64 0.2.3 39.11 90.94 130.05 NOTE
r-patched-solaris-x86 0.2.3 210.40 OK
r-release-linux-x86_64 0.2.3 37.39 97.73 135.12 NOTE
r-release-windows-ix86+x86_64 0.2.3 84.00 148.00 232.00 OK
r-release-osx-x86_64 0.2.3 OK
r-oldrel-windows-ix86+x86_64 0.2.3 116.00 128.00 244.00 OK

Check Details

Version: 0.2.3
Check: whether package can be installed
Result: WARN
    Found the following significant warnings:
     ANN.cpp:54:2: warning: 'register' storage class specifier is deprecated and incompatible with C++17 [-Wdeprecated-register]
     ANN.cpp:55:2: warning: 'register' storage class specifier is deprecated and incompatible with C++17 [-Wdeprecated-register]
     ANN.cpp:56:2: warning: 'register' storage class specifier is deprecated and incompatible with C++17 [-Wdeprecated-register]
     ./pr_queue_k.h:103:4: warning: 'register' storage class specifier is deprecated and incompatible with C++17 [-Wdeprecated-register]
     ./pr_queue.h:89:4: warning: 'register' storage class specifier is deprecated and incompatible with C++17 [-Wdeprecated-register]
     ./pr_queue.h:91:5: warning: 'register' storage class specifier is deprecated and incompatible with C++17 [-Wdeprecated-register]
     ./pr_queue.h:108:4: warning: 'register' storage class specifier is deprecated and incompatible with C++17 [-Wdeprecated-register]
     ./pr_queue.h:109:4: warning: 'register' storage class specifier is deprecated and incompatible with C++17 [-Wdeprecated-register]
     ./pr_queue.h:110:4: warning: 'register' storage class specifier is deprecated and incompatible with C++17 [-Wdeprecated-register]
     kd_fix_rad_search.cpp:150:2: warning: 'register' storage class specifier is deprecated and incompatible with C++17 [-Wdeprecated-register]
     kd_fix_rad_search.cpp:151:2: warning: 'register' storage class specifier is deprecated and incompatible with C++17 [-Wdeprecated-register]
     kd_fix_rad_search.cpp:152:2: warning: 'register' storage class specifier is deprecated and incompatible with C++17 [-Wdeprecated-register]
     kd_fix_rad_search.cpp:153:2: warning: 'register' storage class specifier is deprecated and incompatible with C++17 [-Wdeprecated-register]
     kd_fix_rad_search.cpp:154:2: warning: 'register' storage class specifier is deprecated and incompatible with C++17 [-Wdeprecated-register]
     kd_pr_search.cpp:183:2: warning: 'register' storage class specifier is deprecated and incompatible with C++17 [-Wdeprecated-register]
     kd_pr_search.cpp:184:2: warning: 'register' storage class specifier is deprecated and incompatible with C++17 [-Wdeprecated-register]
     kd_pr_search.cpp:185:2: warning: 'register' storage class specifier is deprecated and incompatible with C++17 [-Wdeprecated-register]
     kd_pr_search.cpp:186:2: warning: 'register' storage class specifier is deprecated and incompatible with C++17 [-Wdeprecated-register]
     kd_pr_search.cpp:187:2: warning: 'register' storage class specifier is deprecated and incompatible with C++17 [-Wdeprecated-register]
     kd_pr_search.cpp:188:2: warning: 'register' storage class specifier is deprecated and incompatible with C++17 [-Wdeprecated-register]
     kd_search.cpp:174:2: warning: 'register' storage class specifier is deprecated and incompatible with C++17 [-Wdeprecated-register]
     kd_search.cpp:175:2: warning: 'register' storage class specifier is deprecated and incompatible with C++17 [-Wdeprecated-register]
     kd_search.cpp:176:2: warning: 'register' storage class specifier is deprecated and incompatible with C++17 [-Wdeprecated-register]
     kd_search.cpp:177:2: warning: 'register' storage class specifier is deprecated and incompatible with C++17 [-Wdeprecated-register]
     kd_search.cpp:178:2: warning: 'register' storage class specifier is deprecated and incompatible with C++17 [-Wdeprecated-register]
     kd_search.cpp:179:2: warning: 'register' storage class specifier is deprecated and incompatible with C++17 [-Wdeprecated-register]
     kd_util.cpp:130:2: warning: 'register' storage class specifier is deprecated and incompatible with C++17 [-Wdeprecated-register]
     kd_util.cpp:131:2: warning: 'register' storage class specifier is deprecated and incompatible with C++17 [-Wdeprecated-register]
     kd_util.cpp:133:7: warning: 'register' storage class specifier is deprecated and incompatible with C++17 [-Wdeprecated-register]
     kd_util.cpp:241:3: warning: 'register' storage class specifier is deprecated and incompatible with C++17 [-Wdeprecated-register]
     kd_util.cpp:242:3: warning: 'register' storage class specifier is deprecated and incompatible with C++17 [-Wdeprecated-register]
Flavor: r-devel-linux-x86_64-debian-clang

Version: 0.2.3
Check: compiled code
Result: NOTE
    File ‘nonlinearTseries/libs/nonlinearTseries.so’:
     Found no calls to: ‘R_registerRoutines’, ‘R_useDynamicSymbols’
    
    It is good practice to register native routines and to disable symbol
    search.
    
    See ‘Writing portable packages’ in the ‘Writing R Extensions’ manual.
Flavors: r-devel-linux-x86_64-debian-clang, r-devel-linux-x86_64-debian-gcc, r-devel-linux-x86_64-fedora-clang, r-devel-linux-x86_64-fedora-gcc, r-patched-linux-x86_64, r-release-linux-x86_64