CRAN Package Check Results for Package nonparaeff

Last updated on 2016-06-24 21:47:09.

Flavor Version Tinstall Tcheck Ttotal Status Flags
r-devel-linux-x86_64-debian-gcc 0.5-8 4.66 47.47 52.12 NOTE
r-devel-linux-x86_64-fedora-clang 0.5-8 107.15 NOTE
r-devel-linux-x86_64-fedora-gcc 0.5-8 98.16 NOTE
r-devel-osx-x86_64-clang 0.5-8 80.80 NOTE
r-devel-windows-ix86+x86_64 0.5-8 22.00 96.00 118.00 NOTE
r-patched-linux-x86_64 0.5-8 4.58 47.97 52.54 NOTE
r-patched-solaris-sparc 0.5-8 589.40 NOTE
r-patched-solaris-x86 0.5-8 127.70 NOTE
r-release-linux-x86_64 0.5-8 4.50 47.95 52.44 NOTE
r-release-osx-x86_64-mavericks 0.5-8 NOTE
r-release-windows-ix86+x86_64 0.5-8 21.00 90.00 111.00 NOTE
r-oldrel-windows-ix86+x86_64 0.5-8 25.00 97.00 122.00 NOTE

Check Details

Version: 0.5-8
Check: package dependencies
Result: NOTE
    Depends: includes the non-default packages:
     ‘lpSolve’ ‘gdata’ ‘Hmisc’ ‘rms’ ‘geometry’ ‘psych’ ‘pwt’
    Adding so many packages to the search path is excessive and importing
    selectively is preferable.
Flavors: r-devel-linux-x86_64-debian-gcc, r-devel-linux-x86_64-fedora-clang, r-devel-linux-x86_64-fedora-gcc, r-devel-osx-x86_64-clang, r-devel-windows-ix86+x86_64, r-patched-linux-x86_64, r-patched-solaris-sparc, r-patched-solaris-x86, r-release-linux-x86_64, r-release-osx-x86_64-mavericks, r-release-windows-ix86+x86_64, r-oldrel-windows-ix86+x86_64

Version: 0.5-8
Check: dependencies in R code
Result: NOTE
    'library' or 'require' calls to packages already attached by Depends:
     ‘Hmisc’ ‘gdata’ ‘geometry’ ‘lpSolve’ ‘psych’ ‘rms’
     Please remove these calls from your code.
    Packages in Depends field not imported from:
     ‘Hmisc’ ‘gdata’ ‘geometry’ ‘lpSolve’ ‘psych’ ‘pwt’ ‘rms’
     These packages need to be imported from (in the NAMESPACE file)
     for when this namespace is loaded but not attached.
Flavors: r-devel-linux-x86_64-debian-gcc, r-devel-linux-x86_64-fedora-clang, r-devel-linux-x86_64-fedora-gcc, r-devel-osx-x86_64-clang, r-devel-windows-ix86+x86_64, r-patched-linux-x86_64, r-patched-solaris-sparc, r-patched-solaris-x86, r-release-linux-x86_64, r-release-osx-x86_64-mavericks, r-release-windows-ix86+x86_64, r-oldrel-windows-ix86+x86_64

Version: 0.5-8
Check: R code for possible problems
Result: NOTE
    additive: no visible global function definition for ‘lp’
    ar.dual.dea: no visible global function definition for ‘lp’
    cost.dea: no visible global function definition for ‘lp’
    ddf: no visible global function definition for ‘lp’
    dea: no visible global function definition for ‘lp’
    direc.dea: no visible global function definition for ‘lp’
    dual.dea: no visible global function definition for ‘lp’
    effdea.b.f: no visible global function definition for ‘convhulln’
    effdea.b.f: no visible global function definition for ‘lp’
    faremalm2: no visible binding for global variable ‘Lag’
    faremalm2: no visible global function definition for ‘na.omit’
    int.dea: no visible global function definition for ‘lp’
    lp2: no visible global function definition for ‘lp’
    revenue.dea: no visible global function definition for ‘lp’
    sbm.tone: no visible global function definition for ‘lp’
    sbm.vrs: no visible global function definition for ‘lp’
    Undefined global functions or variables:
     Lag convhulln lp na.omit
    Consider adding
     importFrom("stats", "na.omit")
    to your NAMESPACE file.
Flavors: r-devel-linux-x86_64-debian-gcc, r-devel-linux-x86_64-fedora-clang, r-devel-linux-x86_64-fedora-gcc, r-devel-osx-x86_64-clang, r-devel-windows-ix86+x86_64, r-patched-linux-x86_64, r-patched-solaris-sparc, r-patched-solaris-x86, r-release-linux-x86_64, r-release-osx-x86_64-mavericks, r-release-windows-ix86+x86_64

Version: 0.5-8
Check: R code for possible problems
Result: NOTE
    additive: no visible global function definition for 'lp'
    ar.dual.dea: no visible global function definition for 'lp'
    cost.dea: no visible global function definition for 'lp'
    ddf: no visible global function definition for 'lp'
    dea: no visible global function definition for 'lp'
    direc.dea: no visible global function definition for 'lp'
    dual.dea: no visible global function definition for 'lp'
    effdea.b.f: no visible global function definition for 'convhulln'
    effdea.b.f: no visible global function definition for 'lp'
    faremalm2: no visible binding for global variable 'Lag'
    int.dea: no visible global function definition for 'lp'
    lp2: no visible global function definition for 'lp'
    revenue.dea: no visible global function definition for 'lp'
    sbm.tone: no visible global function definition for 'lp'
    sbm.vrs: no visible global function definition for 'lp'
Flavor: r-oldrel-windows-ix86+x86_64