CRAN Package Check Results for Package nonparaeff

Last updated on 2014-07-26 01:49:48.

Flavor Version Tinstall Tcheck Ttotal Status Flags
r-devel-linux-x86_64-debian-clang 0.5-8 2.00 33.81 35.81 NOTE
r-devel-linux-x86_64-debian-gcc 0.5-8 1.94 33.81 35.74 NOTE
r-devel-linux-x86_64-fedora-clang 0.5-8 80.01 NOTE
r-devel-linux-x86_64-fedora-gcc 0.5-8 72.37 NOTE
r-devel-osx-x86_64-clang 0.5-8 70.31 NOTE
r-devel-windows-ix86+x86_64 0.5-8 10.00 61.00 71.00 NOTE
r-patched-linux-x86_64 0.5-8 2.10 36.10 38.20 NOTE
r-patched-solaris-sparc 0.5-8 428.70 NOTE
r-patched-solaris-x86 0.5-8 94.60 NOTE
r-release-linux-ix86 0.5-8 3.07 45.54 48.60 NOTE
r-release-linux-x86_64 0.5-8 2.13 35.39 37.52 NOTE
r-release-osx-x86_64-mavericks 0.5-8 NOTE
r-release-osx-x86_64-snowleopard 0.5-8 NOTE
r-release-windows-ix86+x86_64 0.5-8 9.00 63.00 72.00 NOTE
r-oldrel-windows-ix86+x86_64 0.5-8 9.00 63.00 72.00 NOTE

Check Details

Version: 0.5-8
Check: package dependencies
Result: NOTE
    Depends: includes the non-default packages:
     ‘lpSolve’ ‘gdata’ ‘Hmisc’ ‘rms’ ‘geometry’ ‘psych’ ‘pwt’
    Adding so many packages to the search path is excessive and importing
    selectively is preferable.
Flavors: r-devel-linux-x86_64-debian-clang, r-devel-linux-x86_64-debian-gcc, r-devel-linux-x86_64-fedora-clang, r-devel-linux-x86_64-fedora-gcc, r-devel-osx-x86_64-clang, r-devel-windows-ix86+x86_64, r-patched-linux-x86_64, r-patched-solaris-sparc, r-patched-solaris-x86, r-release-linux-ix86, r-release-linux-x86_64, r-release-osx-x86_64-mavericks, r-release-osx-x86_64-snowleopard, r-release-windows-ix86+x86_64

Version: 0.5-8
Check: dependencies in R code
Result: NOTE
    'library' or 'require' calls to packages already attached by Depends:
     ‘Hmisc’ ‘gdata’ ‘geometry’ ‘lpSolve’ ‘psych’ ‘rms’
     Please remove these calls from your code.
    Packages in Depends field not imported from:
     ‘Hmisc’ ‘gdata’ ‘geometry’ ‘lpSolve’ ‘psych’ ‘pwt’ ‘rms’
     These packages need to be imported from (in the NAMESPACE file)
     for when this namespace is loaded but not attached.
    See the information on DESCRIPTION files in the chapter ‘Creating R
    packages’ of the ‘Writing R Extensions’ manual.
Flavors: r-devel-linux-x86_64-debian-clang, r-devel-linux-x86_64-debian-gcc, r-devel-linux-x86_64-fedora-clang, r-devel-linux-x86_64-fedora-gcc, r-devel-osx-x86_64-clang, r-devel-windows-ix86+x86_64, r-patched-linux-x86_64, r-patched-solaris-sparc, r-patched-solaris-x86, r-release-linux-ix86, r-release-linux-x86_64, r-release-osx-x86_64-mavericks, r-release-windows-ix86+x86_64, r-oldrel-windows-ix86+x86_64

Version: 0.5-8
Check: dependencies in R code
Result: NOTE
    'library' or 'require' calls to packages already attached by Depends:
     'Hmisc' 'gdata' 'geometry' 'lpSolve' 'psych' 'rms'
     Please remove these calls from your code.
    See the information on DESCRIPTION files in the chapter 'Creating R
    packages' of the 'Writing R Extensions' manual.
Flavor: r-release-osx-x86_64-snowleopard