CRAN Package Check Results for Package nonparaeff

Last updated on 2015-06-30 09:47:02.

Flavor Version Tinstall Tcheck Ttotal Status Flags
r-devel-linux-x86_64-debian-clang 0.5-8 2.45 31.90 34.35 NOTE
r-devel-linux-x86_64-debian-gcc 0.5-8 2.43 32.14 34.57 NOTE
r-devel-linux-x86_64-fedora-clang 0.5-8 73.22 NOTE
r-devel-linux-x86_64-fedora-gcc 0.5-8 69.28 NOTE
r-devel-osx-x86_64-clang 0.5-8 69.41 NOTE
r-devel-windows-ix86+x86_64 0.5-8 11.00 55.00 66.00 NOTE
r-patched-linux-x86_64 0.5-8 2.48 32.58 35.07 NOTE
r-patched-solaris-sparc 0.5-8 410.80 NOTE
r-patched-solaris-x86 0.5-8 100.00 NOTE
r-release-linux-x86_64 0.5-8 2.46 32.46 34.92 NOTE
r-release-osx-x86_64-mavericks 0.5-8 NOTE
r-release-windows-ix86+x86_64 0.5-8 15.00 57.00 72.00 NOTE
r-oldrel-windows-ix86+x86_64 0.5-8 22.00 97.00 119.00 NOTE

Check Details

Version: 0.5-8
Check: package dependencies
Result: NOTE
    Depends: includes the non-default packages:
     ‘lpSolve’ ‘gdata’ ‘Hmisc’ ‘rms’ ‘geometry’ ‘psych’ ‘pwt’
    Adding so many packages to the search path is excessive and importing
    selectively is preferable.
Flavors: r-devel-linux-x86_64-debian-clang, r-devel-linux-x86_64-debian-gcc, r-devel-linux-x86_64-fedora-clang, r-devel-linux-x86_64-fedora-gcc, r-devel-osx-x86_64-clang, r-devel-windows-ix86+x86_64, r-patched-linux-x86_64, r-patched-solaris-sparc, r-patched-solaris-x86, r-release-linux-x86_64, r-release-osx-x86_64-mavericks, r-release-windows-ix86+x86_64, r-oldrel-windows-ix86+x86_64

Version: 0.5-8
Check: dependencies in R code
Result: NOTE
    'library' or 'require' calls to packages already attached by Depends:
     ‘Hmisc’ ‘gdata’ ‘geometry’ ‘lpSolve’ ‘psych’ ‘rms’
     Please remove these calls from your code.
    Packages in Depends field not imported from:
     ‘Hmisc’ ‘gdata’ ‘geometry’ ‘lpSolve’ ‘psych’ ‘pwt’ ‘rms’
     These packages need to be imported from (in the NAMESPACE file)
     for when this namespace is loaded but not attached.
Flavors: r-devel-linux-x86_64-debian-clang, r-devel-linux-x86_64-debian-gcc, r-devel-linux-x86_64-fedora-clang, r-devel-linux-x86_64-fedora-gcc, r-devel-osx-x86_64-clang, r-devel-windows-ix86+x86_64, r-patched-linux-x86_64, r-patched-solaris-sparc, r-patched-solaris-x86, r-release-linux-x86_64, r-release-osx-x86_64-mavericks, r-release-windows-ix86+x86_64, r-oldrel-windows-ix86+x86_64

Version: 0.5-8
Check: R code for possible problems
Result: NOTE
    additive: no visible global function definition for ‘lp’
    ar.dual.dea: no visible global function definition for ‘lp’
    cost.dea: no visible global function definition for ‘lp’
    ddf: no visible global function definition for ‘lp’
    dea: no visible global function definition for ‘lp’
    direc.dea: no visible global function definition for ‘lp’
    dual.dea: no visible global function definition for ‘lp’
    effdea.b.f: no visible global function definition for ‘convhulln’
    effdea.b.f: no visible global function definition for ‘lp’
    faremalm2: no visible binding for global variable ‘Lag’
    faremalm2: no visible global function definition for ‘na.omit’
    int.dea: no visible global function definition for ‘lp’
    lp2: no visible global function definition for ‘lp’
    revenue.dea: no visible global function definition for ‘lp’
    sbm.tone: no visible global function definition for ‘lp’
    sbm.vrs: no visible global function definition for ‘lp’
Flavors: r-devel-linux-x86_64-debian-clang, r-devel-linux-x86_64-debian-gcc, r-devel-windows-ix86+x86_64

Version: 0.5-8
Check: R code for possible problems
Result: NOTE
    additive: no visible global function definition for ‘lp’
    ar.dual.dea: no visible global function definition for ‘lp’
    cost.dea: no visible global function definition for ‘lp’
    ddf: no visible global function definition for ‘lp’
    dea: no visible global function definition for ‘lp’
    direc.dea: no visible global function definition for ‘lp’
    dual.dea: no visible global function definition for ‘lp’
    effdea.b.f: no visible global function definition for ‘convhulln’
    effdea.b.f: no visible global function definition for ‘lp’
    faremalm2: no visible binding for global variable ‘Lag’
    int.dea: no visible global function definition for ‘lp’
    lp2: no visible global function definition for ‘lp’
    revenue.dea: no visible global function definition for ‘lp’
    sbm.tone: no visible global function definition for ‘lp’
    sbm.vrs: no visible global function definition for ‘lp’
Flavors: r-devel-linux-x86_64-fedora-clang, r-devel-linux-x86_64-fedora-gcc, r-devel-osx-x86_64-clang, r-patched-linux-x86_64, r-patched-solaris-sparc, r-patched-solaris-x86, r-release-linux-x86_64, r-release-osx-x86_64-mavericks, r-release-windows-ix86+x86_64, r-oldrel-windows-ix86+x86_64