CRAN Package Check Results for Package nonparaeff

Last updated on 2014-04-23 12:48:23.

Flavor Version Tinstall Tcheck Ttotal Status Flags
r-devel-linux-x86_64-debian-clang 0.5-8 2.28 36.25 38.53 NOTE
r-devel-linux-x86_64-debian-gcc 0.5-8 4.26 36.11 40.36 NOTE
r-devel-linux-x86_64-fedora-clang 0.5-8 76.22 NOTE
r-devel-linux-x86_64-fedora-gcc 0.5-8 73.10 NOTE
r-devel-osx-x86_64-clang 0.5-8 78.56 NOTE
r-devel-osx-x86_64-gcc 0.5-8 ERROR
r-devel-windows-ix86+x86_64 0.5-8 9.00 60.00 69.00 NOTE
r-patched-linux-x86_64 0.5-8 2.39 36.27 38.66 NOTE
r-patched-solaris-sparc 0.5-8 428.70 NOTE
r-patched-solaris-x86 0.5-8 97.20 NOTE
r-release-linux-ix86 0.5-8 4.00 65.00 69.00 NOTE
r-release-linux-x86_64 0.5-8 2.18 35.82 38.00 NOTE
r-release-osx-x86_64-mavericks 0.5-8 WARN
r-release-osx-x86_64-snowleopard 0.5-8 NOTE
r-release-windows-ix86+x86_64 0.5-8 11.00 58.00 69.00 NOTE
r-oldrel-windows-ix86+x86_64 0.5-8 9.00 75.00 84.00 NOTE

Check Details

Version: 0.5-8
Check: package dependencies
Result: NOTE
    Depends: includes the non-default packages:
     ‘lpSolve’ ‘gdata’ ‘Hmisc’ ‘rms’ ‘geometry’ ‘psych’ ‘pwt’
    Adding so many packages to the search path is excessive and importing
    selectively is preferable.
Flavors: r-devel-linux-x86_64-debian-clang, r-devel-linux-x86_64-debian-gcc, r-devel-linux-x86_64-fedora-clang, r-devel-linux-x86_64-fedora-gcc, r-devel-osx-x86_64-clang, r-devel-windows-ix86+x86_64, r-patched-linux-x86_64, r-patched-solaris-sparc, r-patched-solaris-x86, r-release-linux-ix86, r-release-linux-x86_64, r-release-osx-x86_64-mavericks, r-release-osx-x86_64-snowleopard, r-release-windows-ix86+x86_64

Version: 0.5-8
Check: dependencies in R code
Result: NOTE
    'library' or 'require' calls to packages already attached by Depends:
     ‘Hmisc’ ‘gdata’ ‘geometry’ ‘lpSolve’ ‘psych’ ‘rms’
     Please remove these calls from your code.
    Packages in Depends field not imported from:
     ‘Hmisc’ ‘gdata’ ‘geometry’ ‘lpSolve’ ‘psych’ ‘pwt’ ‘rms’
     These packages need to be imported from (in the NAMESPACE file)
     for when this namespace is loaded but not attached.
    See the information on DESCRIPTION files in the chapter ‘Creating R
    packages’ of the ‘Writing R Extensions’ manual.
Flavors: r-devel-linux-x86_64-debian-clang, r-devel-linux-x86_64-debian-gcc, r-devel-linux-x86_64-fedora-clang, r-devel-linux-x86_64-fedora-gcc, r-devel-osx-x86_64-clang, r-devel-windows-ix86+x86_64, r-patched-linux-x86_64, r-patched-solaris-sparc, r-patched-solaris-x86, r-release-linux-ix86, r-release-linux-x86_64, r-release-osx-x86_64-mavericks, r-release-windows-ix86+x86_64, r-oldrel-windows-ix86+x86_64

Version: 0.5-8
Check: package dependencies
Result: ERROR
    Packages required but not available: ‘Hmisc’ ‘rms’
    
    Depends: includes the non-default packages:
     ‘lpSolve’ ‘gdata’ ‘Hmisc’ ‘rms’ ‘geometry’ ‘psych’ ‘pwt’
    Adding so many packages to the search path is excessive and importing
    selectively is preferable.
    
    See the information on DESCRIPTION files in the chapter ‘Creating R
    packages’ of the ‘Writing R Extensions’ manual.
Flavor: r-devel-osx-x86_64-gcc

Version: 0.5-8
Check: PDF version of manual
Result: WARNING
    LaTeX errors when creating PDF version.
    This typically indicates Rd problems.
    LaTeX errors found:
    ! LaTeX Error: File `upquote.sty' not found.
    
    Type X to quit or <RETURN> to proceed,
    or enter new name. (Default extension: sty)
    
    6418a42/Rd2.tex:8: ==> Fatal error occurred, no output PDF file produced!
Flavor: r-release-osx-x86_64-mavericks

Version: 0.5-8
Check: dependencies in R code
Result: NOTE
    'library' or 'require' calls to packages already attached by Depends:
     'Hmisc' 'gdata' 'geometry' 'lpSolve' 'psych' 'rms'
     Please remove these calls from your code.
    See the information on DESCRIPTION files in the chapter 'Creating R
    packages' of the 'Writing R Extensions' manual.
Flavor: r-release-osx-x86_64-snowleopard