CRAN Package Check Results for Package nontarget

Last updated on 2019-08-18 04:46:17 CEST.

Flavor Version Tinstall Tcheck Ttotal Status Flags
r-devel-linux-x86_64-debian-clang 1.9 24.67 76.58 101.25 OK
r-devel-linux-x86_64-debian-gcc 1.9 21.99 60.53 82.52 OK
r-devel-linux-x86_64-fedora-clang 1.9 127.05 NOTE
r-devel-linux-x86_64-fedora-gcc 1.9 123.92 NOTE
r-devel-windows-ix86+x86_64 1.9 65.00 158.00 223.00 OK
r-patched-linux-x86_64 1.9 23.18 76.52 99.70 OK
r-patched-solaris-x86 1.9 178.70 OK
r-release-linux-x86_64 1.9 22.72 76.24 98.96 OK
r-release-windows-ix86+x86_64 1.9 57.00 143.00 200.00 OK
r-release-osx-x86_64 1.9 OK
r-oldrel-windows-ix86+x86_64 1.9 54.00 141.00 195.00 OK
r-oldrel-osx-x86_64 1.9 OK

Additional issues

rchk

Check Details

Version: 1.9
Check: compiled code
Result: NOTE
    File ‘nontarget/libs/nontarget.so’:
     Found no calls to: ‘R_registerRoutines’, ‘R_useDynamicSymbols’
    
    It is good practice to register native routines and to disable symbol
    search.
    
    See ‘Writing portable packages’ in the ‘Writing R Extensions’ manual.
Flavors: r-devel-linux-x86_64-fedora-clang, r-devel-linux-x86_64-fedora-gcc