CRAN Package Check Results for Package nontarget

Last updated on 2017-10-21 17:49:35.

Flavor Version Tinstall Tcheck Ttotal Status Flags
r-devel-linux-x86_64-debian-clang 1.9 8.78 45.64 54.42 NOTE
r-devel-linux-x86_64-debian-gcc 1.9 10.71 48.05 58.76 NOTE
r-devel-linux-x86_64-fedora-clang 1.9 117.71 NOTE
r-devel-linux-x86_64-fedora-gcc 1.9 117.67 NOTE
r-devel-windows-ix86+x86_64 1.9 32.00 129.00 161.00 OK
r-patched-linux-x86_64 1.9 9.38 45.93 55.31 NOTE
r-patched-solaris-x86 1.9 149.10 OK
r-release-linux-x86_64 1.9 9.22 45.59 54.82 NOTE
r-release-windows-ix86+x86_64 1.9 35.00 134.00 169.00 OK
r-release-osx-x86_64 1.9 OK
r-oldrel-windows-ix86+x86_64 1.9 27.00 125.00 152.00 OK
r-oldrel-osx-x86_64 1.9 OK

Additional issues

rchk

Check Details

Version: 1.9
Check: compiled code
Result: NOTE
    File ‘nontarget/libs/nontarget.so’:
     Found no calls to: ‘R_registerRoutines’, ‘R_useDynamicSymbols’
    
    It is good practice to register native routines and to disable symbol
    search.
    
    See ‘Writing portable packages’ in the ‘Writing R Extensions’ manual.
Flavors: r-devel-linux-x86_64-debian-clang, r-devel-linux-x86_64-debian-gcc, r-devel-linux-x86_64-fedora-clang, r-devel-linux-x86_64-fedora-gcc, r-patched-linux-x86_64, r-release-linux-x86_64