CRAN Package Check Results for Package nontarget

Last updated on 2018-06-21 03:49:41 CEST.

Flavor Version Tinstall Tcheck Ttotal Status Flags
r-devel-linux-x86_64-debian-clang 1.9 21.21 71.93 93.14 NOTE
r-devel-linux-x86_64-debian-gcc 1.9 18.27 64.40 82.67 NOTE
r-devel-linux-x86_64-fedora-clang 1.9 126.46 NOTE
r-devel-linux-x86_64-fedora-gcc 1.9 119.11 NOTE
r-devel-windows-ix86+x86_64 1.9 49.00 145.00 194.00 OK
r-patched-linux-x86_64 1.9 19.20 73.10 92.30 NOTE
r-patched-solaris-x86 1.9 156.70 OK
r-release-linux-x86_64 1.9 21.37 72.54 93.91 NOTE
r-release-windows-ix86+x86_64 1.9 43.00 135.00 178.00 OK
r-release-osx-x86_64 1.9 OK
r-oldrel-windows-ix86+x86_64 1.9 40.00 112.00 152.00 OK
r-oldrel-osx-x86_64 1.9 OK

Check Details

Version: 1.9
Check: compiled code
Result: NOTE
    File ‘nontarget/libs/nontarget.so’:
     Found no calls to: ‘R_registerRoutines’, ‘R_useDynamicSymbols’
    
    It is good practice to register native routines and to disable symbol
    search.
    
    See ‘Writing portable packages’ in the ‘Writing R Extensions’ manual.
Flavors: r-devel-linux-x86_64-debian-clang, r-devel-linux-x86_64-debian-gcc, r-devel-linux-x86_64-fedora-clang, r-devel-linux-x86_64-fedora-gcc, r-patched-linux-x86_64, r-release-linux-x86_64