CRAN Package Check Results for Package nontarget

Last updated on 2019-04-20 12:51:05 CEST.

Flavor Version Tinstall Tcheck Ttotal Status Flags
r-devel-linux-x86_64-debian-clang 1.9 24.14 77.10 101.24 OK
r-devel-linux-x86_64-debian-gcc 1.9 22.62 63.18 85.80 OK
r-devel-linux-x86_64-fedora-clang 1.9 124.86 NOTE
r-devel-linux-x86_64-fedora-gcc 1.9 117.32 NOTE
r-devel-windows-ix86+x86_64 1.9 56.00 106.00 162.00 OK
r-patched-linux-x86_64 1.9 22.44 77.46 99.90 OK
r-patched-solaris-x86 1.9 172.50 OK
r-release-linux-x86_64 1.9 19.98 73.37 93.35 OK
r-release-windows-ix86+x86_64 1.9 38.00 137.00 175.00 OK
r-release-osx-x86_64 1.9 OK
r-oldrel-windows-ix86+x86_64 1.9 36.00 136.00 172.00 OK
r-oldrel-osx-x86_64 1.9 OK

Additional issues

rchk

Check Details

Version: 1.9
Check: compiled code
Result: NOTE
    File ‘nontarget/libs/nontarget.so’:
     Found no calls to: ‘R_registerRoutines’, ‘R_useDynamicSymbols’
    
    It is good practice to register native routines and to disable symbol
    search.
    
    See ‘Writing portable packages’ in the ‘Writing R Extensions’ manual.
Flavors: r-devel-linux-x86_64-fedora-clang, r-devel-linux-x86_64-fedora-gcc