CRAN Package Check Results for Package nontarget

Last updated on 2018-09-22 22:49:44 CEST.

Flavor Version Tinstall Tcheck Ttotal Status Flags
r-devel-linux-x86_64-debian-clang 1.9 22.98 83.56 106.54 OK
r-devel-linux-x86_64-debian-gcc 1.9 19.52 65.32 84.84 OK
r-devel-linux-x86_64-fedora-clang 1.9 127.91 NOTE
r-devel-linux-x86_64-fedora-gcc 1.9 121.64 NOTE
r-devel-windows-ix86+x86_64 1.9 50.00 119.00 169.00 OK
r-patched-linux-x86_64 1.9 19.68 72.23 91.91 OK
r-patched-solaris-x86 1.9 156.00 OK
r-release-linux-x86_64 1.9 21.41 71.96 93.37 OK
r-release-windows-ix86+x86_64 1.9 37.00 142.00 179.00 OK
r-release-osx-x86_64 1.9 OK
r-oldrel-windows-ix86+x86_64 1.9 30.00 137.00 167.00 OK
r-oldrel-osx-x86_64 1.9 OK

Check Details

Version: 1.9
Check: compiled code
Result: NOTE
    File ‘nontarget/libs/nontarget.so’:
     Found no calls to: ‘R_registerRoutines’, ‘R_useDynamicSymbols’
    
    It is good practice to register native routines and to disable symbol
    search.
    
    See ‘Writing portable packages’ in the ‘Writing R Extensions’ manual.
Flavors: r-devel-linux-x86_64-fedora-clang, r-devel-linux-x86_64-fedora-gcc