CRAN Package Check Results for Package nontarget

Last updated on 2019-02-17 09:47:46 CET.

Flavor Version Tinstall Tcheck Ttotal Status Flags
r-devel-linux-x86_64-debian-clang 1.9 23.62 77.83 101.45 OK
r-devel-linux-x86_64-debian-gcc 1.9 19.29 60.90 80.19 OK
r-devel-linux-x86_64-fedora-clang 1.9 129.08 NOTE
r-devel-linux-x86_64-fedora-gcc 1.9 113.59 NOTE
r-devel-windows-ix86+x86_64 1.9 53.00 112.00 165.00 OK
r-patched-linux-x86_64 1.9 19.54 73.45 92.99 OK
r-patched-solaris-x86 1.9 162.10 OK
r-release-linux-x86_64 1.9 OK
r-release-windows-ix86+x86_64 1.9 38.00 134.00 172.00 OK
r-release-osx-x86_64 1.9 OK
r-oldrel-windows-ix86+x86_64 1.9 44.00 134.00 178.00 OK
r-oldrel-osx-x86_64 1.9 OK

Additional issues

rchk

Check Details

Version: 1.9
Check: compiled code
Result: NOTE
    File ‘nontarget/libs/nontarget.so’:
     Found no calls to: ‘R_registerRoutines’, ‘R_useDynamicSymbols’
    
    It is good practice to register native routines and to disable symbol
    search.
    
    See ‘Writing portable packages’ in the ‘Writing R Extensions’ manual.
Flavors: r-devel-linux-x86_64-fedora-clang, r-devel-linux-x86_64-fedora-gcc