CRAN Package Check Results for Package nopp

Last updated on 2015-08-01 23:47:24.

Flavor Version Tinstall Tcheck Ttotal Status Flags
r-devel-linux-x86_64-debian-clang 1.0.4 0.82 13.44 14.26 NOTE
r-devel-linux-x86_64-debian-gcc 1.0.4 0.80 13.26 14.05 NOTE
r-devel-linux-x86_64-fedora-clang 1.0.4 28.08 NOTE
r-devel-linux-x86_64-fedora-gcc 1.0.4 25.58 NOTE
r-devel-osx-x86_64-clang 1.0.4 26.20 OK
r-devel-windows-ix86+x86_64 1.0.4 4.00 32.00 36.00 NOTE
r-patched-linux-x86_64 1.0.4 1.02 14.18 15.20 OK
r-patched-solaris-sparc 1.0.4 167.30 OK
r-patched-solaris-x86 1.0.4 39.00 OK
r-release-linux-x86_64 1.0.4 0.84 13.50 14.34 OK
r-release-osx-x86_64-mavericks 1.0.4 OK
r-release-windows-ix86+x86_64 1.0.4 6.00 42.00 48.00 OK
r-oldrel-windows-ix86+x86_64 1.0.4 8.00 37.00 45.00 OK

Check Details

Version: 1.0.4
Check: R code for possible problems
Result: NOTE
    equilibrium: no visible global function definition for ‘txtProgressBar’
    equilibrium: no visible global function definition for
     ‘setTxtProgressBar’
    equilibrium: no visible binding for global variable ‘sd’
    equilibrium : <anonymous>: no visible global function definition for
     ‘rnorm’
    nash.hip: no visible global function definition for ‘predict’
    plot.nash.eq: no visible global function definition for ‘plot’
    plot.nash.eq: no visible global function definition for ‘text’
    plot.nash.eq: no visible global function definition for ‘mtext’
    plot.nash.eq: no visible global function definition for ‘cor’
    plot.nash.eq: no visible global function definition for ‘abline’
    plot.nash.eq: no visible global function definition for ‘dotchart’
    plot.nash.eq: no visible global function definition for ‘polygon’
    plot.nash.eq: no visible global function definition for ‘rainbow’
    print.nash.eq: no visible global function definition for ‘cor’
    Undefined global functions or variables:
     abline cor dotchart mtext plot polygon predict rainbow rnorm sd
     setTxtProgressBar text txtProgressBar
    Consider adding
     importFrom("grDevices", "rainbow")
     importFrom("graphics", "abline", "dotchart", "mtext", "plot",
     "polygon", "text")
     importFrom("stats", "cor", "predict", "rnorm", "sd")
     importFrom("utils", "setTxtProgressBar", "txtProgressBar")
    to your NAMESPACE.
Flavors: r-devel-linux-x86_64-debian-clang, r-devel-linux-x86_64-debian-gcc, r-devel-linux-x86_64-fedora-clang, r-devel-linux-x86_64-fedora-gcc, r-devel-windows-ix86+x86_64