CRAN Package Check Results for Package nopp

Last updated on 2015-05-07 03:47:26.

Flavor Version Tinstall Tcheck Ttotal Status Flags
r-devel-linux-x86_64-debian-clang 1.0.4 0.84 14.04 14.88 OK
r-devel-linux-x86_64-debian-gcc 1.0.4 0.82 13.38 14.20 OK
r-devel-linux-x86_64-fedora-clang 1.0.4 28.74 OK
r-devel-linux-x86_64-fedora-gcc 1.0.4 26.88 OK
r-devel-osx-x86_64-clang 1.0.4 29.12 OK
r-devel-windows-ix86+x86_64 1.0.4 4.00 24.00 28.00 OK
r-patched-linux-x86_64 1.0.4 0.86 13.60 14.46 OK
r-patched-solaris-sparc 1.0.4 166.60 OK
r-patched-solaris-x86 1.0.4 38.30 OK
r-release-linux-x86_64 1.0.4 0.85 13.93 14.78 OK
r-release-osx-x86_64-mavericks 1.0.4 OK
r-release-osx-x86_64-snowleopard 1.0.4 ERROR
r-release-windows-ix86+x86_64 1.0.4 4.00 23.00 27.00 OK
r-oldrel-windows-ix86+x86_64 1.0.4 6.00 38.00 44.00 OK

Check Details

Version: 1.0.4
Check: package dependencies
Result: ERROR
    Package required but not available: ‘mlogit’
    
    See section ‘The DESCRIPTION file’ in the ‘Writing R Extensions’
    manual.
Flavor: r-release-osx-x86_64-snowleopard