CRAN Package Check Results for Package nopp

Last updated on 2014-07-23 04:48:27.

Flavor Version Tinstall Tcheck Ttotal Status Flags
r-devel-linux-x86_64-debian-clang 1.0.3 1.03 16.08 17.11 NOTE
r-devel-linux-x86_64-debian-gcc 1.0.3 1.01 16.13 17.14 NOTE
r-devel-linux-x86_64-fedora-clang 1.0.3 39.77 NOTE
r-devel-linux-x86_64-fedora-gcc 1.0.3 37.12 NOTE
r-devel-osx-x86_64-clang 1.0.3 37.29 NOTE
r-devel-windows-ix86+x86_64 1.0.3 5.00 31.00 36.00 NOTE
r-patched-linux-x86_64 1.0.3 1.05 16.34 17.39 NOTE
r-patched-solaris-sparc 1.0.3 208.20 NOTE
r-patched-solaris-x86 1.0.3 51.00 NOTE
r-release-linux-ix86 1.0.3 1.49 23.84 25.33 NOTE
r-release-linux-x86_64 1.0.3 1.09 16.77 17.86 NOTE
r-release-osx-x86_64-mavericks 1.0.3 NOTE
r-release-osx-x86_64-snowleopard 1.0.3 NOTE
r-release-windows-ix86+x86_64 1.0.3 5.00 31.00 36.00 NOTE
r-oldrel-windows-ix86+x86_64 1.0.3 5.00 34.00 39.00 NOTE

Check Details

Version: 1.0.3
Check: dependencies in R code
Result: NOTE
    Packages in Depends field not imported from:
     ‘MASS’ ‘mlogit’
     These packages need to be imported from (in the NAMESPACE file)
     for when this namespace is loaded but not attached.
    See the information on DESCRIPTION files in the chapter ‘Creating R
    packages’ of the ‘Writing R Extensions’ manual.
Flavors: r-devel-linux-x86_64-debian-clang, r-devel-linux-x86_64-debian-gcc, r-devel-linux-x86_64-fedora-clang, r-devel-linux-x86_64-fedora-gcc, r-devel-osx-x86_64-clang, r-devel-windows-ix86+x86_64, r-patched-linux-x86_64, r-patched-solaris-sparc, r-patched-solaris-x86, r-release-linux-ix86, r-release-linux-x86_64, r-release-osx-x86_64-mavericks, r-release-windows-ix86+x86_64, r-oldrel-windows-ix86+x86_64

Version: 1.0.3
Check: for old-style vignette sources
Result: NOTE
    Vignette sources only in ‘inst/doc’:
     ‘nopp.Rnw’
    A ‘vignettes’ directory is required as from R 3.1.0
    and these will not be indexed nor checked
Flavors: r-devel-linux-x86_64-debian-clang, r-devel-linux-x86_64-debian-gcc, r-devel-linux-x86_64-fedora-clang, r-devel-linux-x86_64-fedora-gcc, r-devel-osx-x86_64-clang, r-devel-windows-ix86+x86_64, r-patched-linux-x86_64, r-patched-solaris-sparc, r-patched-solaris-x86, r-release-linux-ix86, r-release-linux-x86_64, r-release-osx-x86_64-mavericks, r-release-osx-x86_64-snowleopard, r-release-windows-ix86+x86_64

Version: 1.0.3
Check: Rd line widths
Result: NOTE
    Rd file 'equilibrium.Rd':
     \usage lines wider than 90 characters:
     equilibrium(start, model, data, tolerance = 1e-05, max.iter = 100, coal = 0, alpha = 0, margin = NULL, fixed = NULL, gamma = 0, boot = ... [TRUNCATED]
     \examples lines wider than 100 characters:
     # model 6: rivals tends to separate each other with fixed position averaged with Nash equilibrium solution
     nash.eq <- equilibrium(model=m, data=election, margin=list(FI="UL", UL="FI"), fixed=list(RC=1), gamma=0.2)
     nash.eq <- equilibrium(model=m, data=election, coal=coal1, alpha=alpha1, fixed=list(RC=1), gamma=0.2)
    
    These lines will be truncated in the PDF manual.
Flavors: r-devel-linux-x86_64-fedora-clang, r-devel-linux-x86_64-fedora-gcc

Version: 1.0.3
Check: for old-style vignette sources
Result: NOTE
    Vignette sources only in 'inst/doc':
     'nopp.Rnw'
    A 'vignettes' directory will be required as from R 3.1.0
Flavor: r-oldrel-windows-ix86+x86_64