CRAN Package Check Results for Package nopp

Last updated on 2014-04-21 12:31:36.

Flavor Version Tinstall Tcheck Ttotal Status Flags
r-devel-linux-x86_64-debian-clang 1.0.3 1.12 17.20 18.32 NOTE
r-devel-linux-x86_64-debian-gcc 1.0.3 1.18 17.05 18.23 NOTE
r-devel-linux-x86_64-fedora-clang 1.0.3 39.26 NOTE
r-devel-linux-x86_64-fedora-gcc 1.0.3 37.52 NOTE
r-devel-osx-x86_64-clang 1.0.3 40.53 NOTE
r-devel-osx-x86_64-gcc 1.0.3 ERROR
r-devel-windows-ix86+x86_64 1.0.3 5.00 32.00 37.00 NOTE
r-patched-linux-x86_64 1.0.3 1.12 17.18 18.30 NOTE
r-patched-solaris-sparc 1.0.3 208.20 NOTE
r-patched-solaris-x86 1.0.3 50.90 NOTE
r-release-linux-x86_64 1.0.3 1.11 16.83 17.94 NOTE
r-release-osx-x86_64-mavericks 1.0.3 WARN
r-release-osx-x86_64-snowleopard 1.0.3 NOTE
r-release-windows-ix86+x86_64 1.0.3 7.00 31.00 38.00 NOTE
r-oldrel-windows-ix86+x86_64 1.0.3 6.00 33.00 39.00 NOTE

Check Details

Version: 1.0.3
Check: dependencies in R code
Result: NOTE
    Packages in Depends field not imported from:
     ‘MASS’ ‘mlogit’
     These packages need to be imported from (in the NAMESPACE file)
     for when this namespace is loaded but not attached.
    See the information on DESCRIPTION files in the chapter ‘Creating R
    packages’ of the ‘Writing R Extensions’ manual.
Flavors: r-devel-linux-x86_64-debian-clang, r-devel-linux-x86_64-debian-gcc, r-devel-linux-x86_64-fedora-clang, r-devel-linux-x86_64-fedora-gcc, r-devel-osx-x86_64-clang, r-devel-windows-ix86+x86_64, r-patched-linux-x86_64, r-patched-solaris-sparc, r-patched-solaris-x86, r-release-linux-x86_64, r-release-osx-x86_64-mavericks, r-release-windows-ix86+x86_64, r-oldrel-windows-ix86+x86_64

Version: 1.0.3
Check: for old-style vignette sources
Result: NOTE
    Vignette sources only in ‘inst/doc’:
     ‘nopp.Rnw’
    A ‘vignettes’ directory is required as from R 3.1.0
    and these will not be indexed nor checked
Flavors: r-devel-linux-x86_64-debian-clang, r-devel-linux-x86_64-debian-gcc, r-devel-linux-x86_64-fedora-clang, r-devel-linux-x86_64-fedora-gcc, r-devel-osx-x86_64-clang, r-devel-windows-ix86+x86_64, r-patched-linux-x86_64, r-patched-solaris-sparc, r-patched-solaris-x86, r-release-linux-x86_64, r-release-osx-x86_64-mavericks, r-release-osx-x86_64-snowleopard, r-release-windows-ix86+x86_64

Version: 1.0.3
Check: Rd line widths
Result: NOTE
    Rd file 'equilibrium.Rd':
     \usage lines wider than 90 characters:
     equilibrium(start, model, data, tolerance = 1e-05, max.iter = 100, coal = 0, alpha = 0, margin = NULL, fixed = NULL, gamma = 0, boot = ... [TRUNCATED]
     \examples lines wider than 100 characters:
     # model 6: rivals tends to separate each other with fixed position averaged with Nash equilibrium solution
     nash.eq <- equilibrium(model=m, data=election, margin=list(FI="UL", UL="FI"), fixed=list(RC=1), gamma=0.2)
     nash.eq <- equilibrium(model=m, data=election, coal=coal1, alpha=alpha1, fixed=list(RC=1), gamma=0.2)
    
    These lines will be truncated in the PDF manual.
Flavors: r-devel-linux-x86_64-fedora-clang, r-devel-linux-x86_64-fedora-gcc

Version: 1.0.3
Check: package dependencies
Result: ERROR
    Package required but not available: ‘mlogit’
    
    See the information on DESCRIPTION files in the chapter ‘Creating R
    packages’ of the ‘Writing R Extensions’ manual.
Flavor: r-devel-osx-x86_64-gcc

Version: 1.0.3
Check: PDF version of manual
Result: WARNING
    LaTeX errors when creating PDF version.
    This typically indicates Rd problems.
    LaTeX errors found:
    ! LaTeX Error: File `upquote.sty' not found.
    
    Type X to quit or <RETURN> to proceed,
    or enter new name. (Default extension: sty)
    
    /private/tmp/Rtmpw1Gw4z/Rd2pdf53f5623be024/Rd2.tex:8: ==> Fatal error occurred
    , no output PDF file produced!
Flavor: r-release-osx-x86_64-mavericks

Version: 1.0.3
Check: for old-style vignette sources
Result: NOTE
    Vignette sources only in 'inst/doc':
     'nopp.Rnw'
    A 'vignettes' directory will be required as from R 3.1.0
Flavor: r-oldrel-windows-ix86+x86_64