CRAN Package Check Results for Package nor1mix

Last updated on 2014-04-23 07:55:04.

Flavor Version Tinstall Tcheck Ttotal Status Flags
r-devel-linux-x86_64-debian-clang 1.1-4 0.73 14.10 14.84 OK
r-devel-linux-x86_64-debian-gcc 1.1-4 0.69 13.92 14.61 OK
r-devel-linux-x86_64-fedora-clang 1.1-4 28.50 OK
r-devel-linux-x86_64-fedora-gcc 1.1-4 27.07 OK
r-devel-osx-x86_64-clang 1.1-4 30.97 OK
r-devel-osx-x86_64-gcc 1.1-4 OK
r-devel-windows-ix86+x86_64 1.1-4 2.00 21.00 23.00 OK
r-patched-linux-x86_64 1.1-4 0.73 14.02 14.75 OK
r-patched-solaris-sparc 1.1-4 163.40 OK
r-patched-solaris-x86 1.1-4 40.00 OK
r-release-linux-ix86 1.1-4 1.00 29.00 30.00 OK
r-release-linux-x86_64 1.1-4 0.68 13.82 14.49 OK
r-release-osx-x86_64-mavericks 1.1-4 WARN
r-release-windows-ix86+x86_64 1.1-4 2.00 22.00 24.00 OK
r-oldrel-windows-ix86+x86_64 1.1-4 2.00 24.00 26.00 OK

Check Details

Version: 1.1-4
Check: PDF version of manual
Result: WARNING
    LaTeX errors when creating PDF version.
    This typically indicates Rd problems.
    LaTeX errors found:
    ! LaTeX Error: File `upquote.sty' not found.
    
    Type X to quit or <RETURN> to proceed,
    or enter new name. (Default extension: sty)
    
    fcb0876/Rd2.tex:8: ==> Fatal error occurred, no output PDF file produced!
Flavor: r-release-osx-x86_64-mavericks