CRAN Package Check Results for Package nor1mix

Last updated on 2015-07-06 23:47:54.

Flavor Version Tinstall Tcheck Ttotal Status Flags
r-devel-linux-x86_64-debian-clang 1.2-0 0.59 13.34 13.93 NOTE
r-devel-linux-x86_64-debian-gcc 1.2-0 0.64 13.01 13.65 NOTE
r-devel-linux-x86_64-fedora-clang 1.2-0 26.89 NOTE
r-devel-linux-x86_64-fedora-gcc 1.2-0 24.64 NOTE
r-devel-osx-x86_64-clang 1.2-0 27.10 OK
r-devel-windows-ix86+x86_64 1.2-0 4.00 35.00 39.00 NOTE
r-patched-linux-x86_64 1.2-0 0.62 13.53 14.14 OK
r-patched-solaris-sparc 1.2-0 180.30 OK
r-patched-solaris-x86 1.2-0 40.30 OK
r-release-linux-x86_64 1.2-0 0.79 13.76 14.54 OK
r-release-osx-x86_64-mavericks 1.2-0 OK
r-release-windows-ix86+x86_64 1.2-0 4.00 25.00 29.00 OK
r-oldrel-windows-ix86+x86_64 1.2-0 4.00 25.00 29.00 OK

Check Details

Version: 1.2-0
Check: R code for possible problems
Result: NOTE
    lines.norMix: no visible global function definition for ‘par’
    norMixMLE: no visible global function definition for ‘optim’
    Undefined global functions or variables:
     optim par
Flavors: r-devel-linux-x86_64-debian-clang, r-devel-linux-x86_64-debian-gcc, r-devel-linux-x86_64-fedora-clang, r-devel-linux-x86_64-fedora-gcc, r-devel-windows-ix86+x86_64