Last updated on 2023-09-27 01:05:35 CEST.
Flavor | Version | Tinstall | Tcheck | Ttotal | Status | Flags |
---|---|---|---|---|---|---|
r-devel-linux-x86_64-debian-clang | 1.3-0 | 3.41 | 34.45 | 37.86 | OK | |
r-devel-linux-x86_64-debian-gcc | 1.3-0 | 2.65 | 26.35 | 29.00 | OK | |
r-devel-linux-x86_64-fedora-clang | 1.3-0 | 46.39 | NOTE | |||
r-devel-linux-x86_64-fedora-gcc | 1.3-0 | 46.29 | OK | |||
r-devel-windows-x86_64 | 1.3-0 | 9.00 | 52.00 | 61.00 | OK | |
r-patched-linux-x86_64 | 1.3-0 | 4.15 | 33.61 | 37.76 | OK | |
r-release-linux-x86_64 | 1.3-0 | 2.70 | 33.53 | 36.23 | OK | |
r-release-macos-arm64 | 1.3-0 | 20.00 | OK | |||
r-release-macos-x86_64 | 1.3-0 | 25.00 | OK | |||
r-release-windows-x86_64 | 1.3-0 | 4.00 | 52.00 | 56.00 | OK | |
r-oldrel-macos-arm64 | 1.3-0 | 22.00 | OK | |||
r-oldrel-macos-x86_64 | 1.3-0 | 26.00 | OK | |||
r-oldrel-windows-x86_64 | 1.3-0 | 8.00 | 54.00 | 62.00 | OK |
Version: 1.3-0
Check: Rd cross-references
Result: NOTE
Undeclared package ‘copula’ in Rd xrefs
Flavor: r-devel-linux-x86_64-fedora-clang