CRAN Package Check Results for Package norm

Last updated on 2016-02-12 18:49:47.

Flavor Version Tinstall Tcheck Ttotal Status Flags
r-devel-linux-x86_64-debian-gcc 1.0-9.5 2.06 9.34 11.40 NOTE
r-devel-linux-x86_64-fedora-clang 1.0-9.5 19.04 NOTE
r-devel-linux-x86_64-fedora-gcc 1.0-9.5 18.12 NOTE
r-devel-osx-x86_64-clang 1.0-9.5 23.82 NOTE
r-devel-windows-ix86+x86_64 1.0-9.5 10.00 24.00 34.00 NOTE
r-patched-linux-x86_64 1.0-9.5 2.14 10.01 12.15 NOTE
r-patched-solaris-sparc 1.0-9.5 126.80 NOTE
r-patched-solaris-x86 1.0-9.5 30.50 NOTE
r-release-linux-x86_64 1.0-9.5 2.17 9.99 12.15 NOTE
r-release-osx-x86_64-mavericks 1.0-9.5 NOTE
r-release-windows-ix86+x86_64 1.0-9.5 7.00 22.00 29.00 NOTE
r-oldrel-windows-ix86+x86_64 1.0-9.5 11.00 24.00 35.00 OK

Check Details

Version: 1.0-9.5
Check: DESCRIPTION meta-information
Result: NOTE
    Malformed Description field: should contain one or more complete sentences.
Flavors: r-devel-linux-x86_64-debian-gcc, r-devel-linux-x86_64-fedora-clang, r-devel-linux-x86_64-fedora-gcc, r-devel-osx-x86_64-clang, r-devel-windows-ix86+x86_64, r-patched-linux-x86_64, r-patched-solaris-sparc, r-patched-solaris-x86, r-release-linux-x86_64, r-release-osx-x86_64-mavericks, r-release-windows-ix86+x86_64

Version: 1.0-9.5
Check: R code for possible problems
Result: NOTE
    mi.inference: no visible binding for global variable ‘var’
    mi.inference: no visible global function definition for ‘qt’
    mi.inference: no visible global function definition for ‘pt’
    Undefined global functions or variables:
     pt qt var
    Consider adding
     importFrom("stats", "pt", "qt", "var")
    to your NAMESPACE file.
Flavors: r-devel-linux-x86_64-debian-gcc, r-devel-linux-x86_64-fedora-clang, r-devel-linux-x86_64-fedora-gcc, r-devel-osx-x86_64-clang, r-devel-windows-ix86+x86_64