CRAN Package Check Results for Package norm

Last updated on 2015-07-03 23:47:43.

Flavor Version Tinstall Tcheck Ttotal Status Flags
r-devel-linux-x86_64-debian-clang 1.0-9.5 2.09 10.13 12.22 NOTE
r-devel-linux-x86_64-debian-gcc 1.0-9.5 2.32 9.80 12.12 NOTE
r-devel-linux-x86_64-fedora-clang 1.0-9.5 21.01 NOTE
r-devel-linux-x86_64-fedora-gcc 1.0-9.5 19.89 NOTE
r-devel-osx-x86_64-clang 1.0-9.5 23.89 NOTE
r-devel-windows-ix86+x86_64 1.0-9.5 7.00 31.00 38.00 NOTE
r-patched-linux-x86_64 1.0-9.5 2.00 9.92 11.92 NOTE
r-patched-solaris-sparc 1.0-9.5 147.60 NOTE
r-patched-solaris-x86 1.0-9.5 33.60 NOTE
r-release-linux-x86_64 1.0-9.5 2.13 10.04 12.16 NOTE
r-release-osx-x86_64-mavericks 1.0-9.5 NOTE
r-release-windows-ix86+x86_64 1.0-9.5 7.00 23.00 30.00 NOTE
r-oldrel-windows-ix86+x86_64 1.0-9.5 11.00 24.00 35.00 OK

Check Details

Version: 1.0-9.5
Check: DESCRIPTION meta-information
Result: NOTE
    Malformed Description field: should contain one or more complete sentences.
Flavors: r-devel-linux-x86_64-debian-clang, r-devel-linux-x86_64-debian-gcc, r-devel-linux-x86_64-fedora-clang, r-devel-linux-x86_64-fedora-gcc, r-devel-osx-x86_64-clang, r-devel-windows-ix86+x86_64, r-patched-linux-x86_64, r-patched-solaris-sparc, r-patched-solaris-x86, r-release-linux-x86_64, r-release-osx-x86_64-mavericks, r-release-windows-ix86+x86_64

Version: 1.0-9.5
Check: R code for possible problems
Result: NOTE
    mi.inference: no visible binding for global variable ‘var’
    mi.inference: no visible global function definition for ‘qt’
    mi.inference: no visible global function definition for ‘pt’
    Undefined global functions or variables:
     pt qt var
Flavors: r-devel-linux-x86_64-debian-clang, r-devel-linux-x86_64-debian-gcc, r-devel-linux-x86_64-fedora-clang, r-devel-linux-x86_64-fedora-gcc