CRAN Package Check Results for Package norm

Last updated on 2017-01-24 15:48:17.

Flavor Version Tinstall Tcheck Ttotal Status Flags
r-devel-linux-x86_64-debian-clang 1.0-9.5 2.15 12.11 14.26 NOTE
r-devel-linux-x86_64-debian-gcc 1.0-9.5 2.12 12.12 14.24 NOTE
r-devel-linux-x86_64-fedora-clang 1.0-9.5 22.72 NOTE --no-stop-on-test-error
r-devel-linux-x86_64-fedora-gcc 1.0-9.5 22.20 NOTE --no-stop-on-test-error
r-devel-macos-x86_64-clang 1.0-9.5 20.61 NOTE --no-stop-on-test-error
r-devel-windows-ix86+x86_64 1.0-9.5 11.00 29.00 40.00 NOTE
r-patched-linux-x86_64 1.0-9.5 2.03 10.25 12.29 NOTE
r-patched-solaris-sparc 1.0-9.5 129.40 NOTE
r-patched-solaris-x86 1.0-9.5 27.70 NOTE
r-release-linux-x86_64 1.0-9.5 2.08 10.55 12.63 NOTE
r-release-osx-x86_64-mavericks 1.0-9.5 NOTE
r-release-windows-ix86+x86_64 1.0-9.5 7.00 28.00 35.00 NOTE
r-oldrel-windows-ix86+x86_64 1.0-9.5 7.00 26.00 33.00 NOTE

Check Details

Version: 1.0-9.5
Check: DESCRIPTION meta-information
Result: NOTE
    Malformed Description field: should contain one or more complete sentences.
Flavors: r-devel-linux-x86_64-debian-clang, r-devel-linux-x86_64-debian-gcc, r-devel-windows-ix86+x86_64, r-patched-linux-x86_64, r-patched-solaris-sparc, r-patched-solaris-x86, r-release-linux-x86_64, r-release-osx-x86_64-mavericks, r-release-windows-ix86+x86_64, r-oldrel-windows-ix86+x86_64

Version: 1.0-9.5
Check: R code for possible problems
Result: NOTE
    mi.inference: no visible binding for global variable ‘var’
    mi.inference: no visible global function definition for ‘qt’
    mi.inference: no visible global function definition for ‘pt’
    Undefined global functions or variables:
     pt qt var
    Consider adding
     importFrom("stats", "pt", "qt", "var")
    to your NAMESPACE file.
Flavors: r-devel-linux-x86_64-debian-clang, r-devel-linux-x86_64-debian-gcc, r-devel-windows-ix86+x86_64, r-patched-linux-x86_64, r-patched-solaris-sparc, r-patched-solaris-x86, r-release-linux-x86_64, r-release-osx-x86_64-mavericks, r-release-windows-ix86+x86_64

Version: 1.0-9.5
Flags: --no-stop-on-test-error
Check: DESCRIPTION meta-information
Result: NOTE
    Malformed Description field: should contain one or more complete sentences.
Flavors: r-devel-linux-x86_64-fedora-clang, r-devel-linux-x86_64-fedora-gcc, r-devel-macos-x86_64-clang

Version: 1.0-9.5
Flags: --no-stop-on-test-error
Check: R code for possible problems
Result: NOTE
    mi.inference: no visible binding for global variable ‘var’
    mi.inference: no visible global function definition for ‘qt’
    mi.inference: no visible global function definition for ‘pt’
    Undefined global functions or variables:
     pt qt var
    Consider adding
     importFrom("stats", "pt", "qt", "var")
    to your NAMESPACE file.
Flavors: r-devel-linux-x86_64-fedora-clang, r-devel-linux-x86_64-fedora-gcc, r-devel-macos-x86_64-clang