CRAN Package Check Results for Package norm

Last updated on 2015-05-06 19:47:14.

Flavor Version Tinstall Tcheck Ttotal Status Flags
r-devel-linux-x86_64-debian-clang 1.0-9.5 2.02 10.74 12.76 NOTE
r-devel-linux-x86_64-debian-gcc 1.0-9.5 2.03 10.20 12.23 NOTE
r-devel-linux-x86_64-fedora-clang 1.0-9.5 22.34 NOTE
r-devel-linux-x86_64-fedora-gcc 1.0-9.5 20.96 NOTE
r-devel-osx-x86_64-clang 1.0-9.5 25.67 NOTE
r-devel-windows-ix86+x86_64 1.0-9.5 7.00 23.00 30.00 NOTE
r-patched-linux-x86_64 1.0-9.5 1.97 10.16 12.13 NOTE
r-patched-solaris-sparc 1.0-9.5 147.30 NOTE
r-patched-solaris-x86 1.0-9.5 33.00 NOTE
r-release-linux-x86_64 1.0-9.5 2.03 10.47 12.50 NOTE
r-release-osx-x86_64-mavericks 1.0-9.5 NOTE
r-release-osx-x86_64-snowleopard 1.0-9.5 NOTE
r-release-windows-ix86+x86_64 1.0-9.5 6.00 22.00 28.00 NOTE
r-oldrel-windows-ix86+x86_64 1.0-9.5 11.00 24.00 35.00 OK

Check Details

Version: 1.0-9.5
Check: DESCRIPTION meta-information
Result: NOTE
    Malformed Description field: should contain one or more complete sentences.
Flavors: r-devel-linux-x86_64-debian-clang, r-devel-linux-x86_64-debian-gcc, r-devel-linux-x86_64-fedora-clang, r-devel-linux-x86_64-fedora-gcc, r-devel-osx-x86_64-clang, r-devel-windows-ix86+x86_64, r-patched-linux-x86_64, r-patched-solaris-sparc, r-patched-solaris-x86, r-release-linux-x86_64, r-release-osx-x86_64-mavericks, r-release-osx-x86_64-snowleopard, r-release-windows-ix86+x86_64