CRAN Package Check Results for Package norm

Last updated on 2015-03-04 13:49:01.

Flavor Version Tinstall Tcheck Ttotal Status Flags
r-devel-linux-x86_64-debian-clang 1.0-9.5 2.00 10.12 12.12 NOTE
r-devel-linux-x86_64-debian-gcc 1.0-9.5 2.19 9.98 12.17 NOTE
r-devel-linux-x86_64-fedora-clang 1.0-9.5 22.23 NOTE
r-devel-linux-x86_64-fedora-gcc 1.0-9.5 21.43 NOTE
r-devel-osx-x86_64-clang 1.0-9.5 25.88 NOTE
r-devel-windows-ix86+x86_64 1.0-9.5 7.00 22.00 29.00 NOTE
r-patched-linux-x86_64 1.0-9.5 2.06 11.07 13.12 OK
r-patched-solaris-sparc 1.0-9.5 159.60 OK
r-patched-solaris-x86 1.0-9.5 36.30 OK
r-release-linux-ix86 1.0-9.5 3.00 17.08 20.09 OK
r-release-linux-x86_64 1.0-9.5 2.02 10.74 12.76 OK
r-release-osx-x86_64-mavericks 1.0-9.5 OK
r-release-windows-ix86+x86_64 1.0-9.5 6.00 23.00 29.00 OK
r-oldrel-windows-ix86+x86_64 1.0-9.5 7.00 22.00 29.00 OK

Check Details

Version: 1.0-9.5
Check: DESCRIPTION meta-information
Result: NOTE
    Malformed Description field: should contain one or more complete sentences.
Flavors: r-devel-linux-x86_64-debian-clang, r-devel-linux-x86_64-debian-gcc, r-devel-linux-x86_64-fedora-clang, r-devel-linux-x86_64-fedora-gcc, r-devel-osx-x86_64-clang, r-devel-windows-ix86+x86_64