CRAN Package Check Results for Package normalp

Last updated on 2014-10-26 02:47:19.

Flavor Version Tinstall Tcheck Ttotal Status Flags
r-devel-linux-x86_64-debian-clang 0.6.9 0.70 12.08 12.78 NOTE
r-devel-linux-x86_64-debian-gcc 0.6.9 0.64 12.29 12.93 NOTE
r-devel-linux-x86_64-fedora-clang 0.6.9 25.10 NOTE
r-devel-linux-x86_64-fedora-gcc 0.6.9 23.50 NOTE
r-devel-osx-x86_64-clang 0.6.9 27.08 OK
r-devel-windows-ix86+x86_64 0.6.9 3.00 21.00 24.00 OK
r-patched-linux-x86_64 0.6.9 0.70 12.10 12.80 NOTE
r-patched-solaris-sparc 0.6.9 136.50 OK
r-patched-solaris-x86 0.6.9 35.10 OK
r-release-linux-ix86 0.6.9 0.94 17.65 18.59 OK
r-release-linux-x86_64 0.6.9 0.65 11.80 12.46 NOTE
r-release-osx-x86_64-mavericks 0.6.9 OK
r-release-windows-ix86+x86_64 0.6.9 3.00 20.00 23.00 OK
r-oldrel-windows-ix86+x86_64 0.6.9 2.00 19.00 21.00 OK

Check Details

Version: 0.6.9
Check: top-level files
Result: NOTE
    Non-standard files/directories found at top level:
     ‘index’ ‘normalp-Ex.R’ ‘title’
Flavors: r-devel-linux-x86_64-debian-clang, r-devel-linux-x86_64-debian-gcc, r-devel-linux-x86_64-fedora-clang, r-devel-linux-x86_64-fedora-gcc, r-patched-linux-x86_64, r-release-linux-x86_64