CRAN Package Check Results for Package normalp

Last updated on 2018-05-27 02:46:48 CEST.

Flavor Version Tinstall Tcheck Ttotal Status Flags
r-devel-linux-x86_64-debian-clang 0.7.0 1.34 20.43 21.77 ERROR
r-devel-linux-x86_64-debian-gcc 0.7.0 1.50 16.34 17.84 ERROR
r-devel-linux-x86_64-fedora-clang 0.7.0 28.56 NOTE
r-devel-linux-x86_64-fedora-gcc 0.7.0 26.71 NOTE
r-devel-windows-ix86+x86_64 0.7.0 6.00 33.00 39.00 NOTE
r-patched-linux-x86_64 0.7.0 1.96 19.35 21.31 ERROR
r-patched-solaris-x86 0.7.0 38.90 NOTE
r-release-linux-x86_64 0.7.0 1.41 19.43 20.84 ERROR
r-release-windows-ix86+x86_64 0.7.0 5.00 33.00 38.00 NOTE
r-release-osx-x86_64 0.7.0 NOTE
r-oldrel-windows-ix86+x86_64 0.7.0 3.00 29.00 32.00 NOTE
r-oldrel-osx-x86_64 0.7.0 NOTE

Check Details

Version: 0.7.0
Check: DESCRIPTION meta-information
Result: NOTE
    Malformed Description field: should contain one or more complete sentences.
Flavors: r-devel-linux-x86_64-debian-clang, r-devel-linux-x86_64-debian-gcc, r-devel-linux-x86_64-fedora-clang, r-devel-linux-x86_64-fedora-gcc, r-devel-windows-ix86+x86_64, r-patched-linux-x86_64, r-patched-solaris-x86, r-release-linux-x86_64, r-release-windows-ix86+x86_64, r-release-osx-x86_64, r-oldrel-windows-ix86+x86_64, r-oldrel-osx-x86_64

Version: 0.7.0
Check: S3 generic/method consistency
Result: NOTE
    Found the following apparent S3 methods exported but not registered:
     lmp.default paramp.default plot.lmp plot.simul.lmp plot.simul.mp
     print.paramp print.simul.mp print.summary.lmp print.summary.simul.lmp
     qqnormp.default summary.lmp summary.simul.lmp
    See section ‘Registering S3 methods’ in the ‘Writing R Extensions’
    manual.
Flavors: r-devel-linux-x86_64-debian-clang, r-devel-linux-x86_64-debian-gcc, r-devel-linux-x86_64-fedora-clang, r-devel-linux-x86_64-fedora-gcc, r-patched-linux-x86_64, r-patched-solaris-x86, r-release-linux-x86_64

Version: 0.7.0
Check: R code for possible problems
Result: NOTE
    estimatep: no visible global function definition for ‘optim’
    graphnp: no visible global function definition for ‘plot’
    graphnp: no visible global function definition for ‘dunif’
    graphnp: no visible global function definition for ‘legend’
    graphnp: no visible global function definition for ‘lines’
    graphnp: no visible global function definition for ‘spline’
    lmp.default: no visible global function definition for ‘lm’
    lmp.default: no visible global function definition for ‘residuals’
    lmp.default: no visible global function definition for ‘deviance’
    lmp.default: no visible global function definition for ‘df.residual’
    lmp.default: no visible global function definition for ‘lm.influence’
    lmp.default: no visible global function definition for ‘optim’
    paramp.default: no visible global function definition for ‘optim’
    paramp.default: no visible global function definition for ‘median’
    paramp.default: no visible global function definition for ‘var’
    plot.lmp: no visible global function definition for ‘plot’
    plot.lmp: no visible global function definition for ‘abline’
    plot.lmp: no visible global function definition for ‘mtext’
    plot.lmp: no visible global function definition for ‘title’
    plot.lmp: no visible global function definition for ‘par’
    plot.lmp: no visible global function definition for ‘dev.interactive’
    plot.lmp: no visible global function definition for ‘qqnorm’
    plot.simul.lmp: no visible global function definition for ‘hist’
    plot.simul.lmp: no visible global function definition for ‘par’
    plot.simul.lmp: no visible global function definition for
     ‘dev.interactive’
    plot.simul.lmp: no visible global function definition for ‘rgb’
    plot.simul.lmp: no visible global function definition for ‘runif’
    plot.simul.mp: no visible global function definition for ‘hist’
    plot.simul.mp: no visible global function definition for ‘par’
    plot.simul.mp: no visible global function definition for
     ‘dev.interactive’
    pnormp: no visible global function definition for ‘pgamma’
    print.summary.lmp: no visible global function definition for ‘quantile’
    qnormp: no visible global function definition for ‘qgamma’
    qqlinep: no visible global function definition for ‘quantile’
    qqlinep: no visible global function definition for ‘abline’
    qqnormp.default: no visible global function definition for ‘ppoints’
    qqnormp.default: no visible global function definition for ‘plot’
    qqnormp.default: no visible global function definition for ‘mtext’
    rnormp: no visible global function definition for ‘rgamma’
    rnormp: no visible global function definition for ‘runif’
    simul.lmp: no visible global function definition for ‘as.formula’
    simul.lmp: no visible global function definition for ‘runif’
    simul.lmp: no visible global function definition for ‘var’
    simul.mp: no visible global function definition for ‘var’
    Undefined global functions or variables:
     abline as.formula dev.interactive deviance df.residual dunif hist
     legend lines lm lm.influence median mtext optim par pgamma plot
     ppoints qgamma qqnorm quantile residuals rgamma rgb runif spline
     title var
    Consider adding
     importFrom("grDevices", "dev.interactive", "rgb")
     importFrom("graphics", "abline", "hist", "legend", "lines", "mtext",
     "par", "plot", "title")
     importFrom("stats", "as.formula", "deviance", "df.residual", "dunif",
     "lm", "lm.influence", "median", "optim", "pgamma",
     "ppoints", "qgamma", "qqnorm", "quantile", "residuals",
     "rgamma", "runif", "spline", "var")
    to your NAMESPACE file.
Flavors: r-devel-linux-x86_64-debian-clang, r-devel-linux-x86_64-debian-gcc, r-devel-linux-x86_64-fedora-clang, r-devel-linux-x86_64-fedora-gcc, r-devel-windows-ix86+x86_64, r-patched-linux-x86_64, r-patched-solaris-x86, r-release-linux-x86_64, r-release-windows-ix86+x86_64, r-release-osx-x86_64, r-oldrel-windows-ix86+x86_64, r-oldrel-osx-x86_64

Version: 0.7.0
Check: examples
Result: ERROR
    Running examples in ‘normalp-Ex.R’ failed
    The error most likely occurred in:
    
    > base::assign(".ptime", proc.time(), pos = "CheckExEnv")
    > ### Name: lmp
    > ### Title: Fitted linear model with exponential power distribution errors
    > ### Aliases: lmp lmp.default
    > ### Keywords: regression
    >
    > ### ** Examples
    >
    > e<-rnormp(n=100,mu=0,sigmap=4,p=3,method="d")
    > x<-runif(100)
    > y<-0.5+2*x+e
    > lmp(y~x)
    Error in UseMethod("lmp") :
     no applicable method for 'lmp' applied to an object of class "formula"
    Calls: lmp
    Execution halted
Flavors: r-devel-linux-x86_64-debian-clang, r-devel-linux-x86_64-debian-gcc, r-patched-linux-x86_64, r-release-linux-x86_64