CRAN Package Check Results for Package normalp

Last updated on 2014-11-24 08:49:05.

Flavor Version Tinstall Tcheck Ttotal Status Flags
r-devel-linux-x86_64-debian-clang 0.6.9 0.66 12.28 12.94 NOTE
r-devel-linux-x86_64-debian-gcc 0.6.9 0.63 12.47 13.10 NOTE
r-devel-linux-x86_64-fedora-clang 0.6.9 26.05 NOTE
r-devel-linux-x86_64-fedora-gcc 0.6.9 24.14 NOTE
r-devel-osx-x86_64-clang 0.6.9 28.12 OK
r-devel-windows-ix86+x86_64 0.6.9 3.00 21.00 24.00 OK
r-patched-linux-x86_64 0.6.9 0.72 12.66 13.38 NOTE
r-patched-solaris-sparc 0.6.9 136.50 OK
r-patched-solaris-x86 0.6.9 35.10 OK
r-release-linux-ix86 0.6.9 0.95 17.56 18.51 OK
r-release-linux-x86_64 0.6.9 0.65 12.07 12.72 NOTE
r-release-osx-x86_64-mavericks 0.6.9 OK
r-release-windows-ix86+x86_64 0.6.9 2.00 21.00 23.00 OK
r-oldrel-windows-ix86+x86_64 0.6.9 2.00 19.00 21.00 OK

Check Details

Version: 0.6.9
Check: top-level files
Result: NOTE
    Non-standard files/directories found at top level:
     ‘index’ ‘normalp-Ex.R’ ‘title’
Flavors: r-devel-linux-x86_64-debian-clang, r-devel-linux-x86_64-debian-gcc, r-devel-linux-x86_64-fedora-clang, r-devel-linux-x86_64-fedora-gcc, r-patched-linux-x86_64, r-release-linux-x86_64