CRAN Package Check Results for Package normalp

Last updated on 2015-04-18 15:47:48.

Flavor Version Tinstall Tcheck Ttotal Status Flags
r-devel-linux-x86_64-debian-clang 0.7.0 0.66 11.58 12.24 NOTE
r-devel-linux-x86_64-debian-gcc 0.7.0 0.64 11.53 12.17 NOTE
r-devel-linux-x86_64-fedora-clang 0.7.0 23.37 NOTE
r-devel-linux-x86_64-fedora-gcc 0.7.0 21.91 NOTE
r-devel-osx-x86_64-clang 0.7.0 26.11 NOTE
r-patched-linux-x86_64 0.7.0 0.80 11.62 12.42 NOTE
r-patched-solaris-sparc 0.7.0 148.30 NOTE
r-patched-solaris-x86 0.7.0 32.70 NOTE
r-release-linux-x86_64 0.7.0 0.64 11.64 12.28 NOTE
r-release-osx-x86_64-mavericks 0.7.0 NOTE
r-release-osx-x86_64-snowleopard 0.7.0 OK
r-release-windows-ix86+x86_64 0.7.0 2.00 22.00 24.00 NOTE
r-oldrel-windows-ix86+x86_64 0.7.0 3.00 21.00 24.00 OK

Check Details

Version: 0.7.0
Check: DESCRIPTION meta-information
Result: NOTE
    Malformed Description field: should contain one or more complete sentences.
Flavors: r-devel-linux-x86_64-debian-clang, r-devel-linux-x86_64-debian-gcc, r-devel-linux-x86_64-fedora-clang, r-devel-linux-x86_64-fedora-gcc, r-devel-osx-x86_64-clang, r-patched-linux-x86_64, r-patched-solaris-sparc, r-patched-solaris-x86, r-release-linux-x86_64, r-release-osx-x86_64-mavericks, r-release-windows-ix86+x86_64

Version: 0.7.0
Check: S3 generic/method consistency
Result: NOTE
    Found the following apparent S3 methods exported but not registered:
     lmp.default paramp.default plot.lmp plot.simul.lmp plot.simul.mp
     print.paramp print.simul.mp print.summary.lmp print.summary.simul.lmp
     qqnormp.default summary.lmp summary.simul.lmp
    See section ‘Registering S3 methods’ in the ‘Writing R Extensions’
    manual.
Flavors: r-devel-linux-x86_64-debian-clang, r-devel-linux-x86_64-debian-gcc, r-devel-linux-x86_64-fedora-clang, r-devel-linux-x86_64-fedora-gcc, r-devel-osx-x86_64-clang, r-patched-linux-x86_64, r-release-linux-x86_64