CRAN Package Check Results for Package normalp

Last updated on 2015-03-30 12:47:49.

Flavor Version Tinstall Tcheck Ttotal Status Flags
r-devel-linux-x86_64-debian-clang 0.7.0 0.72 12.27 12.99 NOTE
r-devel-linux-x86_64-debian-gcc 0.7.0 0.64 11.98 12.62 NOTE
r-devel-linux-x86_64-fedora-clang 0.7.0 23.07 NOTE
r-devel-linux-x86_64-fedora-gcc 0.7.0 23.51 NOTE
r-devel-osx-x86_64-clang 0.7.0 29.05 NOTE
r-prerel-windows-ix86+x86_64 0.7.0 4.00 20.00 24.00 NOTE
r-prerel-linux-x86_64 0.7.0 0.66 11.54 12.20 NOTE
r-prerel-solaris-sparc 0.7.0 148.30 NOTE
r-prerel-solaris-x86 0.7.0 31.40 NOTE
r-release-linux-x86_64 0.7.0 0.66 12.18 12.84 OK
r-release-osx-x86_64-mavericks 0.7.0 OK
r-release-osx-x86_64-snowleopard 0.7.0 OK
r-release-windows-ix86+x86_64 0.7.0 4.00 22.00 26.00 OK
r-oldrel-windows-ix86+x86_64 0.7.0 3.00 21.00 24.00 OK

Check Details

Version: 0.7.0
Check: DESCRIPTION meta-information
Result: NOTE
    Malformed Description field: should contain one or more complete sentences.
Flavors: r-devel-linux-x86_64-debian-clang, r-devel-linux-x86_64-debian-gcc, r-devel-linux-x86_64-fedora-clang, r-devel-linux-x86_64-fedora-gcc, r-devel-osx-x86_64-clang, r-prerel-windows-ix86+x86_64, r-prerel-linux-x86_64, r-prerel-solaris-sparc, r-prerel-solaris-x86

Version: 0.7.0
Check: S3 generic/method consistency
Result: NOTE
    Found the following apparent S3 methods exported but not registered:
     lmp.default paramp.default plot.lmp plot.simul.lmp plot.simul.mp
     print.paramp print.simul.mp print.summary.lmp print.summary.simul.lmp
     qqnormp.default summary.lmp summary.simul.lmp
    See section ‘Registering S3 methods’ in the ‘Writing R Extensions’
    manual.
Flavors: r-devel-linux-x86_64-debian-clang, r-devel-linux-x86_64-debian-gcc, r-devel-linux-x86_64-fedora-clang, r-devel-linux-x86_64-fedora-gcc, r-devel-osx-x86_64-clang, r-prerel-linux-x86_64