CRAN Package Check Results for Package normalp

Last updated on 2015-07-02 17:47:29.

Flavor Version Tinstall Tcheck Ttotal Status Flags
r-devel-linux-x86_64-debian-clang 0.7.0 0.65 11.02 11.67 NOTE
r-devel-linux-x86_64-debian-gcc 0.7.0 0.61 10.76 11.37 NOTE
r-devel-linux-x86_64-fedora-clang 0.7.0 22.29 NOTE
r-devel-linux-x86_64-fedora-gcc 0.7.0 21.08 NOTE
r-devel-osx-x86_64-clang 0.7.0 24.45 NOTE
r-devel-windows-ix86+x86_64 0.7.0 4.00 30.00 34.00 NOTE
r-patched-linux-x86_64 0.7.0 0.62 11.42 12.04 NOTE
r-patched-solaris-sparc 0.7.0 152.80 NOTE
r-patched-solaris-x86 0.7.0 33.50 NOTE
r-release-linux-x86_64 0.7.0 0.62 11.37 12.00 NOTE
r-release-osx-x86_64-mavericks 0.7.0 NOTE
r-release-windows-ix86+x86_64 0.7.0 2.00 22.00 24.00 NOTE
r-oldrel-windows-ix86+x86_64 0.7.0 4.00 22.00 26.00 OK

Check Details

Version: 0.7.0
Check: DESCRIPTION meta-information
Result: NOTE
    Malformed Description field: should contain one or more complete sentences.
Flavors: r-devel-linux-x86_64-debian-clang, r-devel-linux-x86_64-debian-gcc, r-devel-linux-x86_64-fedora-clang, r-devel-linux-x86_64-fedora-gcc, r-devel-osx-x86_64-clang, r-devel-windows-ix86+x86_64, r-patched-linux-x86_64, r-patched-solaris-sparc, r-patched-solaris-x86, r-release-linux-x86_64, r-release-osx-x86_64-mavericks, r-release-windows-ix86+x86_64

Version: 0.7.0
Check: S3 generic/method consistency
Result: NOTE
    Found the following apparent S3 methods exported but not registered:
     lmp.default paramp.default plot.lmp plot.simul.lmp plot.simul.mp
     print.paramp print.simul.mp print.summary.lmp print.summary.simul.lmp
     qqnormp.default summary.lmp summary.simul.lmp
    See section ‘Registering S3 methods’ in the ‘Writing R Extensions’
    manual.
Flavors: r-devel-linux-x86_64-debian-clang, r-devel-linux-x86_64-debian-gcc, r-devel-linux-x86_64-fedora-clang, r-devel-linux-x86_64-fedora-gcc, r-devel-osx-x86_64-clang, r-patched-linux-x86_64, r-patched-solaris-sparc, r-patched-solaris-x86, r-release-linux-x86_64

Version: 0.7.0
Check: R code for possible problems
Result: NOTE
    estimatep: no visible global function definition for ‘optim’
    graphnp: no visible global function definition for ‘plot’
    graphnp: no visible global function definition for ‘dunif’
    graphnp: no visible global function definition for ‘legend’
    graphnp: no visible global function definition for ‘lines’
    graphnp: no visible global function definition for ‘spline’
    lmp.default: no visible global function definition for ‘lm’
    lmp.default: no visible global function definition for ‘residuals’
    lmp.default: no visible global function definition for ‘deviance’
    lmp.default: no visible global function definition for ‘df.residual’
    lmp.default: no visible global function definition for ‘lm.influence’
    lmp.default: no visible global function definition for ‘optim’
    paramp.default: no visible global function definition for ‘optim’
    paramp.default: no visible global function definition for ‘median’
    paramp.default: no visible global function definition for ‘var’
    plot.lmp: no visible global function definition for ‘plot’
    plot.lmp: no visible global function definition for ‘abline’
    plot.lmp: no visible global function definition for ‘mtext’
    plot.lmp: no visible global function definition for ‘title’
    plot.lmp: no visible global function definition for ‘par’
    plot.lmp: no visible global function definition for ‘dev.interactive’
    plot.lmp: no visible global function definition for ‘qqnorm’
    plot.simul.lmp: no visible global function definition for ‘hist’
    plot.simul.lmp: no visible global function definition for ‘par’
    plot.simul.lmp: no visible global function definition for
     ‘dev.interactive’
    plot.simul.lmp: no visible global function definition for ‘rgb’
    plot.simul.lmp: no visible global function definition for ‘runif’
    plot.simul.mp: no visible global function definition for ‘hist’
    plot.simul.mp: no visible global function definition for ‘par’
    plot.simul.mp: no visible global function definition for
     ‘dev.interactive’
    pnormp: no visible global function definition for ‘pgamma’
    print.summary.lmp: no visible global function definition for ‘quantile’
    qnormp: no visible global function definition for ‘qgamma’
    qqlinep: no visible global function definition for ‘quantile’
    qqlinep: no visible global function definition for ‘abline’
    qqnormp.default: no visible global function definition for ‘ppoints’
    qqnormp.default: no visible global function definition for ‘plot’
    qqnormp.default: no visible global function definition for ‘mtext’
    rnormp: no visible global function definition for ‘rgamma’
    rnormp: no visible global function definition for ‘runif’
    simul.lmp: no visible global function definition for ‘as.formula’
    simul.lmp: no visible global function definition for ‘runif’
    simul.lmp: no visible global function definition for ‘var’
    simul.mp: no visible global function definition for ‘var’
Flavors: r-devel-linux-x86_64-debian-clang, r-devel-linux-x86_64-debian-gcc

Version: 0.7.0
Check: R code for possible problems
Result: NOTE
    estimatep: no visible global function definition for ‘optim’
    graphnp: no visible global function definition for ‘plot’
    graphnp: no visible global function definition for ‘dunif’
    graphnp: no visible global function definition for ‘legend’
    graphnp: no visible global function definition for ‘lines’
    graphnp: no visible global function definition for ‘spline’
    lmp.default: no visible global function definition for ‘lm’
    lmp.default: no visible global function definition for ‘residuals’
    lmp.default: no visible global function definition for ‘deviance’
    lmp.default: no visible global function definition for ‘df.residual’
    lmp.default: no visible global function definition for ‘lm.influence’
    lmp.default: no visible global function definition for ‘optim’
    paramp.default: no visible global function definition for ‘optim’
    paramp.default: no visible global function definition for ‘median’
    paramp.default: no visible global function definition for ‘var’
    plot.lmp: no visible global function definition for ‘plot’
    plot.lmp: no visible global function definition for ‘abline’
    plot.lmp: no visible global function definition for ‘mtext’
    plot.lmp: no visible global function definition for ‘title’
    plot.lmp: no visible global function definition for ‘par’
    plot.lmp: no visible global function definition for ‘dev.interactive’
    plot.lmp: no visible global function definition for ‘qqnorm’
    plot.simul.lmp: no visible global function definition for ‘hist’
    plot.simul.lmp: no visible global function definition for ‘par’
    plot.simul.lmp: no visible global function definition for
     ‘dev.interactive’
    plot.simul.lmp: no visible global function definition for ‘rgb’
    plot.simul.lmp: no visible global function definition for ‘runif’
    plot.simul.mp: no visible global function definition for ‘hist’
    plot.simul.mp: no visible global function definition for ‘par’
    plot.simul.mp: no visible global function definition for
     ‘dev.interactive’
    pnormp: no visible global function definition for ‘pgamma’
    print.summary.lmp: no visible global function definition for ‘quantile’
    qnormp: no visible global function definition for ‘qgamma’
    qqlinep: no visible global function definition for ‘quantile’
    qqlinep: no visible global function definition for ‘abline’
    qqnormp.default: no visible global function definition for ‘ppoints’
    qqnormp.default: no visible global function definition for ‘plot’
    qqnormp.default: no visible global function definition for ‘mtext’
    rnormp: no visible global function definition for ‘rgamma’
    rnormp: no visible global function definition for ‘runif’
    simul.lmp: no visible global function definition for ‘as.formula’
    simul.lmp: no visible global function definition for ‘runif’
    simul.lmp: no visible global function definition for ‘var’
    simul.mp: no visible global function definition for ‘var’
    Undefined global functions or variables:
     abline as.formula dev.interactive deviance df.residual dunif hist
     legend lines lm lm.influence median mtext optim par pgamma plot
     ppoints qgamma qqnorm quantile residuals rgamma rgb runif spline
     title var
Flavors: r-devel-linux-x86_64-fedora-clang, r-devel-linux-x86_64-fedora-gcc