CRAN Package Check Results for Package normalp

Last updated on 2014-08-21 11:15:10.

Flavor Version Tinstall Tcheck Ttotal Status Flags
r-devel-linux-x86_64-debian-clang 0.6.9 0.72 11.35 12.06 OK
r-devel-linux-x86_64-debian-gcc 0.6.9 0.60 11.26 11.87 OK
r-devel-linux-x86_64-fedora-clang 0.6.9 23.47 NOTE
r-devel-linux-x86_64-fedora-gcc 0.6.9 23.21 NOTE
r-devel-osx-x86_64-clang 0.6.9 24.88 OK
r-devel-windows-ix86+x86_64 0.6.9 2.00 20.00 22.00 OK
r-patched-linux-x86_64 0.6.9 0.62 11.36 11.98 OK
r-patched-solaris-sparc 0.6.9 136.50 OK
r-patched-solaris-x86 0.6.9 33.50 OK
r-release-linux-ix86 0.6.9 0.93 17.58 18.51 OK
r-release-linux-x86_64 0.6.9 0.70 11.65 12.35 OK
r-release-osx-x86_64-mavericks 0.6.9 OK
r-release-windows-ix86+x86_64 0.6.9 3.00 20.00 23.00 OK
r-oldrel-windows-ix86+x86_64 0.6.9 2.00 19.00 21.00 OK

Check Details

Version: 0.6.9
Check: top-level files
Result: NOTE
    Non-standard files/directories found at top level:
     ‘index’ ‘normalp-Ex.R’ ‘title’
Flavors: r-devel-linux-x86_64-fedora-clang, r-devel-linux-x86_64-fedora-gcc