CRAN Package Check Results for Package normalp

Last updated on 2014-07-25 03:49:49.

Flavor Version Tinstall Tcheck Ttotal Status Flags
r-devel-linux-x86_64-debian-clang 0.6.9 0.63 11.39 12.02 OK
r-devel-linux-x86_64-debian-gcc 0.6.9 0.63 11.38 12.01 OK
r-devel-linux-x86_64-fedora-clang 0.6.9 24.32 NOTE
r-devel-linux-x86_64-fedora-gcc 0.6.9 23.54 NOTE
r-devel-osx-x86_64-clang 0.6.9 26.18 OK
r-devel-windows-ix86+x86_64 0.6.9 3.00 19.00 22.00 OK
r-patched-linux-x86_64 0.6.9 0.71 11.39 12.10 OK
r-patched-solaris-sparc 0.6.9 139.30 OK
r-patched-solaris-x86 0.6.9 32.90 OK
r-release-linux-ix86 0.6.9 0.92 17.69 18.62 OK
r-release-linux-x86_64 0.6.9 0.71 11.57 12.28 OK
r-release-osx-x86_64-mavericks 0.6.9 OK
r-release-windows-ix86+x86_64 0.6.9 3.00 20.00 23.00 OK
r-oldrel-windows-ix86+x86_64 0.6.9 2.00 19.00 21.00 OK

Check Details

Version: 0.6.9
Check: top-level files
Result: NOTE
    Non-standard files/directories found at top level:
     ‘index’ ‘normalp-Ex.R’ ‘title’
Flavors: r-devel-linux-x86_64-fedora-clang, r-devel-linux-x86_64-fedora-gcc