CRAN Package Check Results for Package nortest

Last updated on 2015-07-02 07:48:47.

Flavor Version Tinstall Tcheck Ttotal Status Flags
r-devel-linux-x86_64-debian-clang 1.0-3 0.52 8.30 8.82 NOTE
r-devel-linux-x86_64-debian-gcc 1.0-3 0.50 8.03 8.52 NOTE
r-devel-linux-x86_64-fedora-clang 1.0-3 16.26 NOTE
r-devel-linux-x86_64-fedora-gcc 1.0-3 15.57 NOTE
r-devel-osx-x86_64-clang 1.0-3 18.72 OK
r-devel-windows-ix86+x86_64 1.0-3 4.00 23.00 27.00 OK
r-patched-linux-x86_64 1.0-3 0.59 8.48 9.07 OK
r-patched-solaris-sparc 1.0-3 113.30 OK
r-patched-solaris-x86 1.0-3 27.00 OK
r-release-linux-x86_64 1.0-3 0.56 8.34 8.90 OK
r-release-osx-x86_64-mavericks 1.0-3 OK
r-release-windows-ix86+x86_64 1.0-3 3.00 17.00 20.00 OK
r-oldrel-windows-ix86+x86_64 1.0-3 3.00 17.00 20.00 OK

Check Details

Version: 1.0-3
Check: R code for possible problems
Result: NOTE
    ad.test: no visible global function definition for ‘complete.cases’
    ad.test: no visible global function definition for ‘pnorm’
    ad.test: no visible global function definition for ‘sd’
    cvm.test: no visible global function definition for ‘complete.cases’
    cvm.test: no visible global function definition for ‘pnorm’
    cvm.test: no visible global function definition for ‘sd’
    lillie.test: no visible global function definition for ‘complete.cases’
    lillie.test: no visible global function definition for ‘pnorm’
    lillie.test: no visible global function definition for ‘sd’
    pearson.test: no visible global function definition for
     ‘complete.cases’
    pearson.test: no visible global function definition for ‘pnorm’
    pearson.test: no visible global function definition for ‘sd’
    pearson.test: no visible global function definition for ‘pchisq’
    sf.test: no visible global function definition for ‘complete.cases’
    sf.test: no visible global function definition for ‘qnorm’
    sf.test: no visible global function definition for ‘ppoints’
    sf.test: no visible global function definition for ‘cor’
    sf.test: no visible global function definition for ‘pnorm’
Flavors: r-devel-linux-x86_64-debian-clang, r-devel-linux-x86_64-debian-gcc, r-devel-linux-x86_64-fedora-gcc

Version: 1.0-3
Check: R code for possible problems
Result: NOTE
    ad.test: no visible global function definition for ‘complete.cases’
    ad.test: no visible global function definition for ‘pnorm’
    ad.test: no visible global function definition for ‘sd’
    cvm.test: no visible global function definition for ‘complete.cases’
    cvm.test: no visible global function definition for ‘pnorm’
    cvm.test: no visible global function definition for ‘sd’
    lillie.test: no visible global function definition for ‘complete.cases’
    lillie.test: no visible global function definition for ‘pnorm’
    lillie.test: no visible global function definition for ‘sd’
    pearson.test: no visible global function definition for
     ‘complete.cases’
    pearson.test: no visible global function definition for ‘pnorm’
    pearson.test: no visible global function definition for ‘sd’
    pearson.test: no visible global function definition for ‘pchisq’
    sf.test: no visible global function definition for ‘complete.cases’
    sf.test: no visible global function definition for ‘qnorm’
    sf.test: no visible global function definition for ‘ppoints’
    sf.test: no visible global function definition for ‘cor’
    sf.test: no visible global function definition for ‘pnorm’
    Undefined global functions or variables:
     complete.cases cor pchisq pnorm ppoints qnorm sd
Flavor: r-devel-linux-x86_64-fedora-clang