CRAN Package Check Results for Package notifyR

Last updated on 2016-12-09 17:54:10.

Flavor Version Tinstall Tcheck Ttotal Status Flags
r-devel-linux-x86_64-debian-clang 1.02 0.86 13.56 14.42 NOTE
r-devel-linux-x86_64-debian-gcc 1.02 0.84 13.16 13.99 NOTE
r-devel-linux-x86_64-fedora-clang 1.02 26.04 NOTE --no-stop-on-test-error
r-devel-linux-x86_64-fedora-gcc 1.02 24.78 NOTE --no-stop-on-test-error
r-devel-macos-x86_64-clang 1.02 21.27 OK --no-stop-on-test-error
r-devel-windows-ix86+x86_64 1.02 4.00 32.00 36.00 OK
r-patched-linux-x86_64 1.02 0.76 11.93 12.69 NOTE
r-patched-solaris-sparc 1.02 131.20 OK
r-patched-solaris-x86 1.02 30.00 OK
r-release-linux-x86_64 1.02 0.75 11.63 12.39 NOTE
r-release-osx-x86_64-mavericks 1.02 OK
r-release-windows-ix86+x86_64 1.02 7.00 36.00 43.00 OK
r-oldrel-windows-ix86+x86_64 1.02 6.00 58.00 64.00 OK

Check Details

Version: 1.02
Check: Rd line widths
Result: NOTE
    Rd file 'notifyR-package.Rd':
     \examples lines wider than 100 characters:
     send_push(userkey,message="finished.",title="World Simulation",url="http://www.myRresults.com/",url_title="View Results online.",priori ... [TRUNCATED]
    
    Rd file 'send_push.Rd':
     \usage lines wider than 90 characters:
     send_push(user, message, title = "", device = "", url = "", url_title = "", priority = FALSE, timestamp = Sys.time())
     \examples lines wider than 100 characters:
     send_push(userkey,message="finished.",title="World Simulation",url="http://www.myRresults.com/",url_title="View Results online.",priori ... [TRUNCATED]
    
    These lines will be truncated in the PDF manual.
Flavors: r-devel-linux-x86_64-debian-clang, r-devel-linux-x86_64-debian-gcc, r-patched-linux-x86_64, r-release-linux-x86_64

Version: 1.02
Flags: --no-stop-on-test-error
Check: Rd line widths
Result: NOTE
    Rd file 'notifyR-package.Rd':
     \examples lines wider than 100 characters:
     send_push(userkey,message="finished.",title="World Simulation",url="http://www.myRresults.com/",url_title="View Results online.",priori ... [TRUNCATED]
    
    Rd file 'send_push.Rd':
     \usage lines wider than 90 characters:
     send_push(user, message, title = "", device = "", url = "", url_title = "", priority = FALSE, timestamp = Sys.time())
     \examples lines wider than 100 characters:
     send_push(userkey,message="finished.",title="World Simulation",url="http://www.myRresults.com/",url_title="View Results online.",priori ... [TRUNCATED]
    
    These lines will be truncated in the PDF manual.
Flavors: r-devel-linux-x86_64-fedora-clang, r-devel-linux-x86_64-fedora-gcc