CRAN Package Check Results for Package notifyR

Last updated on 2018-06-21 23:50:30 CEST.

Flavor Version Tinstall Tcheck Ttotal Status Flags
r-devel-linux-x86_64-debian-clang 1.02 1.46 19.49 20.95 NOTE
r-devel-linux-x86_64-debian-gcc 1.02 0.98 18.85 19.83 NOTE
r-devel-linux-x86_64-fedora-clang 1.02 29.02 NOTE
r-devel-linux-x86_64-fedora-gcc 1.02 27.62 NOTE
r-devel-windows-ix86+x86_64 1.02 4.00 36.00 40.00 OK
r-patched-linux-x86_64 1.02 1.32 21.07 22.39 NOTE
r-patched-solaris-x86 1.02 44.30 OK
r-release-linux-x86_64 1.02 1.05 20.89 21.94 NOTE
r-release-windows-ix86+x86_64 1.02 3.00 32.00 35.00 OK
r-release-osx-x86_64 1.02 OK
r-oldrel-windows-ix86+x86_64 1.02 4.00 50.00 54.00 OK
r-oldrel-osx-x86_64 1.02 OK

Check Details

Version: 1.02
Check: Rd line widths
Result: NOTE
    Rd file 'notifyR-package.Rd':
     \examples lines wider than 100 characters:
     send_push(userkey,message="finished.",title="World Simulation",url="http://www.myRresults.com/",url_title="View Results online.",priori ... [TRUNCATED]
    
    Rd file 'send_push.Rd':
     \usage lines wider than 90 characters:
     send_push(user, message, title = "", device = "", url = "", url_title = "", priority = FALSE, timestamp = Sys.time())
     \examples lines wider than 100 characters:
     send_push(userkey,message="finished.",title="World Simulation",url="http://www.myRresults.com/",url_title="View Results online.",priori ... [TRUNCATED]
    
    These lines will be truncated in the PDF manual.
Flavors: r-devel-linux-x86_64-debian-clang, r-devel-linux-x86_64-debian-gcc, r-devel-linux-x86_64-fedora-clang, r-devel-linux-x86_64-fedora-gcc, r-patched-linux-x86_64, r-release-linux-x86_64