CRAN Package Check Results for Package notifyR

Last updated on 2014-11-22 08:49:45.

Flavor Version Tinstall Tcheck Ttotal Status Flags
r-devel-linux-x86_64-debian-clang 1.02 1.01 14.55 15.56 NOTE
r-devel-linux-x86_64-debian-gcc 1.02 0.91 14.09 15.00 NOTE
r-devel-linux-x86_64-fedora-clang 1.02 33.89 NOTE
r-devel-linux-x86_64-fedora-gcc 1.02 30.04 NOTE
r-devel-osx-x86_64-clang 1.02 32.69 OK
r-devel-windows-ix86+x86_64 1.02 3.00 26.00 29.00 OK
r-patched-linux-x86_64 1.02 1.00 14.37 15.37 NOTE
r-patched-solaris-sparc 1.02 175.20 OK
r-patched-solaris-x86 1.02 45.40 OK
r-release-linux-ix86 1.02 1.23 20.15 21.38 OK
r-release-linux-x86_64 1.02 1.01 14.34 15.34 NOTE
r-release-osx-x86_64-mavericks 1.02 OK
r-release-osx-x86_64-snowleopard 1.02 OK
r-release-windows-ix86+x86_64 1.02 5.00 25.00 30.00 OK
r-oldrel-windows-ix86+x86_64 1.02 6.00 35.00 41.00 OK

Check Details

Version: 1.02
Check: Rd line widths
Result: NOTE
    Rd file 'notifyR-package.Rd':
     \examples lines wider than 100 characters:
     send_push(userkey,message="finished.",title="World Simulation",url="http://www.myRresults.com/",url_title="View Results online.",priori ... [TRUNCATED]
    
    Rd file 'send_push.Rd':
     \usage lines wider than 90 characters:
     send_push(user, message, title = "", device = "", url = "", url_title = "", priority = FALSE, timestamp = Sys.time())
     \examples lines wider than 100 characters:
     send_push(userkey,message="finished.",title="World Simulation",url="http://www.myRresults.com/",url_title="View Results online.",priori ... [TRUNCATED]
    
    These lines will be truncated in the PDF manual.
Flavors: r-devel-linux-x86_64-debian-clang, r-devel-linux-x86_64-debian-gcc, r-devel-linux-x86_64-fedora-clang, r-devel-linux-x86_64-fedora-gcc, r-patched-linux-x86_64, r-release-linux-x86_64