CRAN Package Check Results for Package notifyR

Last updated on 2014-07-24 11:53:26.

Flavor Version Tinstall Tcheck Ttotal Status Flags
r-devel-linux-x86_64-debian-clang 1.02 0.95 14.04 14.99 OK
r-devel-linux-x86_64-debian-gcc 1.02 0.94 13.64 14.59 OK
r-devel-linux-x86_64-fedora-clang 1.02 31.65 NOTE
r-devel-linux-x86_64-fedora-gcc 1.02 29.54 NOTE
r-devel-osx-x86_64-clang 1.02 31.02 OK
r-devel-windows-ix86+x86_64 1.02 4.00 26.00 30.00 OK
r-patched-linux-x86_64 1.02 1.00 14.03 15.03 OK
r-patched-solaris-sparc 1.02 188.60 OK
r-patched-solaris-x86 1.02 42.80 OK
r-release-linux-ix86 1.02 1.36 20.71 22.07 OK
r-release-linux-x86_64 1.02 1.04 14.59 15.63 OK
r-release-osx-x86_64-mavericks 1.02 OK
r-release-osx-x86_64-snowleopard 1.02 OK
r-release-windows-ix86+x86_64 1.02 5.00 27.00 32.00 OK
r-oldrel-windows-ix86+x86_64 1.02 5.00 24.00 29.00 OK

Check Details

Version: 1.02
Check: Rd line widths
Result: NOTE
    Rd file 'notifyR-package.Rd':
     \examples lines wider than 100 characters:
     send_push(userkey,message="finished.",title="World Simulation",url="http://www.myRresults.com/",url_title="View Results online.",priori ... [TRUNCATED]
    
    Rd file 'send_push.Rd':
     \usage lines wider than 90 characters:
     send_push(user, message, title = "", device = "", url = "", url_title = "", priority = FALSE, timestamp = Sys.time())
     \examples lines wider than 100 characters:
     send_push(userkey,message="finished.",title="World Simulation",url="http://www.myRresults.com/",url_title="View Results online.",priori ... [TRUNCATED]
    
    These lines will be truncated in the PDF manual.
Flavors: r-devel-linux-x86_64-fedora-clang, r-devel-linux-x86_64-fedora-gcc