CRAN Package Check Results for Package notifyR

Last updated on 2017-10-21 00:51:52.

Flavor Version Tinstall Tcheck Ttotal Status Flags
r-devel-linux-x86_64-debian-clang 1.02 0.78 12.97 13.75 NOTE
r-devel-linux-x86_64-debian-gcc 1.02 0.80 14.46 15.27 NOTE
r-devel-linux-x86_64-fedora-clang 1.02 26.17 NOTE
r-devel-linux-x86_64-fedora-gcc 1.02 24.85 NOTE
r-devel-windows-ix86+x86_64 1.02 2.00 33.00 35.00 OK
r-patched-linux-x86_64 1.02 0.84 13.32 14.15 NOTE
r-patched-solaris-x86 1.02 38.10 OK
r-release-linux-x86_64 1.02 0.95 13.51 14.45 NOTE
r-release-windows-ix86+x86_64 1.02 3.00 29.00 32.00 OK
r-release-osx-x86_64 1.02 OK
r-oldrel-windows-ix86+x86_64 1.02 3.00 38.00 41.00 OK
r-oldrel-osx-x86_64 1.02 OK

Check Details

Version: 1.02
Check: Rd line widths
Result: NOTE
    Rd file 'notifyR-package.Rd':
     \examples lines wider than 100 characters:
     send_push(userkey,message="finished.",title="World Simulation",url="http://www.myRresults.com/",url_title="View Results online.",priori ... [TRUNCATED]
    
    Rd file 'send_push.Rd':
     \usage lines wider than 90 characters:
     send_push(user, message, title = "", device = "", url = "", url_title = "", priority = FALSE, timestamp = Sys.time())
     \examples lines wider than 100 characters:
     send_push(userkey,message="finished.",title="World Simulation",url="http://www.myRresults.com/",url_title="View Results online.",priori ... [TRUNCATED]
    
    These lines will be truncated in the PDF manual.
Flavors: r-devel-linux-x86_64-debian-clang, r-devel-linux-x86_64-debian-gcc, r-devel-linux-x86_64-fedora-clang, r-devel-linux-x86_64-fedora-gcc, r-patched-linux-x86_64, r-release-linux-x86_64