CRAN Package Check Results for Package notifyR

Last updated on 2014-04-23 20:47:17.

Flavor Version Tinstall Tcheck Ttotal Status Flags
r-devel-linux-x86_64-debian-clang 1.02 1.10 14.86 15.96 OK
r-devel-linux-x86_64-debian-gcc 1.02 1.06 14.59 15.65 OK
r-devel-linux-x86_64-fedora-clang 1.02 31.99 NOTE
r-devel-linux-x86_64-fedora-gcc 1.02 30.33 NOTE
r-devel-osx-x86_64-clang 1.02 32.76 OK
r-devel-osx-x86_64-gcc 1.02 OK
r-devel-windows-ix86+x86_64 1.02 4.00 26.00 30.00 OK
r-patched-linux-x86_64 1.02 1.14 14.53 15.66 OK
r-patched-solaris-sparc 1.02 188.60 OK
r-patched-solaris-x86 1.02 44.80 OK
r-release-linux-ix86 1.02 2.00 30.00 32.00 OK
r-release-linux-x86_64 1.02 1.18 14.54 15.72 OK
r-release-osx-x86_64-mavericks 1.02 WARN
r-release-osx-x86_64-snowleopard 1.02 OK
r-release-windows-ix86+x86_64 1.02 7.00 34.00 41.00 OK
r-oldrel-windows-ix86+x86_64 1.02 4.00 24.00 28.00 OK

Check Details

Version: 1.02
Check: Rd line widths
Result: NOTE
    Rd file 'notifyR-package.Rd':
     \examples lines wider than 100 characters:
     send_push(userkey,message="finished.",title="World Simulation",url="http://www.myRresults.com/",url_title="View Results online.",priori ... [TRUNCATED]
    
    Rd file 'send_push.Rd':
     \usage lines wider than 90 characters:
     send_push(user, message, title = "", device = "", url = "", url_title = "", priority = FALSE, timestamp = Sys.time())
     \examples lines wider than 100 characters:
     send_push(userkey,message="finished.",title="World Simulation",url="http://www.myRresults.com/",url_title="View Results online.",priori ... [TRUNCATED]
    
    These lines will be truncated in the PDF manual.
Flavors: r-devel-linux-x86_64-fedora-clang, r-devel-linux-x86_64-fedora-gcc

Version: 1.02
Check: PDF version of manual
Result: WARNING
    LaTeX errors when creating PDF version.
    This typically indicates Rd problems.
    LaTeX errors found:
    ! LaTeX Error: File `upquote.sty' not found.
    
    Type X to quit or <RETURN> to proceed,
    or enter new name. (Default extension: sty)
    
    3c33805/Rd2.tex:8: ==> Fatal error occurred, no output PDF file produced!
Flavor: r-release-osx-x86_64-mavericks