CRAN Package Check Results for Package notifyR

Last updated on 2014-12-22 14:48:46.

Flavor Version Tinstall Tcheck Ttotal Status Flags
r-devel-linux-x86_64-debian-clang 1.02 0.95 14.83 15.78 NOTE
r-devel-linux-x86_64-debian-gcc 1.02 0.91 14.99 15.90 NOTE
r-devel-linux-x86_64-fedora-clang 1.02 34.14 NOTE
r-devel-linux-x86_64-fedora-gcc 1.02 31.27 NOTE
r-devel-osx-x86_64-clang 1.02 32.71 OK
r-devel-windows-ix86+x86_64 1.02 4.00 39.00 43.00 OK
r-patched-linux-x86_64 1.02 1.00 14.42 15.42 NOTE
r-patched-solaris-sparc 1.02 178.20 OK
r-patched-solaris-x86 1.02 45.40 OK
r-release-linux-ix86 1.02 1.28 20.24 21.52 OK
r-release-linux-x86_64 1.02 1.00 14.74 15.74 NOTE
r-release-osx-x86_64-mavericks 1.02 OK
r-release-osx-x86_64-snowleopard 1.02 OK
r-release-windows-ix86+x86_64 1.02 4.00 24.00 28.00 OK
r-oldrel-windows-ix86+x86_64 1.02 4.00 24.00 28.00 OK

Check Details

Version: 1.02
Check: Rd line widths
Result: NOTE
    Rd file 'notifyR-package.Rd':
     \examples lines wider than 100 characters:
     send_push(userkey,message="finished.",title="World Simulation",url="http://www.myRresults.com/",url_title="View Results online.",priori ... [TRUNCATED]
    
    Rd file 'send_push.Rd':
     \usage lines wider than 90 characters:
     send_push(user, message, title = "", device = "", url = "", url_title = "", priority = FALSE, timestamp = Sys.time())
     \examples lines wider than 100 characters:
     send_push(userkey,message="finished.",title="World Simulation",url="http://www.myRresults.com/",url_title="View Results online.",priori ... [TRUNCATED]
    
    These lines will be truncated in the PDF manual.
Flavors: r-devel-linux-x86_64-debian-clang, r-devel-linux-x86_64-debian-gcc, r-devel-linux-x86_64-fedora-clang, r-devel-linux-x86_64-fedora-gcc, r-patched-linux-x86_64, r-release-linux-x86_64