CRAN Package Check Results for Package notifyR

Last updated on 2015-08-30 21:46:52.

Flavor Version Tinstall Tcheck Ttotal Status Flags
r-devel-linux-x86_64-debian-clang 1.02 0.77 11.74 12.51 NOTE
r-devel-linux-x86_64-debian-gcc 1.02 0.78 11.62 12.40 NOTE
r-devel-linux-x86_64-fedora-clang 1.02 24.75 NOTE
r-devel-linux-x86_64-fedora-gcc 1.02 23.09 NOTE
r-devel-osx-x86_64-clang 1.02 22.91 OK
r-devel-windows-ix86+x86_64 1.02 6.00 25.00 31.00 OK
r-patched-linux-x86_64 1.02 0.81 12.11 12.92 NOTE
r-patched-solaris-sparc 1.02 162.00 OK
r-patched-solaris-x86 1.02 41.00 OK
r-release-linux-x86_64 1.02 0.84 12.09 12.94 NOTE
r-release-osx-x86_64-mavericks 1.02 OK
r-release-windows-ix86+x86_64 1.02 4.00 22.00 26.00 OK
r-oldrel-windows-ix86+x86_64 1.02 4.00 25.00 29.00 OK

Check Details

Version: 1.02
Check: Rd line widths
Result: NOTE
    Rd file 'notifyR-package.Rd':
     \examples lines wider than 100 characters:
     send_push(userkey,message="finished.",title="World Simulation",url="http://www.myRresults.com/",url_title="View Results online.",priori ... [TRUNCATED]
    
    Rd file 'send_push.Rd':
     \usage lines wider than 90 characters:
     send_push(user, message, title = "", device = "", url = "", url_title = "", priority = FALSE, timestamp = Sys.time())
     \examples lines wider than 100 characters:
     send_push(userkey,message="finished.",title="World Simulation",url="http://www.myRresults.com/",url_title="View Results online.",priori ... [TRUNCATED]
    
    These lines will be truncated in the PDF manual.
Flavors: r-devel-linux-x86_64-debian-clang, r-devel-linux-x86_64-debian-gcc, r-devel-linux-x86_64-fedora-clang, r-devel-linux-x86_64-fedora-gcc, r-patched-linux-x86_64, r-release-linux-x86_64