CRAN Package Check Results for Package notifyR

Last updated on 2014-08-23 20:46:58.

Flavor Version Tinstall Tcheck Ttotal Status Flags
r-devel-linux-x86_64-debian-clang 1.02 1.04 13.81 14.85 OK
r-devel-linux-x86_64-debian-gcc 1.02 0.98 13.48 14.45 OK
r-devel-linux-x86_64-fedora-clang 1.02 30.99 NOTE
r-devel-linux-x86_64-fedora-gcc 1.02 28.82 NOTE
r-devel-osx-x86_64-clang 1.02 30.01 OK
r-devel-windows-ix86+x86_64 1.02 4.00 26.00 30.00 OK
r-patched-linux-x86_64 1.02 1.05 15.06 16.11 OK
r-patched-solaris-sparc 1.02 175.20 OK
r-patched-solaris-x86 1.02 44.80 OK
r-release-linux-ix86 1.02 1.43 20.74 22.17 OK
r-release-linux-x86_64 1.02 1.03 14.16 15.19 OK
r-release-osx-x86_64-mavericks 1.02 OK
r-release-osx-x86_64-snowleopard 1.02 OK
r-release-windows-ix86+x86_64 1.02 4.00 33.00 37.00 OK
r-oldrel-windows-ix86+x86_64 1.02 6.00 35.00 41.00 OK

Check Details

Version: 1.02
Check: Rd line widths
Result: NOTE
    Rd file 'notifyR-package.Rd':
     \examples lines wider than 100 characters:
     send_push(userkey,message="finished.",title="World Simulation",url="http://www.myRresults.com/",url_title="View Results online.",priori ... [TRUNCATED]
    
    Rd file 'send_push.Rd':
     \usage lines wider than 90 characters:
     send_push(user, message, title = "", device = "", url = "", url_title = "", priority = FALSE, timestamp = Sys.time())
     \examples lines wider than 100 characters:
     send_push(userkey,message="finished.",title="World Simulation",url="http://www.myRresults.com/",url_title="View Results online.",priori ... [TRUNCATED]
    
    These lines will be truncated in the PDF manual.
Flavors: r-devel-linux-x86_64-fedora-clang, r-devel-linux-x86_64-fedora-gcc