CRAN Package Check Results for Package notifyR

Last updated on 2017-06-22 17:47:52.

Flavor Version Tinstall Tcheck Ttotal Status Flags
r-devel-linux-x86_64-debian-clang 1.02 0.96 13.44 14.41 NOTE
r-devel-linux-x86_64-debian-gcc 1.02 0.87 13.34 14.21 NOTE
r-devel-linux-x86_64-fedora-clang 1.02 24.74 NOTE
r-devel-linux-x86_64-fedora-gcc 1.02 23.73 NOTE
r-devel-windows-ix86+x86_64 1.02 3.00 31.00 34.00 OK
r-patched-linux-x86_64 1.02 1.01 13.42 14.43 NOTE
r-patched-solaris-sparc 1.02 150.00 OK
r-patched-solaris-x86 1.02 37.30 OK
r-release-linux-x86_64 1.02 0.95 13.25 14.20 NOTE
r-release-windows-ix86+x86_64 1.02 6.00 32.00 38.00 OK
r-release-osx-x86_64 1.02 OK
r-oldrel-windows-ix86+x86_64 1.02 5.00 38.00 43.00 OK
r-oldrel-osx-x86_64 1.02 OK

Check Details

Version: 1.02
Check: Rd line widths
Result: NOTE
    Rd file 'notifyR-package.Rd':
     \examples lines wider than 100 characters:
     send_push(userkey,message="finished.",title="World Simulation",url="http://www.myRresults.com/",url_title="View Results online.",priori ... [TRUNCATED]
    
    Rd file 'send_push.Rd':
     \usage lines wider than 90 characters:
     send_push(user, message, title = "", device = "", url = "", url_title = "", priority = FALSE, timestamp = Sys.time())
     \examples lines wider than 100 characters:
     send_push(userkey,message="finished.",title="World Simulation",url="http://www.myRresults.com/",url_title="View Results online.",priori ... [TRUNCATED]
    
    These lines will be truncated in the PDF manual.
Flavors: r-devel-linux-x86_64-debian-clang, r-devel-linux-x86_64-debian-gcc, r-devel-linux-x86_64-fedora-clang, r-devel-linux-x86_64-fedora-gcc, r-patched-linux-x86_64, r-release-linux-x86_64