CRAN Package Check Results for Package notifyR

Last updated on 2016-08-30 00:47:37.

Flavor Version Tinstall Tcheck Ttotal Status Flags
r-devel-linux-x86_64-debian-clang 1.02 0.75 11.75 12.50 NOTE
r-devel-linux-x86_64-debian-gcc 1.02 0.87 11.82 12.69 NOTE
r-devel-linux-x86_64-fedora-clang 1.02 22.22 NOTE
r-devel-linux-x86_64-fedora-gcc 1.02 20.57 NOTE
r-devel-osx-x86_64-clang 1.02 18.94 OK
r-devel-windows-ix86+x86_64 1.02 3.00 39.00 42.00 OK
r-patched-linux-x86_64 1.02 0.74 11.53 12.27 NOTE
r-patched-solaris-sparc 1.02 131.20 OK
r-patched-solaris-x86 1.02 30.20 OK
r-release-linux-x86_64 1.02 0.79 11.49 12.28 NOTE
r-release-osx-x86_64-mavericks 1.02 OK
r-release-windows-ix86+x86_64 1.02 4.00 35.00 39.00 OK
r-oldrel-windows-ix86+x86_64 1.02 3.00 26.00 29.00 OK

Check Details

Version: 1.02
Check: Rd line widths
Result: NOTE
    Rd file 'notifyR-package.Rd':
     \examples lines wider than 100 characters:
     send_push(userkey,message="finished.",title="World Simulation",url="http://www.myRresults.com/",url_title="View Results online.",priori ... [TRUNCATED]
    
    Rd file 'send_push.Rd':
     \usage lines wider than 90 characters:
     send_push(user, message, title = "", device = "", url = "", url_title = "", priority = FALSE, timestamp = Sys.time())
     \examples lines wider than 100 characters:
     send_push(userkey,message="finished.",title="World Simulation",url="http://www.myRresults.com/",url_title="View Results online.",priori ... [TRUNCATED]
    
    These lines will be truncated in the PDF manual.
Flavors: r-devel-linux-x86_64-debian-clang, r-devel-linux-x86_64-debian-gcc, r-devel-linux-x86_64-fedora-clang, r-devel-linux-x86_64-fedora-gcc, r-patched-linux-x86_64, r-release-linux-x86_64