CRAN Package Check Results for Package np

Last updated on 2017-05-27 20:46:25.

Flavor Version Tinstall Tcheck Ttotal Status Flags
r-devel-linux-x86_64-debian-clang 0.60-3 25.22 292.82 318.04 OK
r-devel-linux-x86_64-debian-gcc 0.60-3 27.20 283.97 311.17 OK
r-devel-linux-x86_64-fedora-clang 0.60-3 710.16 OK
r-devel-linux-x86_64-fedora-gcc 0.60-3 689.65 OK
r-devel-windows-ix86+x86_64 0.60-3 64.00 145.00 209.00 OK --no-examples --no-tests --no-vignettes
r-patched-linux-x86_64 0.60-3 25.53 295.60 321.13 OK
r-patched-solaris-sparc 0.60-3 1152.00 OK --no-examples --no-vignettes
r-patched-solaris-x86 0.60-3 813.40 OK
r-release-linux-x86_64 0.60-3 24.54 285.51 310.05 OK
r-release-windows-ix86+x86_64 0.60-3 65.00 214.00 279.00 OK --no-examples --no-tests --no-vignettes
r-release-osx-x86_64 0.60-3 NOTE
r-oldrel-windows-ix86+x86_64 0.60-3 88.00 123.00 211.00 OK --no-examples --no-tests --no-vignettes
r-oldrel-osx-x86_64 0.60-3 OK

Check Details

Version: 0.60-3
Check: re-building of vignette outputs
Result: NOTE
    Error in re-building vignettes:
     ...
    Nonparametric Kernel Methods for Mixed Datatypes (version 0.60-3)
    [vignette("np_faq",package="np") provides answers to frequently asked questions]
    [vignette("np",package="np") an overview]
    [vignette("entropy_np",package="np") an overview of entropy-based methods]
    Error in texi2dvi(file = file, pdf = TRUE, clean = clean, quiet = quiet, :
     Running 'texi2dvi' on 'entropy_np.tex' failed.
    LaTeX errors:
    ! LaTeX Error: File `utf8x.def' not found.
    
    Type X to quit or <RETURN> to proceed,
    or enter new name. (Default extension: def)
    
    ! Emergency stop.
    <read *>
    
    l.158 \endinput
     ^^M
    ! ==> Fatal error occurred, no output PDF file produced!
    Calls: buildVignettes -> texi2pdf -> texi2dvi
    Execution halted
Flavor: r-release-osx-x86_64