CRAN Package Check Results for Package np

Last updated on 2015-01-29 10:48:17.

Flavor Version Tinstall Tcheck Ttotal Status Flags
r-devel-linux-x86_64-debian-clang 0.60-2 11.61 489.26 500.87 NOTE
r-devel-linux-x86_64-debian-gcc 0.60-2 21.19 472.68 493.86 NOTE
r-devel-linux-x86_64-fedora-clang 0.60-2 915.89 NOTE
r-devel-linux-x86_64-fedora-gcc 0.60-2 913.50 NOTE
r-devel-osx-x86_64-clang 0.60-2 666.59 NOTE
r-devel-windows-ix86+x86_64 0.60-2 70.00 61.00 131.00 NOTE --no-examples --no-tests --no-vignettes
r-patched-linux-x86_64 0.60-2 21.44 486.50 507.94 NOTE
r-patched-solaris-sparc 0.60-2 858.90 NOTE --no-examples --no-vignettes
r-patched-solaris-x86 0.60-2 1346.40 NOTE
r-release-linux-ix86 0.60-2 19.32 739.46 758.78 NOTE
r-release-linux-x86_64 0.60-2 21.23 483.71 504.94 NOTE
r-release-osx-x86_64-mavericks 0.60-2 NOTE
r-release-osx-x86_64-snowleopard 0.60-2 OK
r-release-windows-ix86+x86_64 0.60-2 54.00 78.00 132.00 NOTE --no-examples --no-tests --no-vignettes
r-oldrel-windows-ix86+x86_64 0.60-2 56.00 71.00 127.00 OK --no-examples --no-tests --no-vignettes

Check Details

Version: 0.60-2
Check: R code for possible problems
Result: NOTE
    npqcmstest : boot.wild: no visible global function definition for ‘rq’
    npqcmstest : boot.wild.rademacher: no visible global function
     definition for ‘rq’
    npqcmstest : boot.iid: no visible global function definition for ‘rq’
Flavors: r-devel-linux-x86_64-debian-clang, r-devel-linux-x86_64-debian-gcc, r-devel-linux-x86_64-fedora-clang, r-devel-linux-x86_64-fedora-gcc, r-devel-osx-x86_64-clang, r-patched-linux-x86_64, r-patched-solaris-x86, r-release-linux-ix86, r-release-linux-x86_64, r-release-osx-x86_64-mavericks

Version: 0.60-2
Flags: --no-examples --no-tests --no-vignettes
Check: R code for possible problems
Result: NOTE
    npqcmstest : boot.wild: no visible global function definition for 'rq'
    npqcmstest : boot.wild.rademacher: no visible global function
     definition for 'rq'
    npqcmstest : boot.iid: no visible global function definition for 'rq'
Flavors: r-devel-windows-ix86+x86_64, r-release-windows-ix86+x86_64

Version: 0.60-2
Flags: --no-examples --no-vignettes
Check: R code for possible problems
Result: NOTE
    npqcmstest : boot.wild: no visible global function definition for ‘rq’
    npqcmstest : boot.wild.rademacher: no visible global function
     definition for ‘rq’
    npqcmstest : boot.iid: no visible global function definition for ‘rq’
Flavor: r-patched-solaris-sparc