CRAN Package Check Results for Package np

Last updated on 2014-10-25 21:46:33.

Flavor Version Tinstall Tcheck Ttotal Status Flags
r-devel-linux-x86_64-debian-clang 0.60-2 11.86 490.53 502.39 NOTE
r-devel-linux-x86_64-debian-gcc 0.60-2 21.62 466.12 487.73 NOTE
r-devel-linux-x86_64-fedora-clang 0.60-2 943.51 NOTE
r-devel-linux-x86_64-fedora-gcc 0.60-2 903.25 NOTE
r-devel-osx-x86_64-clang 0.60-2 643.07 NOTE
r-devel-windows-ix86+x86_64 0.60-2 53.00 61.00 114.00 NOTE --no-examples --no-tests --no-vignettes
r-patched-linux-x86_64 0.60-2 21.39 492.51 513.90 NOTE
r-patched-solaris-sparc 0.60-2 859.80 NOTE --no-examples --no-vignettes
r-patched-solaris-x86 0.60-2 1346.30 NOTE
r-release-linux-ix86 0.60-2 20.32 780.38 800.70 OK
r-release-linux-x86_64 0.60-2 21.20 483.01 504.22 OK
r-release-osx-x86_64-mavericks 0.60-2 NOTE
r-release-osx-x86_64-snowleopard 0.60-2 OK
r-release-windows-ix86+x86_64 0.60-2 55.00 92.00 147.00 OK --no-examples --no-tests --no-vignettes
r-oldrel-windows-ix86+x86_64 0.60-2 58.00 74.00 132.00 OK --no-examples --no-tests --no-vignettes

Check Details

Version: 0.60-2
Check: R code for possible problems
Result: NOTE
    npqcmstest : boot.wild: no visible global function definition for ‘rq’
    npqcmstest : boot.wild.rademacher: no visible global function
     definition for ‘rq’
    npqcmstest : boot.iid: no visible global function definition for ‘rq’
Flavors: r-devel-linux-x86_64-debian-clang, r-devel-linux-x86_64-debian-gcc, r-devel-linux-x86_64-fedora-clang, r-devel-linux-x86_64-fedora-gcc, r-devel-osx-x86_64-clang, r-patched-linux-x86_64, r-patched-solaris-x86

Version: 0.60-2
Flags: --no-examples --no-tests --no-vignettes
Check: R code for possible problems
Result: NOTE
    npqcmstest : boot.wild: no visible global function definition for 'rq'
    npqcmstest : boot.wild.rademacher: no visible global function
     definition for 'rq'
    npqcmstest : boot.iid: no visible global function definition for 'rq'
Flavor: r-devel-windows-ix86+x86_64

Version: 0.60-2
Flags: --no-examples --no-vignettes
Check: R code for possible problems
Result: NOTE
    npqcmstest : boot.wild: no visible global function definition for ‘rq’
    npqcmstest : boot.wild.rademacher: no visible global function
     definition for ‘rq’
    npqcmstest : boot.iid: no visible global function definition for ‘rq’
Flavor: r-patched-solaris-sparc

Version: 0.60-2
Check: re-building of vignette outputs
Result: NOTE
    Error in re-building vignettes:
     ...
    Nonparametric Kernel Methods for Mixed Datatypes (version 0.60-2)
    [vignette("np_faq",package="np") provides answers to frequently asked questions]
    Error in texi2dvi(file = file, pdf = TRUE, clean = clean, quiet = quiet, :
     Running 'texi2dvi' on 'entropy_np.tex' failed.
    LaTeX errors:
    ! LaTeX Error: File `utf8x.def' not found.
    
    Type X to quit or <RETURN> to proceed,
    or enter new name. (Default extension: def)
    Calls: buildVignettes -> texi2pdf -> texi2dvi
    Execution halted
Flavor: r-release-osx-x86_64-mavericks