CRAN Package Check Results for Package np

Last updated on 2014-07-23 13:47:53.

Flavor Version Tinstall Tcheck Ttotal Status Flags
r-devel-linux-x86_64-debian-clang 0.60-2 8.98 504.20 513.18 OK
r-devel-linux-x86_64-debian-gcc 0.60-2 23.44 482.05 505.49 OK
r-devel-linux-x86_64-fedora-clang 0.60-2 977.58 OK
r-devel-linux-x86_64-fedora-gcc 0.60-2 954.76 OK
r-devel-osx-x86_64-clang 0.60-2 646.26 OK
r-devel-windows-ix86+x86_64 0.60-2 51.00 69.00 120.00 OK --no-examples --no-tests --no-vignettes
r-patched-linux-x86_64 0.60-2 21.14 481.91 503.05 OK
r-patched-solaris-sparc 0.60-2 798.10 OK --no-examples --no-vignettes
r-patched-solaris-x86 0.60-2 1322.20 OK
r-release-linux-ix86 0.60-2 20.74 774.19 794.93 OK
r-release-linux-x86_64 0.60-2 21.18 476.32 497.50 OK
r-release-osx-x86_64-mavericks 0.60-2 NOTE
r-release-osx-x86_64-snowleopard 0.60-2 OK
r-release-windows-ix86+x86_64 0.60-2 54.00 74.00 128.00 OK --no-examples --no-tests --no-vignettes
r-oldrel-windows-ix86+x86_64 0.60-2 51.00 70.00 121.00 OK --no-examples --no-tests --no-vignettes

Check Details

Version: 0.60-2
Check: re-building of vignette outputs
Result: NOTE
    Error in re-building vignettes:
     ...
    Nonparametric Kernel Methods for Mixed Datatypes (version 0.60-2)
    [vignette("np_faq",package="np") provides answers to frequently asked questions]
    Error in texi2dvi(file = file, pdf = TRUE, clean = clean, quiet = quiet, :
     Running 'texi2dvi' on 'entropy_np.tex' failed.
    LaTeX errors:
    ! LaTeX Error: File `utf8x.def' not found.
    
    Type X to quit or <RETURN> to proceed,
    or enter new name. (Default extension: def)
    Calls: buildVignettes -> texi2pdf -> texi2dvi
    Execution halted
Flavor: r-release-osx-x86_64-mavericks