CRAN Package Check Results for Package np

Last updated on 2014-04-25 09:52:19.

Flavor Version Tinstall Tcheck Ttotal Status Flags
r-devel-linux-x86_64-debian-clang 0.50-1 6.99 60.53 67.52 NOTE
r-devel-linux-x86_64-debian-gcc 0.50-1 12.35 61.94 74.29 NOTE
r-devel-linux-x86_64-fedora-clang 0.50-1 137.25 NOTE
r-devel-linux-x86_64-fedora-gcc 0.50-1 138.51 NOTE
r-devel-osx-x86_64-clang 0.50-1 105.64 NOTE
r-devel-osx-x86_64-gcc 0.50-1 NOTE
r-devel-windows-ix86+x86_64 0.50-1 39.00 62.00 101.00 NOTE --no-examples --no-tests --no-vignettes
r-patched-linux-x86_64 0.50-1 12.28 63.00 75.28 NOTE
r-patched-solaris-sparc 0.50-1 736.00 NOTE --no-examples --no-vignettes
r-patched-solaris-x86 0.50-1 207.60 NOTE
r-release-linux-ix86 0.50-1 19.00 92.00 111.00 NOTE
r-release-linux-x86_64 0.50-1 11.96 62.21 74.17 NOTE
r-release-osx-x86_64-mavericks 0.50-1 WARN
r-release-windows-ix86+x86_64 0.50-1 36.00 70.00 106.00 NOTE --no-examples --no-tests --no-vignettes
r-oldrel-windows-ix86+x86_64 0.50-1 43.00 69.00 112.00 NOTE --no-examples --no-tests --no-vignettes

Check Details

Version: 0.50-1
Check: dependencies in R code
Result: NOTE
    Packages in Depends field not imported from:
     ‘boot’ ‘cubature’
     These packages need to be imported from (in the NAMESPACE file)
     for when this namespace is loaded but not attached.
    See the information on DESCRIPTION files in the chapter ‘Creating R
    packages’ of the ‘Writing R Extensions’ manual.
Flavors: r-devel-linux-x86_64-debian-clang, r-devel-linux-x86_64-debian-gcc, r-devel-linux-x86_64-fedora-clang, r-devel-linux-x86_64-fedora-gcc, r-devel-osx-x86_64-clang, r-devel-osx-x86_64-gcc, r-patched-linux-x86_64, r-patched-solaris-x86, r-release-linux-ix86, r-release-linux-x86_64, r-release-osx-x86_64-mavericks

Version: 0.50-1
Check: for old-style vignette sources
Result: NOTE
    Vignette sources only in ‘inst/doc’:
     ‘entropy_np.Rnw’, ‘np.Rnw’, ‘np_faq.Rnw’
    A ‘vignettes’ directory is required as from R 3.1.0
    and these will not be indexed nor checked
Flavors: r-devel-linux-x86_64-debian-clang, r-devel-linux-x86_64-debian-gcc, r-devel-linux-x86_64-fedora-clang, r-devel-linux-x86_64-fedora-gcc, r-devel-osx-x86_64-clang, r-devel-osx-x86_64-gcc, r-patched-linux-x86_64, r-patched-solaris-x86, r-release-linux-ix86, r-release-linux-x86_64, r-release-osx-x86_64-mavericks

Version: 0.50-1
Check: top-level files
Result: NOTE
    Non-standard files/directories found at top level:
     ‘COPYRIGHTS’ ‘mknpkg.sh’ ‘npver’
    Copyright information should be in file inst/COPYRIGHTS
Flavors: r-devel-linux-x86_64-fedora-clang, r-devel-linux-x86_64-fedora-gcc

Version: 0.50-1
Check: package dependencies
Result: NOTE
    Package suggested but not available for checking: ‘quantreg’
Flavor: r-devel-osx-x86_64-gcc

Version: 0.50-1
Check: R code for possible problems
Result: NOTE
    npqcmstest : boot.wild: no visible global function definition for ‘rq’
    npqcmstest : boot.wild.rademacher: no visible global function
     definition for ‘rq’
    npqcmstest : boot.iid: no visible global function definition for ‘rq’
Flavor: r-devel-osx-x86_64-gcc

Version: 0.50-1
Check: Rd cross-references
Result: NOTE
    Package unavailable to check Rd xrefs: ‘quantreg’
Flavor: r-devel-osx-x86_64-gcc

Version: 0.50-1
Flags: --no-examples --no-tests --no-vignettes
Check: dependencies in R code
Result: NOTE
    Packages in Depends field not imported from:
     'boot' 'cubature'
     These packages need to be imported from (in the NAMESPACE file)
     for when this namespace is loaded but not attached.
    See the information on DESCRIPTION files in the chapter 'Creating R
    packages' of the 'Writing R Extensions' manual.
Flavors: r-devel-windows-ix86+x86_64, r-release-windows-ix86+x86_64, r-oldrel-windows-ix86+x86_64

Version: 0.50-1
Flags: --no-examples --no-tests --no-vignettes
Check: for old-style vignette sources
Result: NOTE
    Vignette sources only in 'inst/doc':
     'entropy_np.Rnw', 'np.Rnw', 'np_faq.Rnw'
    A 'vignettes' directory is required as from R 3.1.0
    and these will not be indexed nor checked
Flavors: r-devel-windows-ix86+x86_64, r-release-windows-ix86+x86_64

Version: 0.50-1
Flags: --no-examples --no-vignettes
Check: dependencies in R code
Result: NOTE
    Packages in Depends field not imported from:
     ‘boot’ ‘cubature’
     These packages need to be imported from (in the NAMESPACE file)
     for when this namespace is loaded but not attached.
    See the information on DESCRIPTION files in the chapter ‘Creating R
    packages’ of the ‘Writing R Extensions’ manual.
Flavor: r-patched-solaris-sparc

Version: 0.50-1
Flags: --no-examples --no-vignettes
Check: for old-style vignette sources
Result: NOTE
    Vignette sources only in ‘inst/doc’:
     ‘entropy_np.Rnw’, ‘np.Rnw’, ‘np_faq.Rnw’
    A ‘vignettes’ directory is required as from R 3.1.0
    and these will not be indexed nor checked
Flavor: r-patched-solaris-sparc

Version: 0.50-1
Check: PDF version of manual
Result: WARNING
    LaTeX errors when creating PDF version.
    This typically indicates Rd problems.
    LaTeX errors found:
    ! LaTeX Error: File `upquote.sty' not found.
    
    Type X to quit or <RETURN> to proceed,
    or enter new name. (Default extension: sty)
    
    a275dd1/Rd2.tex:8: ==> Fatal error occurred, no output PDF file produced!
Flavor: r-release-osx-x86_64-mavericks

Version: 0.50-1
Flags: --no-examples --no-tests --no-vignettes
Check: for old-style vignette sources
Result: NOTE
    Vignette sources only in 'inst/doc':
     'entropy_np.Rnw', 'np.Rnw', 'np_faq.Rnw'
    A 'vignettes' directory will be required as from R 3.1.0
Flavor: r-oldrel-windows-ix86+x86_64