CRAN Package Check Results for Package np

Last updated on 2014-12-20 19:48:26.

Flavor Version Tinstall Tcheck Ttotal Status Flags
r-devel-linux-x86_64-debian-clang 0.60-2 11.88 488.89 500.76 NOTE
r-devel-linux-x86_64-debian-gcc 0.60-2 21.10 456.60 477.70 NOTE
r-devel-linux-x86_64-fedora-clang 0.60-2 945.02 NOTE
r-devel-linux-x86_64-fedora-gcc 0.60-2 788.61 NOTE
r-devel-osx-x86_64-clang 0.60-2 670.27 NOTE
r-devel-windows-ix86+x86_64 0.60-2 53.00 68.00 121.00 NOTE --no-examples --no-tests --no-vignettes
r-patched-linux-x86_64 0.60-2 21.26 505.39 526.65 NOTE
r-patched-solaris-sparc 0.60-2 859.80 NOTE --no-examples --no-vignettes
r-patched-solaris-x86 0.60-2 1321.80 NOTE
r-release-linux-ix86 0.60-2 19.31 736.59 755.90 NOTE
r-release-linux-x86_64 0.60-2 21.24 495.20 516.45 NOTE
r-release-osx-x86_64-mavericks 0.60-2 NOTE
r-release-osx-x86_64-snowleopard 0.60-2 OK
r-release-windows-ix86+x86_64 0.60-2 52.00 80.00 132.00 NOTE --no-examples --no-tests --no-vignettes
r-oldrel-windows-ix86+x86_64 0.60-2 56.00 74.00 130.00 OK --no-examples --no-tests --no-vignettes

Check Details

Version: 0.60-2
Check: R code for possible problems
Result: NOTE
    npqcmstest : boot.wild: no visible global function definition for ‘rq’
    npqcmstest : boot.wild.rademacher: no visible global function
     definition for ‘rq’
    npqcmstest : boot.iid: no visible global function definition for ‘rq’
Flavors: r-devel-linux-x86_64-debian-clang, r-devel-linux-x86_64-debian-gcc, r-devel-linux-x86_64-fedora-clang, r-devel-linux-x86_64-fedora-gcc, r-devel-osx-x86_64-clang, r-patched-linux-x86_64, r-patched-solaris-x86, r-release-linux-ix86, r-release-linux-x86_64

Version: 0.60-2
Flags: --no-examples --no-tests --no-vignettes
Check: R code for possible problems
Result: NOTE
    npqcmstest : boot.wild: no visible global function definition for 'rq'
    npqcmstest : boot.wild.rademacher: no visible global function
     definition for 'rq'
    npqcmstest : boot.iid: no visible global function definition for 'rq'
Flavors: r-devel-windows-ix86+x86_64, r-release-windows-ix86+x86_64

Version: 0.60-2
Flags: --no-examples --no-vignettes
Check: R code for possible problems
Result: NOTE
    npqcmstest : boot.wild: no visible global function definition for ‘rq’
    npqcmstest : boot.wild.rademacher: no visible global function
     definition for ‘rq’
    npqcmstest : boot.iid: no visible global function definition for ‘rq’
Flavor: r-patched-solaris-sparc

Version: 0.60-2
Check: re-building of vignette outputs
Result: NOTE
    Error in re-building vignettes:
     ...
    Nonparametric Kernel Methods for Mixed Datatypes (version 0.60-2)
    [vignette("np_faq",package="np") provides answers to frequently asked questions]
    Error in texi2dvi(file = file, pdf = TRUE, clean = clean, quiet = quiet, :
     Running 'texi2dvi' on 'entropy_np.tex' failed.
    LaTeX errors:
    ! LaTeX Error: File `utf8x.def' not found.
    
    Type X to quit or <RETURN> to proceed,
    or enter new name. (Default extension: def)
    Calls: buildVignettes -> texi2pdf -> texi2dvi
    Execution halted
Flavor: r-release-osx-x86_64-mavericks