CRAN Package Check Results for Package np

Last updated on 2015-03-03 22:48:25.

Flavor Version Tinstall Tcheck Ttotal Status Flags
r-devel-linux-x86_64-debian-clang 0.60-2 11.51 477.24 488.74 NOTE
r-devel-linux-x86_64-debian-gcc 0.60-2 20.84 453.55 474.39 NOTE
r-devel-linux-x86_64-fedora-clang 0.60-2 878.56 NOTE
r-devel-linux-x86_64-fedora-gcc 0.60-2 846.15 NOTE
r-devel-osx-x86_64-clang 0.60-2 654.41 NOTE
r-devel-windows-ix86+x86_64 0.60-2 54.00 67.00 121.00 NOTE --no-examples --no-tests --no-vignettes
r-patched-linux-x86_64 0.60-2 21.40 484.12 505.53 NOTE
r-patched-solaris-sparc 0.60-2 889.30 NOTE --no-examples --no-vignettes
r-patched-solaris-x86 0.60-2 1328.30 NOTE
r-release-linux-ix86 0.60-2 20.51 750.30 770.81 NOTE
r-release-linux-x86_64 0.60-2 21.50 492.98 514.49 NOTE
r-release-osx-x86_64-mavericks 0.60-2 NOTE
r-release-osx-x86_64-snowleopard 0.60-2 OK
r-release-windows-ix86+x86_64 0.60-2 81.00 80.00 161.00 NOTE --no-examples --no-tests --no-vignettes
r-oldrel-windows-ix86+x86_64 0.60-2 54.00 75.00 129.00 OK --no-examples --no-tests --no-vignettes

Check Details

Version: 0.60-2
Check: R code for possible problems
Result: NOTE
    npqcmstest : boot.wild: no visible global function definition for ‘rq’
    npqcmstest : boot.wild.rademacher: no visible global function
     definition for ‘rq’
    npqcmstest : boot.iid: no visible global function definition for ‘rq’
Flavors: r-devel-linux-x86_64-debian-clang, r-devel-linux-x86_64-debian-gcc, r-devel-linux-x86_64-fedora-clang, r-devel-linux-x86_64-fedora-gcc, r-devel-osx-x86_64-clang, r-patched-linux-x86_64, r-patched-solaris-x86, r-release-linux-ix86, r-release-linux-x86_64, r-release-osx-x86_64-mavericks

Version: 0.60-2
Flags: --no-examples --no-tests --no-vignettes
Check: R code for possible problems
Result: NOTE
    npqcmstest : boot.wild: no visible global function definition for 'rq'
    npqcmstest : boot.wild.rademacher: no visible global function
     definition for 'rq'
    npqcmstest : boot.iid: no visible global function definition for 'rq'
Flavors: r-devel-windows-ix86+x86_64, r-release-windows-ix86+x86_64

Version: 0.60-2
Flags: --no-examples --no-vignettes
Check: R code for possible problems
Result: NOTE
    npqcmstest : boot.wild: no visible global function definition for ‘rq’
    npqcmstest : boot.wild.rademacher: no visible global function
     definition for ‘rq’
    npqcmstest : boot.iid: no visible global function definition for ‘rq’
Flavor: r-patched-solaris-sparc