CRAN Package Check Results for Package np

Last updated on 2014-09-23 19:48:09.

Flavor Version Tinstall Tcheck Ttotal Status Flags
r-devel-linux-x86_64-debian-clang 0.60-2 11.74 487.39 499.13 NOTE
r-devel-linux-x86_64-debian-gcc 0.60-2 22.14 465.50 487.64 NOTE
r-devel-linux-x86_64-fedora-clang 0.60-2 934.72 NOTE
r-devel-linux-x86_64-fedora-gcc 0.60-2 900.18 NOTE
r-devel-osx-x86_64-clang 0.60-2 616.99 NOTE
r-devel-windows-ix86+x86_64 0.60-2 53.00 69.00 122.00 NOTE --no-examples --no-tests --no-vignettes
r-patched-linux-x86_64 0.60-2 21.15 477.95 499.10 OK
r-patched-solaris-sparc 0.60-2 859.40 OK --no-examples --no-vignettes
r-patched-solaris-x86 0.60-2 1321.00 OK
r-release-linux-ix86 0.60-2 20.42 783.59 804.00 OK
r-release-linux-x86_64 0.60-2 22.01 483.05 505.06 OK
r-release-osx-x86_64-mavericks 0.60-2 NOTE
r-release-osx-x86_64-snowleopard 0.60-2 OK
r-release-windows-ix86+x86_64 0.60-2 54.00 73.00 127.00 OK --no-examples --no-tests --no-vignettes
r-oldrel-windows-ix86+x86_64 0.60-2 50.00 72.00 122.00 OK --no-examples --no-tests --no-vignettes

Check Details

Version: 0.60-2
Check: R code for possible problems
Result: NOTE
    npqcmstest : boot.wild: no visible global function definition for ‘rq’
    npqcmstest : boot.wild.rademacher: no visible global function
     definition for ‘rq’
    npqcmstest : boot.iid: no visible global function definition for ‘rq’
Flavors: r-devel-linux-x86_64-debian-clang, r-devel-linux-x86_64-debian-gcc, r-devel-linux-x86_64-fedora-clang, r-devel-linux-x86_64-fedora-gcc, r-devel-osx-x86_64-clang

Version: 0.60-2
Flags: --no-examples --no-tests --no-vignettes
Check: R code for possible problems
Result: NOTE
    npqcmstest : boot.wild: no visible global function definition for 'rq'
    npqcmstest : boot.wild.rademacher: no visible global function
     definition for 'rq'
    npqcmstest : boot.iid: no visible global function definition for 'rq'
Flavor: r-devel-windows-ix86+x86_64

Version: 0.60-2
Check: re-building of vignette outputs
Result: NOTE
    Error in re-building vignettes:
     ...
    Nonparametric Kernel Methods for Mixed Datatypes (version 0.60-2)
    [vignette("np_faq",package="np") provides answers to frequently asked questions]
    Error in texi2dvi(file = file, pdf = TRUE, clean = clean, quiet = quiet, :
     Running 'texi2dvi' on 'entropy_np.tex' failed.
    LaTeX errors:
    ! LaTeX Error: File `utf8x.def' not found.
    
    Type X to quit or <RETURN> to proceed,
    or enter new name. (Default extension: def)
    Calls: buildVignettes -> texi2pdf -> texi2dvi
    Execution halted
Flavor: r-release-osx-x86_64-mavericks