CRAN Package Check Results for Package np

Last updated on 2017-07-21 18:46:58.

Flavor Version Tinstall Tcheck Ttotal Status Flags
r-devel-linux-x86_64-debian-clang 0.60-3 24.21 296.19 320.40 OK
r-devel-linux-x86_64-debian-gcc 0.60-3 26.45 287.74 314.19 OK
r-devel-linux-x86_64-fedora-clang 0.60-3 708.62 OK
r-devel-linux-x86_64-fedora-gcc 0.60-3 693.77 OK
r-devel-windows-ix86+x86_64 0.60-3 89.00 144.00 233.00 OK --no-examples --no-tests --no-vignettes
r-patched-linux-x86_64 0.60-3 26.36 300.14 326.49 OK
r-patched-solaris-x86 0.60-3 826.80 OK
r-release-linux-x86_64 0.60-3 26.43 292.80 319.23 OK
r-release-windows-ix86+x86_64 0.60-3 94.00 189.00 283.00 OK --no-examples --no-tests --no-vignettes
r-release-osx-x86_64 0.60-3 NOTE
r-oldrel-windows-ix86+x86_64 0.60-3 68.00 177.00 245.00 OK --no-examples --no-tests --no-vignettes
r-oldrel-osx-x86_64 0.60-3 OK

Check Details

Version: 0.60-3
Check: re-building of vignette outputs
Result: NOTE
    Error in re-building vignettes:
     ...
    Nonparametric Kernel Methods for Mixed Datatypes (version 0.60-3)
    [vignette("np_faq",package="np") provides answers to frequently asked questions]
    [vignette("np",package="np") an overview]
    [vignette("entropy_np",package="np") an overview of entropy-based methods]
    Error in texi2dvi(file = file, pdf = TRUE, clean = clean, quiet = quiet, :
     Running 'texi2dvi' on 'entropy_np.tex' failed.
    LaTeX errors:
    ! LaTeX Error: File `utf8x.def' not found.
    
    Type X to quit or <RETURN> to proceed,
    or enter new name. (Default extension: def)
    
    ! Emergency stop.
    <read *>
    
    l.158 \endinput
     ^^M
    ! ==> Fatal error occurred, no output PDF file produced!
    Calls: buildVignettes -> texi2pdf -> texi2dvi
    Execution halted
Flavor: r-release-osx-x86_64