CRAN Package Check Results for Package np

Last updated on 2015-05-24 08:48:36.

Flavor Version Tinstall Tcheck Ttotal Status Flags
r-devel-linux-x86_64-debian-clang 0.60-2 12.48 457.89 470.37 NOTE
r-devel-linux-x86_64-debian-gcc 0.60-2 20.83 460.04 480.87 NOTE
r-devel-linux-x86_64-fedora-clang 0.60-2 885.26 NOTE
r-devel-linux-x86_64-fedora-gcc 0.60-2 866.59 NOTE
r-devel-osx-x86_64-clang 0.60-2 635.44 NOTE
r-devel-windows-ix86+x86_64 0.60-2 54.00 67.00 121.00 NOTE --no-examples --no-tests --no-vignettes
r-patched-linux-x86_64 0.60-2 22.07 451.24 473.32 NOTE
r-patched-solaris-sparc 0.60-2 838.50 NOTE --no-examples --no-vignettes
r-patched-solaris-x86 0.60-2 1300.30 NOTE
r-release-linux-x86_64 0.60-2 21.12 458.94 480.06 NOTE
r-release-osx-x86_64-mavericks 0.60-2 NOTE
r-release-osx-x86_64-snowleopard 0.60-2 NOTE
r-release-windows-ix86+x86_64 0.60-2 53.00 63.00 116.00 NOTE --no-examples --no-tests --no-vignettes
r-oldrel-windows-ix86+x86_64 0.60-2 54.00 100.00 154.00 NOTE --no-examples --no-tests --no-vignettes

Check Details

Version: 0.60-2
Check: R code for possible problems
Result: NOTE
    npqcmstest : boot.wild: no visible global function definition for ‘rq’
    npqcmstest : boot.wild.rademacher: no visible global function
     definition for ‘rq’
    npqcmstest : boot.iid: no visible global function definition for ‘rq’
Flavors: r-devel-linux-x86_64-debian-clang, r-devel-linux-x86_64-debian-gcc, r-devel-linux-x86_64-fedora-clang, r-devel-linux-x86_64-fedora-gcc, r-devel-osx-x86_64-clang, r-patched-linux-x86_64, r-patched-solaris-x86, r-release-linux-x86_64, r-release-osx-x86_64-mavericks, r-release-osx-x86_64-snowleopard

Version: 0.60-2
Flags: --no-examples --no-tests --no-vignettes
Check: R code for possible problems
Result: NOTE
    npqcmstest : boot.wild: no visible global function definition for 'rq'
    npqcmstest : boot.wild.rademacher: no visible global function
     definition for 'rq'
    npqcmstest : boot.iid: no visible global function definition for 'rq'
Flavors: r-devel-windows-ix86+x86_64, r-release-windows-ix86+x86_64, r-oldrel-windows-ix86+x86_64

Version: 0.60-2
Flags: --no-examples --no-vignettes
Check: R code for possible problems
Result: NOTE
    npqcmstest : boot.wild: no visible global function definition for ‘rq’
    npqcmstest : boot.wild.rademacher: no visible global function
     definition for ‘rq’
    npqcmstest : boot.iid: no visible global function definition for ‘rq’
Flavor: r-patched-solaris-sparc

Version: 0.60-2
Check: package dependencies
Result: NOTE
    Package suggested but not available for checking: ‘quantreg’
Flavor: r-release-osx-x86_64-snowleopard

Version: 0.60-2
Check: Rd cross-references
Result: NOTE
    Package unavailable to check Rd xrefs: ‘quantreg’
Flavor: r-release-osx-x86_64-snowleopard