CRAN Package Check Results for Package np

Last updated on 2015-07-29 06:47:53.

Flavor Version Tinstall Tcheck Ttotal Status Flags
r-devel-linux-x86_64-debian-clang 0.60-2 12.46 463.64 476.10 NOTE
r-devel-linux-x86_64-debian-gcc 0.60-2 21.10 460.04 481.13 NOTE
r-devel-linux-x86_64-fedora-clang 0.60-2 881.99 NOTE
r-devel-linux-x86_64-fedora-gcc 0.60-2 852.18 NOTE
r-devel-osx-x86_64-clang 0.60-2 576.67 NOTE
r-devel-windows-ix86+x86_64 0.60-2 53.00 100.00 153.00 NOTE --no-examples --no-tests --no-vignettes
r-patched-linux-x86_64 0.60-2 20.80 449.88 470.68 NOTE
r-patched-solaris-sparc 0.60-2 857.50 NOTE --no-examples --no-vignettes
r-patched-solaris-x86 0.60-2 1297.80 NOTE
r-release-linux-x86_64 0.60-2 20.90 450.34 471.24 NOTE
r-release-osx-x86_64-mavericks 0.60-2 NOTE
r-release-windows-ix86+x86_64 0.60-2 74.00 99.00 173.00 NOTE --no-examples --no-tests --no-vignettes
r-oldrel-windows-ix86+x86_64 0.60-2 73.00 75.00 148.00 NOTE --no-examples --no-tests --no-vignettes

Check Details

Version: 0.60-2
Check: R code for possible problems
Result: NOTE
    compute.bootstrap.errors.bandwidth: no visible global function
     definition for ‘boxplot.stats’
    compute.bootstrap.errors.conbandwidth: no visible global function
     definition for ‘boxplot.stats’
    compute.bootstrap.errors.condbandwidth: no visible global function
     definition for ‘boxplot.stats’
    compute.bootstrap.errors.dbandwidth: no visible global function
     definition for ‘boxplot.stats’
    compute.bootstrap.errors.plbandwidth: no visible global function
     definition for ‘boxplot.stats’
    compute.bootstrap.errors.rbandwidth: no visible global function
     definition for ‘boxplot.stats’
    compute.bootstrap.errors.scbandwidth: no visible global function
     definition for ‘boxplot.stats’
    draw.error.bands: no visible global function definition for ‘lines’
    draw.error.bars: no visible global function definition for ‘lines’
    npcdensbw: no visible global function definition for ‘is’
    npcdistbw: no visible global function definition for ‘is’
    npcopula: no visible global function definition for ‘extendrange’
    npindexbw: no visible global function definition for ‘is’
    npksum: no visible global function definition for ‘is’
    npplot.bandwidth: no visible global function definition for ‘persp’
    npplot.bandwidth: no visible global function definition for ‘par’
    npplot.bandwidth: no visible global function definition for ‘lines’
    npplot.conbandwidth: no visible global function definition for ‘persp’
    npplot.conbandwidth: no visible global function definition for ‘par’
    npplot.conbandwidth: no visible global function definition for ‘lines’
    npplot.condbandwidth: no visible global function definition for ‘persp’
    npplot.condbandwidth: no visible global function definition for ‘par’
    npplot.condbandwidth: no visible global function definition for ‘lines’
    npplot.dbandwidth: no visible global function definition for ‘persp’
    npplot.dbandwidth: no visible global function definition for ‘par’
    npplot.dbandwidth: no visible global function definition for ‘lines’
    npplot.plbandwidth: no visible global function definition for ‘persp’
    npplot.plbandwidth: no visible global function definition for ‘par’
    npplot.plbandwidth: no visible global function definition for ‘lines’
    npplot.rbandwidth: no visible global function definition for ‘persp’
    npplot.rbandwidth: no visible global function definition for ‘par’
    npplot.rbandwidth: no visible global function definition for ‘lines’
    npplot.scbandwidth: no visible global function definition for ‘persp’
    npplot.scbandwidth: no visible global function definition for ‘par’
    npplot.scbandwidth: no visible global function definition for ‘lines’
    npplot.sibandwidth: no visible global function definition for ‘par’
    npplot.sibandwidth: no visible global function definition for ‘plot’
    npplot.sibandwidth: no visible global function definition for ‘lines’
    npplregbw: no visible global function definition for ‘is’
    npqcmstest : boot.wild: no visible global function definition for ‘rq’
    npqcmstest : boot.wild.rademacher: no visible global function
     definition for ‘rq’
    npqcmstest : boot.iid: no visible global function definition for ‘rq’
    npquantile: no visible global function definition for ‘extendrange’
    npregbw: no visible global function definition for ‘is’
    npregiv : Kmat.lp: no visible global function definition for ‘combn’
    npregivderiv : Kmat.lp: no visible global function definition for
     ‘combn’
    npscoefbw: no visible global function definition for ‘is’
    npudensbw: no visible global function definition for ‘is’
    npudistbw: no visible global function definition for ‘is’
    plotFactor: no visible global function definition for ‘plot’
    plotFactor: no visible global function definition for ‘lines’
    plotFactor: no visible global function definition for ‘points’
    printClear: no visible global function definition for ‘flush.console’
    printPop: no visible global function definition for ‘flush.console’
    printPush: no visible global function definition for ‘flush.console’
    Undefined global functions or variables:
     boxplot.stats combn extendrange flush.console is lines par persp plot
     points rq
    Consider adding
     importFrom("grDevices", "boxplot.stats", "extendrange")
     importFrom("graphics", "lines", "par", "persp", "plot", "points")
     importFrom("methods", "is")
     importFrom("utils", "combn", "flush.console")
    to your NAMESPACE.
Flavors: r-devel-linux-x86_64-debian-clang, r-devel-linux-x86_64-debian-gcc, r-devel-linux-x86_64-fedora-clang, r-devel-linux-x86_64-fedora-gcc

Version: 0.60-2
Check: R code for possible problems
Result: NOTE
    npqcmstest : boot.wild: no visible global function definition for ‘rq’
    npqcmstest : boot.wild.rademacher: no visible global function
     definition for ‘rq’
    npqcmstest : boot.iid: no visible global function definition for ‘rq’
    Undefined global functions or variables:
     rq
Flavor: r-devel-osx-x86_64-clang

Version: 0.60-2
Flags: --no-examples --no-tests --no-vignettes
Check: R code for possible problems
Result: NOTE
    compute.bootstrap.errors.bandwidth: no visible global function
     definition for 'boxplot.stats'
    compute.bootstrap.errors.conbandwidth: no visible global function
     definition for 'boxplot.stats'
    compute.bootstrap.errors.condbandwidth: no visible global function
     definition for 'boxplot.stats'
    compute.bootstrap.errors.dbandwidth: no visible global function
     definition for 'boxplot.stats'
    compute.bootstrap.errors.plbandwidth: no visible global function
     definition for 'boxplot.stats'
    compute.bootstrap.errors.rbandwidth: no visible global function
     definition for 'boxplot.stats'
    compute.bootstrap.errors.scbandwidth: no visible global function
     definition for 'boxplot.stats'
    draw.error.bands: no visible global function definition for 'lines'
    draw.error.bars: no visible global function definition for 'lines'
    npcdensbw: no visible global function definition for 'is'
    npcdistbw: no visible global function definition for 'is'
    npcopula: no visible global function definition for 'extendrange'
    npindexbw: no visible global function definition for 'is'
    npksum: no visible global function definition for 'is'
    npplot.bandwidth: no visible global function definition for 'persp'
    npplot.bandwidth: no visible global function definition for 'par'
    npplot.bandwidth: no visible global function definition for 'lines'
    npplot.conbandwidth: no visible global function definition for 'persp'
    npplot.conbandwidth: no visible global function definition for 'par'
    npplot.conbandwidth: no visible global function definition for 'lines'
    npplot.condbandwidth: no visible global function definition for 'persp'
    npplot.condbandwidth: no visible global function definition for 'par'
    npplot.condbandwidth: no visible global function definition for 'lines'
    npplot.dbandwidth: no visible global function definition for 'persp'
    npplot.dbandwidth: no visible global function definition for 'par'
    npplot.dbandwidth: no visible global function definition for 'lines'
    npplot.plbandwidth: no visible global function definition for 'persp'
    npplot.plbandwidth: no visible global function definition for 'par'
    npplot.plbandwidth: no visible global function definition for 'lines'
    npplot.rbandwidth: no visible global function definition for 'persp'
    npplot.rbandwidth: no visible global function definition for 'par'
    npplot.rbandwidth: no visible global function definition for 'lines'
    npplot.scbandwidth: no visible global function definition for 'persp'
    npplot.scbandwidth: no visible global function definition for 'par'
    npplot.scbandwidth: no visible global function definition for 'lines'
    npplot.sibandwidth: no visible global function definition for 'par'
    npplot.sibandwidth: no visible global function definition for 'plot'
    npplot.sibandwidth: no visible global function definition for 'lines'
    npplregbw: no visible global function definition for 'is'
    npqcmstest : boot.wild: no visible global function definition for 'rq'
    npqcmstest : boot.wild.rademacher: no visible global function
     definition for 'rq'
    npqcmstest : boot.iid: no visible global function definition for 'rq'
    npquantile: no visible global function definition for 'extendrange'
    npregbw: no visible global function definition for 'is'
    npregiv : Kmat.lp: no visible global function definition for 'combn'
    npregivderiv : Kmat.lp: no visible global function definition for
     'combn'
    npscoefbw: no visible global function definition for 'is'
    npudensbw: no visible global function definition for 'is'
    npudistbw: no visible global function definition for 'is'
    plotFactor: no visible global function definition for 'plot'
    plotFactor: no visible global function definition for 'lines'
    plotFactor: no visible global function definition for 'points'
    printClear: no visible global function definition for 'flush.console'
    printPop: no visible global function definition for 'flush.console'
    printPush: no visible global function definition for 'flush.console'
    Undefined global functions or variables:
     boxplot.stats combn extendrange flush.console is lines par persp plot
     points rq
    Consider adding
     importFrom("grDevices", "boxplot.stats", "extendrange")
     importFrom("graphics", "lines", "par", "persp", "plot", "points")
     importFrom("methods", "is")
     importFrom("utils", "combn", "flush.console")
    to your NAMESPACE.
Flavor: r-devel-windows-ix86+x86_64

Version: 0.60-2
Check: R code for possible problems
Result: NOTE
    npqcmstest : boot.wild: no visible global function definition for ‘rq’
    npqcmstest : boot.wild.rademacher: no visible global function
     definition for ‘rq’
    npqcmstest : boot.iid: no visible global function definition for ‘rq’
Flavors: r-patched-linux-x86_64, r-patched-solaris-x86, r-release-linux-x86_64, r-release-osx-x86_64-mavericks

Version: 0.60-2
Flags: --no-examples --no-vignettes
Check: R code for possible problems
Result: NOTE
    npqcmstest : boot.wild: no visible global function definition for ‘rq’
    npqcmstest : boot.wild.rademacher: no visible global function
     definition for ‘rq’
    npqcmstest : boot.iid: no visible global function definition for ‘rq’
Flavor: r-patched-solaris-sparc

Version: 0.60-2
Flags: --no-examples --no-tests --no-vignettes
Check: R code for possible problems
Result: NOTE
    npqcmstest : boot.wild: no visible global function definition for 'rq'
    npqcmstest : boot.wild.rademacher: no visible global function
     definition for 'rq'
    npqcmstest : boot.iid: no visible global function definition for 'rq'
Flavors: r-release-windows-ix86+x86_64, r-oldrel-windows-ix86+x86_64