CRAN Package Check Results for Package np

Last updated on 2015-04-27 08:48:16.

Flavor Version Tinstall Tcheck Ttotal Status Flags
r-devel-linux-x86_64-debian-clang 0.60-2 12.81 459.45 472.26 NOTE
r-devel-linux-x86_64-debian-gcc 0.60-2 21.32 456.27 477.59 NOTE
r-devel-linux-x86_64-fedora-clang 0.60-2 902.70 NOTE
r-devel-linux-x86_64-fedora-gcc 0.60-2 858.62 NOTE
r-devel-osx-x86_64-clang 0.60-2 636.14 NOTE
r-devel-windows-ix86+x86_64 0.60-2 56.00 88.00 144.00 NOTE --no-examples --no-tests --no-vignettes
r-patched-linux-x86_64 0.60-2 21.08 456.29 477.37 NOTE
r-patched-solaris-sparc 0.60-2 847.10 NOTE --no-examples --no-vignettes
r-patched-solaris-x86 0.60-2 1284.50 NOTE
r-release-linux-x86_64 0.60-2 22.16 459.00 481.16 NOTE
r-release-osx-x86_64-mavericks 0.60-2 NOTE
r-release-osx-x86_64-snowleopard 0.60-2 NOTE
r-release-windows-ix86+x86_64 0.60-2 55.00 69.00 124.00 NOTE --no-examples --no-tests --no-vignettes
r-oldrel-windows-ix86+x86_64 0.60-2 49.00 91.00 140.00 NOTE --no-examples --no-tests --no-vignettes

Check Details

Version: 0.60-2
Check: R code for possible problems
Result: NOTE
    npqcmstest : boot.wild: no visible global function definition for ‘rq’
    npqcmstest : boot.wild.rademacher: no visible global function
     definition for ‘rq’
    npqcmstest : boot.iid: no visible global function definition for ‘rq’
Flavors: r-devel-linux-x86_64-debian-clang, r-devel-linux-x86_64-debian-gcc, r-devel-linux-x86_64-fedora-clang, r-devel-linux-x86_64-fedora-gcc, r-devel-osx-x86_64-clang, r-patched-solaris-x86, r-release-osx-x86_64-mavericks, r-release-osx-x86_64-snowleopard

Version: 0.60-2
Flags: --no-examples --no-tests --no-vignettes
Check: R code for possible problems
Result: NOTE
    npqcmstest : boot.wild: no visible global function definition for 'rq'
    npqcmstest : boot.wild.rademacher: no visible global function
     definition for 'rq'
    npqcmstest : boot.iid: no visible global function definition for 'rq'
Flavors: r-devel-windows-ix86+x86_64, r-release-windows-ix86+x86_64, r-oldrel-windows-ix86+x86_64

Version: 0.60-2
Flags: --no-examples --no-vignettes
Check: R code for possible problems
Result: NOTE
    npqcmstest : boot.wild: no visible global function definition for ‘rq’
    npqcmstest : boot.wild.rademacher: no visible global function
     definition for ‘rq’
    npqcmstest : boot.iid: no visible global function definition for ‘rq’
Flavor: r-patched-solaris-sparc

Version: 0.60-2
Check: package dependencies
Result: NOTE
    Package suggested but not available for checking: ‘quantreg’
Flavor: r-release-osx-x86_64-snowleopard

Version: 0.60-2
Check: Rd cross-references
Result: NOTE
    Package unavailable to check Rd xrefs: ‘quantreg’
Flavor: r-release-osx-x86_64-snowleopard