CRAN Package Check Results for Package npRmpi

Last updated on 2014-04-24 23:48:08.

Flavor Version Tinstall Tcheck Ttotal Status Flags
r-devel-linux-x86_64-debian-clang 0.50-1.1 9.65 73.31 82.96 OK --no-examples --no-tests --no-vignettes
r-devel-linux-x86_64-debian-gcc 0.50-1.1 15.30 72.94 88.24 OK --no-examples --no-tests --no-vignettes
r-devel-linux-x86_64-fedora-clang 0.50-1.1 157.37 NOTE
r-devel-linux-x86_64-fedora-gcc 0.50-1.1 158.30 NOTE
r-devel-osx-x86_64-clang 0.50-1.1 130.57 OK
r-devel-osx-x86_64-gcc 0.50-1.1 NOTE
r-patched-linux-x86_64 0.50-1.1 15.42 71.27 86.69 OK --no-examples --no-tests --no-vignettes
r-patched-solaris-sparc 0.50-1.1 891.50 OK
r-patched-solaris-x86 0.50-1.1 237.40 OK
r-release-linux-ix86 0.50-1.1 24.00 104.00 128.00 OK --no-examples --no-tests --no-vignettes
r-release-linux-x86_64 0.50-1.1 15.36 71.82 87.18 OK --no-examples --no-tests --no-vignettes
r-release-osx-x86_64-mavericks 0.50-1.1 ERROR
r-release-osx-x86_64-snowleopard 0.50-1.1 OK

Check Details

Version: 0.50-1.1
Check: top-level files
Result: NOTE
    Non-standard files/directories found at top level:
     ‘mknpkg.sh’ ‘npver’
Flavors: r-devel-linux-x86_64-fedora-clang, r-devel-linux-x86_64-fedora-gcc

Version: 0.50-1.1
Check: package dependencies
Result: NOTE
    Package suggested but not available for checking: ‘quantreg’
Flavor: r-devel-osx-x86_64-gcc

Version: 0.50-1.1
Check: whether package can be installed
Result: ERROR
    Installation failed.
    See ‘/Builds/CRAN-QA-Simon/packages/mavericks-x86_64/results/3.1/npRmpi.Rcheck/00install.out’ for details.
Flavor: r-release-osx-x86_64-mavericks