CRAN Package Check Results for Package npRmpi

Last updated on 2014-09-19 14:47:09.

Flavor Version Tinstall Tcheck Ttotal Status Flags
r-devel-linux-x86_64-debian-clang 0.60-2 13.90 68.05 81.94 NOTE --no-examples --no-tests --no-vignettes
r-devel-linux-x86_64-debian-gcc 0.60-2 23.13 66.48 89.61 NOTE --no-examples --no-tests --no-vignettes
r-devel-linux-x86_64-fedora-clang 0.60-2 160.35 NOTE
r-devel-linux-x86_64-fedora-gcc 0.60-2 165.33 NOTE
r-devel-osx-x86_64-clang 0.60-2 127.49 NOTE
r-devel-windows-ix86+x86_64 0.60-2 73.00 101.00 174.00 NOTE
r-patched-linux-x86_64 0.60-2 23.59 69.76 93.36 OK --no-examples --no-tests --no-vignettes
r-patched-solaris-sparc 0.60-2 1009.60 OK
r-patched-solaris-x86 0.60-2 266.90 OK
r-release-linux-ix86 0.60-2 24.45 80.71 105.16 OK --no-examples --no-tests --no-vignettes
r-release-linux-x86_64 0.60-2 24.02 73.67 97.70 OK --no-examples --no-tests --no-vignettes
r-release-osx-x86_64-mavericks 0.60-2 ERROR
r-release-osx-x86_64-snowleopard 0.60-2 OK
r-release-windows-ix86+x86_64 0.60-2 70.00 107.00 177.00 OK
r-oldrel-windows-ix86+x86_64 0.60-2 74.00 112.00 186.00 OK

Check Details

Version: 0.60-2
Flags: --no-examples --no-tests --no-vignettes
Check: R code for possible problems
Result: NOTE
    mpi.setup.rngstream: no visible global function definition for
     ‘nextRNGStream’
    mpi.universe.size: no visible global function definition for
     ‘detectCores’
    npqcmstest : boot.wild: no visible global function definition for ‘rq’
    npqcmstest : boot.wild.rademacher: no visible global function
     definition for ‘rq’
    npqcmstest : boot.iid: no visible global function definition for ‘rq’
Flavors: r-devel-linux-x86_64-debian-clang, r-devel-linux-x86_64-debian-gcc

Version: 0.60-2
Check: R code for possible problems
Result: NOTE
    mpi.setup.rngstream: no visible global function definition for
     ‘nextRNGStream’
    mpi.universe.size: no visible global function definition for
     ‘detectCores’
    npqcmstest : boot.wild: no visible global function definition for ‘rq’
    npqcmstest : boot.wild.rademacher: no visible global function
     definition for ‘rq’
    npqcmstest : boot.iid: no visible global function definition for ‘rq’
Flavors: r-devel-linux-x86_64-fedora-clang, r-devel-linux-x86_64-fedora-gcc, r-devel-osx-x86_64-clang, r-devel-windows-ix86+x86_64

Version: 0.60-2
Check: whether package can be installed
Result: ERROR
    Installation failed.
Flavor: r-release-osx-x86_64-mavericks