CRAN Package Check Results for Package npRmpi

Last updated on 2014-10-26 07:50:06.

Flavor Version Tinstall Tcheck Ttotal Status Flags
r-devel-linux-x86_64-debian-clang 0.60-2 14.08 67.80 81.88 NOTE --no-examples --no-tests --no-vignettes
r-devel-linux-x86_64-debian-gcc 0.60-2 23.72 67.22 90.94 NOTE --no-examples --no-tests --no-vignettes
r-devel-linux-x86_64-fedora-clang 0.60-2 161.78 NOTE
r-devel-linux-x86_64-fedora-gcc 0.60-2 159.45 NOTE
r-devel-osx-x86_64-clang 0.60-2 137.28 NOTE
r-devel-windows-ix86+x86_64 0.60-2 78.00 100.00 178.00 NOTE
r-patched-linux-x86_64 0.60-2 23.90 72.58 96.48 NOTE --no-examples --no-tests --no-vignettes
r-patched-solaris-sparc 0.60-2 999.30 NOTE
r-patched-solaris-x86 0.60-2 270.30 NOTE
r-release-linux-ix86 0.60-2 24.67 81.19 105.86 OK --no-examples --no-tests --no-vignettes
r-release-linux-x86_64 0.60-2 26.19 71.62 97.82 OK --no-examples --no-tests --no-vignettes
r-release-osx-x86_64-mavericks 0.60-2 ERROR
r-release-osx-x86_64-snowleopard 0.60-2 OK
r-release-windows-ix86+x86_64 0.60-2 73.00 102.00 175.00 OK
r-oldrel-windows-ix86+x86_64 0.60-2 79.00 109.00 188.00 OK

Check Details

Version: 0.60-2
Flags: --no-examples --no-tests --no-vignettes
Check: R code for possible problems
Result: NOTE
    mpi.setup.rngstream: no visible global function definition for
     ‘nextRNGStream’
    mpi.universe.size: no visible global function definition for
     ‘detectCores’
    npqcmstest : boot.wild: no visible global function definition for ‘rq’
    npqcmstest : boot.wild.rademacher: no visible global function
     definition for ‘rq’
    npqcmstest : boot.iid: no visible global function definition for ‘rq’
Flavors: r-devel-linux-x86_64-debian-clang, r-devel-linux-x86_64-debian-gcc, r-patched-linux-x86_64

Version: 0.60-2
Check: R code for possible problems
Result: NOTE
    mpi.setup.rngstream: no visible global function definition for
     ‘nextRNGStream’
    mpi.universe.size: no visible global function definition for
     ‘detectCores’
    npqcmstest : boot.wild: no visible global function definition for ‘rq’
    npqcmstest : boot.wild.rademacher: no visible global function
     definition for ‘rq’
    npqcmstest : boot.iid: no visible global function definition for ‘rq’
Flavors: r-devel-linux-x86_64-fedora-clang, r-devel-linux-x86_64-fedora-gcc, r-devel-osx-x86_64-clang, r-devel-windows-ix86+x86_64, r-patched-solaris-sparc, r-patched-solaris-x86

Version: 0.60-2
Check: whether package can be installed
Result: ERROR
    Installation failed.
Flavor: r-release-osx-x86_64-mavericks