CRAN Package Check Results for Package npRmpi

Last updated on 2014-07-26 03:50:09.

Flavor Version Tinstall Tcheck Ttotal Status Flags
r-devel-linux-x86_64-debian-clang 0.60-2 11.59 68.64 80.23 OK --no-examples --no-tests --no-vignettes
r-devel-linux-x86_64-debian-gcc 0.60-2 23.20 67.99 91.19 OK --no-examples --no-tests --no-vignettes
r-devel-linux-x86_64-fedora-clang 0.60-2 173.45 OK
r-devel-linux-x86_64-fedora-gcc 0.60-2 169.90 OK
r-devel-osx-x86_64-clang 0.60-2 135.56 OK
r-devel-windows-ix86+x86_64 0.60-2 69.00 109.00 178.00 OK
r-patched-linux-x86_64 0.60-2 23.34 68.16 91.50 OK --no-examples --no-tests --no-vignettes
r-patched-solaris-sparc 0.60-2 927.70 OK
r-patched-solaris-x86 0.60-2 270.30 OK
r-release-linux-ix86 0.60-2 24.78 80.06 104.84 OK --no-examples --no-tests --no-vignettes
r-release-linux-x86_64 0.60-2 23.56 69.98 93.53 OK --no-examples --no-tests --no-vignettes
r-release-osx-x86_64-mavericks 0.60-2 ERROR
r-release-osx-x86_64-snowleopard 0.60-2 OK
r-release-windows-ix86+x86_64 0.60-2 70.00 107.00 177.00 OK
r-oldrel-windows-ix86+x86_64 0.60-2 74.00 101.00 175.00 OK

Memtest notes: valgrind

Check Details

Version: 0.60-2
Check: whether package can be installed
Result: ERROR
    Installation failed.
    See ‘/Builds/CRAN-QA-Simon/packages/mavericks-x86_64/results/3.1/npRmpi.Rcheck/00install.out’ for details.
Flavor: r-release-osx-x86_64-mavericks