CRAN Package Check Results for Package npRmpi

Last updated on 2014-12-20 08:51:06.

Flavor Version Tinstall Tcheck Ttotal Status Flags
r-devel-linux-x86_64-debian-clang 0.60-2 13.69 69.82 83.51 NOTE --no-examples --no-tests --no-vignettes
r-devel-linux-x86_64-debian-gcc 0.60-2 23.56 67.82 91.37 NOTE --no-examples --no-tests --no-vignettes
r-devel-linux-x86_64-fedora-clang 0.60-2 169.47 NOTE
r-devel-linux-x86_64-fedora-gcc 0.60-2 152.58 NOTE
r-devel-osx-x86_64-clang 0.60-2 141.67 NOTE
r-devel-windows-ix86+x86_64 0.60-2 75.00 95.00 170.00 NOTE
r-patched-linux-x86_64 0.60-2 27.01 72.43 99.44 NOTE --no-examples --no-tests --no-vignettes
r-patched-solaris-sparc 0.60-2 999.30 NOTE
r-patched-solaris-x86 0.60-2 267.60 NOTE
r-release-linux-ix86 0.60-2 23.20 77.16 100.36 NOTE --no-examples --no-tests --no-vignettes
r-release-linux-x86_64 0.60-2 24.82 73.79 98.60 NOTE --no-examples --no-tests --no-vignettes
r-release-osx-x86_64-mavericks 0.60-2 ERROR
r-release-osx-x86_64-snowleopard 0.60-2 OK
r-release-windows-ix86+x86_64 0.60-2 77.00 114.00 191.00 NOTE
r-oldrel-windows-ix86+x86_64 0.60-2 77.00 111.00 188.00 OK

Check Details

Version: 0.60-2
Flags: --no-examples --no-tests --no-vignettes
Check: R code for possible problems
Result: NOTE
    mpi.setup.rngstream: no visible global function definition for
     ‘nextRNGStream’
    mpi.universe.size: no visible global function definition for
     ‘detectCores’
    npqcmstest : boot.wild: no visible global function definition for ‘rq’
    npqcmstest : boot.wild.rademacher: no visible global function
     definition for ‘rq’
    npqcmstest : boot.iid: no visible global function definition for ‘rq’
Flavors: r-devel-linux-x86_64-debian-clang, r-devel-linux-x86_64-debian-gcc, r-patched-linux-x86_64, r-release-linux-ix86, r-release-linux-x86_64

Version: 0.60-2
Check: R code for possible problems
Result: NOTE
    mpi.setup.rngstream: no visible global function definition for
     ‘nextRNGStream’
    mpi.universe.size: no visible global function definition for
     ‘detectCores’
    npqcmstest : boot.wild: no visible global function definition for ‘rq’
    npqcmstest : boot.wild.rademacher: no visible global function
     definition for ‘rq’
    npqcmstest : boot.iid: no visible global function definition for ‘rq’
Flavors: r-devel-linux-x86_64-fedora-clang, r-devel-linux-x86_64-fedora-gcc, r-devel-osx-x86_64-clang, r-devel-windows-ix86+x86_64, r-patched-solaris-sparc, r-patched-solaris-x86, r-release-windows-ix86+x86_64

Version: 0.60-2
Check: whether package can be installed
Result: ERROR
    Installation failed.
Flavor: r-release-osx-x86_64-mavericks