CRAN Package Check Results for Package nparLD

Last updated on 2014-11-24 05:47:37.

Flavor Version Tinstall Tcheck Ttotal Status Flags
r-devel-linux-x86_64-debian-clang 2.1 0.92 26.14 27.06 NOTE
r-devel-linux-x86_64-debian-gcc 2.1 0.90 25.61 26.52 NOTE
r-devel-linux-x86_64-fedora-clang 2.1 53.35 NOTE
r-devel-linux-x86_64-fedora-gcc 2.1 49.18 NOTE
r-devel-osx-x86_64-clang 2.1 50.45 NOTE
r-devel-windows-ix86+x86_64 2.1 3.00 37.00 40.00 NOTE
r-patched-linux-x86_64 2.1 1.13 26.84 27.97 NOTE
r-patched-solaris-sparc 2.1 301.60 NOTE
r-patched-solaris-x86 2.1 64.40 NOTE
r-release-linux-ix86 2.1 1.24 33.29 34.53 NOTE
r-release-linux-x86_64 2.1 0.96 26.71 27.67 NOTE
r-release-osx-x86_64-mavericks 2.1 NOTE
r-release-osx-x86_64-snowleopard 2.1 NOTE
r-release-windows-ix86+x86_64 2.1 3.00 43.00 46.00 NOTE
r-oldrel-windows-ix86+x86_64 2.1 3.00 40.00 43.00 NOTE

Check Details

Version: 2.1
Check: dependencies in R code
Result: NOTE
    'library' or 'require' call to ‘MASS’ which was already attached by Depends.
     Please remove these calls from your code.
    See the information on DESCRIPTION files in the chapter ‘Creating R
    packages’ of the ‘Writing R Extensions’ manual.
Flavors: r-devel-linux-x86_64-debian-clang, r-devel-linux-x86_64-debian-gcc, r-devel-linux-x86_64-fedora-clang, r-devel-linux-x86_64-fedora-gcc, r-devel-osx-x86_64-clang, r-devel-windows-ix86+x86_64, r-patched-linux-x86_64, r-patched-solaris-sparc, r-patched-solaris-x86, r-release-linux-ix86, r-release-linux-x86_64, r-release-osx-x86_64-mavericks, r-release-osx-x86_64-snowleopard, r-release-windows-ix86+x86_64, r-oldrel-windows-ix86+x86_64