CRAN Package Check Results for Package nparLD

Last updated on 2015-03-05 16:47:02.

Flavor Version Tinstall Tcheck Ttotal Status Flags
r-devel-linux-x86_64-debian-clang 2.1 0.81 24.80 25.61 NOTE
r-devel-linux-x86_64-debian-gcc 2.1 0.94 24.40 25.34 NOTE
r-devel-linux-x86_64-fedora-clang 2.1 47.56 NOTE
r-devel-linux-x86_64-fedora-gcc 2.1 44.73 NOTE
r-devel-osx-x86_64-clang 2.1 48.24 NOTE
r-devel-windows-ix86+x86_64 2.1 3.00 36.00 39.00 NOTE
r-patched-linux-x86_64 2.1 0.97 26.91 27.88 NOTE
r-patched-solaris-sparc 2.1 326.10 NOTE
r-patched-solaris-x86 2.1 64.80 NOTE
r-release-linux-ix86 2.1 1.26 34.11 35.37 NOTE
r-release-linux-x86_64 2.1 0.90 27.52 28.42 NOTE
r-release-osx-x86_64-mavericks 2.1 NOTE
r-release-osx-x86_64-snowleopard 2.1 NOTE
r-release-windows-ix86+x86_64 2.1 4.00 44.00 48.00 NOTE
r-oldrel-windows-ix86+x86_64 2.1 4.00 40.00 44.00 NOTE

Check Details

Version: 2.1
Check: dependencies in R code
Result: NOTE
    'library' or 'require' call to ‘MASS’ which was already attached by Depends.
     Please remove these calls from your code.
Flavors: r-devel-linux-x86_64-debian-clang, r-devel-linux-x86_64-debian-gcc, r-devel-linux-x86_64-fedora-clang, r-devel-linux-x86_64-fedora-gcc, r-devel-osx-x86_64-clang, r-devel-windows-ix86+x86_64, r-patched-linux-x86_64, r-patched-solaris-sparc, r-patched-solaris-x86

Version: 2.1
Check: dependencies in R code
Result: NOTE
    'library' or 'require' call to ‘MASS’ which was already attached by Depends.
     Please remove these calls from your code.
    See the information on DESCRIPTION files in the chapter ‘Creating R
    packages’ of the ‘Writing R Extensions’ manual.
Flavors: r-release-linux-ix86, r-release-linux-x86_64, r-release-osx-x86_64-mavericks, r-release-osx-x86_64-snowleopard, r-release-windows-ix86+x86_64, r-oldrel-windows-ix86+x86_64