CRAN Package Check Results for Package nparLD

Last updated on 2015-05-05 23:47:52.

Flavor Version Tinstall Tcheck Ttotal Status Flags
r-devel-linux-x86_64-debian-clang 2.1 0.80 25.36 26.16 NOTE
r-devel-linux-x86_64-debian-gcc 2.1 0.81 24.50 25.31 NOTE
r-devel-linux-x86_64-fedora-clang 2.1 48.93 NOTE
r-devel-linux-x86_64-fedora-gcc 2.1 45.05 NOTE
r-devel-osx-x86_64-clang 2.1 45.64 NOTE
r-devel-windows-ix86+x86_64 2.1 4.00 35.00 39.00 NOTE
r-patched-linux-x86_64 2.1 0.93 24.66 25.59 NOTE
r-patched-solaris-sparc 2.1 295.30 NOTE
r-patched-solaris-x86 2.1 58.20 NOTE
r-release-linux-x86_64 2.1 0.81 24.60 25.41 NOTE
r-release-osx-x86_64-mavericks 2.1 NOTE
r-release-osx-x86_64-snowleopard 2.1 NOTE
r-release-windows-ix86+x86_64 2.1 4.00 50.00 54.00 NOTE
r-oldrel-windows-ix86+x86_64 2.1 5.00 52.00 57.00 NOTE

Check Details

Version: 2.1
Check: dependencies in R code
Result: NOTE
    'library' or 'require' call to ‘MASS’ which was already attached by Depends.
     Please remove these calls from your code.
Flavors: r-devel-linux-x86_64-debian-clang, r-devel-linux-x86_64-debian-gcc, r-devel-linux-x86_64-fedora-clang, r-devel-linux-x86_64-fedora-gcc, r-devel-osx-x86_64-clang, r-devel-windows-ix86+x86_64, r-patched-linux-x86_64, r-patched-solaris-sparc, r-patched-solaris-x86, r-release-linux-x86_64, r-release-osx-x86_64-mavericks, r-release-osx-x86_64-snowleopard, r-release-windows-ix86+x86_64, r-oldrel-windows-ix86+x86_64