CRAN Package Check Results for Package nparLD

Last updated on 2014-09-19 23:46:54.

Flavor Version Tinstall Tcheck Ttotal Status Flags
r-devel-linux-x86_64-debian-clang 2.1 0.84 26.15 27.00 NOTE
r-devel-linux-x86_64-debian-gcc 2.1 0.82 25.06 25.89 NOTE
r-devel-linux-x86_64-fedora-clang 2.1 50.37 NOTE
r-devel-linux-x86_64-fedora-gcc 2.1 47.04 NOTE
r-devel-osx-x86_64-clang 2.1 47.14 NOTE
r-devel-windows-ix86+x86_64 2.1 4.00 34.00 38.00 NOTE
r-patched-linux-x86_64 2.1 0.87 26.44 27.32 NOTE
r-patched-solaris-sparc 2.1 301.60 NOTE
r-patched-solaris-x86 2.1 63.70 NOTE
r-release-linux-ix86 2.1 1.28 34.32 35.60 NOTE
r-release-linux-x86_64 2.1 0.89 28.46 29.35 NOTE
r-release-osx-x86_64-mavericks 2.1 NOTE
r-release-osx-x86_64-snowleopard 2.1 NOTE
r-release-windows-ix86+x86_64 2.1 3.00 43.00 46.00 NOTE
r-oldrel-windows-ix86+x86_64 2.1 3.00 36.00 39.00 NOTE

Check Details

Version: 2.1
Check: dependencies in R code
Result: NOTE
    'library' or 'require' call to ‘MASS’ which was already attached by Depends.
     Please remove these calls from your code.
    See the information on DESCRIPTION files in the chapter ‘Creating R
    packages’ of the ‘Writing R Extensions’ manual.
Flavors: r-devel-linux-x86_64-debian-clang, r-devel-linux-x86_64-debian-gcc, r-devel-linux-x86_64-fedora-clang, r-devel-linux-x86_64-fedora-gcc, r-devel-osx-x86_64-clang, r-devel-windows-ix86+x86_64, r-patched-linux-x86_64, r-patched-solaris-sparc, r-patched-solaris-x86, r-release-linux-ix86, r-release-linux-x86_64, r-release-osx-x86_64-mavericks, r-release-osx-x86_64-snowleopard, r-release-windows-ix86+x86_64, r-oldrel-windows-ix86+x86_64