CRAN Package Check Results for Package nparLD

Last updated on 2014-07-24 03:48:52.

Flavor Version Tinstall Tcheck Ttotal Status Flags
r-devel-linux-x86_64-debian-clang 2.1 0.93 26.13 27.06 NOTE
r-devel-linux-x86_64-debian-gcc 2.1 0.86 26.02 26.88 NOTE
r-devel-linux-x86_64-fedora-clang 2.1 54.65 NOTE
r-devel-linux-x86_64-fedora-gcc 2.1 52.84 NOTE
r-devel-osx-x86_64-clang 2.1 47.52 NOTE
r-devel-windows-ix86+x86_64 2.1 3.00 38.00 41.00 NOTE
r-patched-linux-x86_64 2.1 0.85 26.53 27.38 NOTE
r-patched-solaris-sparc 2.1 311.40 NOTE
r-patched-solaris-x86 2.1 63.70 NOTE
r-release-linux-ix86 2.1 1.26 34.16 35.42 NOTE
r-release-linux-x86_64 2.1 0.90 28.37 29.28 NOTE
r-release-osx-x86_64-mavericks 2.1 NOTE
r-release-osx-x86_64-snowleopard 2.1 NOTE
r-release-windows-ix86+x86_64 2.1 3.00 44.00 47.00 NOTE
r-oldrel-windows-ix86+x86_64 2.1 4.00 39.00 43.00 NOTE

Check Details

Version: 2.1
Check: dependencies in R code
Result: NOTE
    'library' or 'require' call to ‘MASS’ which was already attached by Depends.
     Please remove these calls from your code.
    See the information on DESCRIPTION files in the chapter ‘Creating R
    packages’ of the ‘Writing R Extensions’ manual.
Flavors: r-devel-linux-x86_64-debian-clang, r-devel-linux-x86_64-debian-gcc, r-devel-linux-x86_64-fedora-clang, r-devel-linux-x86_64-fedora-gcc, r-devel-osx-x86_64-clang, r-devel-windows-ix86+x86_64, r-patched-linux-x86_64, r-patched-solaris-sparc, r-patched-solaris-x86, r-release-linux-ix86, r-release-linux-x86_64, r-release-osx-x86_64-mavericks, r-release-osx-x86_64-snowleopard, r-release-windows-ix86+x86_64, r-oldrel-windows-ix86+x86_64