CRAN Package Check Results for Package nparLD

Last updated on 2014-12-17 19:48:51.

Flavor Version Tinstall Tcheck Ttotal Status Flags
r-devel-linux-x86_64-debian-clang 2.1 0.89 26.27 27.16 NOTE
r-devel-linux-x86_64-debian-gcc 2.1 0.87 26.14 27.02 NOTE
r-devel-linux-x86_64-fedora-clang 2.1 55.45 NOTE
r-devel-linux-x86_64-fedora-gcc 2.1 49.64 NOTE
r-devel-osx-x86_64-clang 2.1 49.90 NOTE
r-devel-windows-ix86+x86_64 2.1 4.00 38.00 42.00 NOTE
r-patched-linux-x86_64 2.1 0.94 26.90 27.84 NOTE
r-patched-solaris-sparc 2.1 301.60 NOTE
r-patched-solaris-x86 2.1 64.00 NOTE
r-release-linux-ix86 2.1 1.28 33.20 34.48 NOTE
r-release-linux-x86_64 2.1 0.94 26.69 27.63 NOTE
r-release-osx-x86_64-mavericks 2.1 NOTE
r-release-osx-x86_64-snowleopard 2.1 NOTE
r-release-windows-ix86+x86_64 2.1 4.00 41.00 45.00 NOTE
r-oldrel-windows-ix86+x86_64 2.1 4.00 43.00 47.00 NOTE

Check Details

Version: 2.1
Check: dependencies in R code
Result: NOTE
    'library' or 'require' call to ‘MASS’ which was already attached by Depends.
     Please remove these calls from your code.
    See the information on DESCRIPTION files in the chapter ‘Creating R
    packages’ of the ‘Writing R Extensions’ manual.
Flavors: r-devel-linux-x86_64-debian-clang, r-devel-linux-x86_64-debian-gcc, r-devel-linux-x86_64-fedora-clang, r-devel-linux-x86_64-fedora-gcc, r-devel-osx-x86_64-clang, r-devel-windows-ix86+x86_64, r-patched-linux-x86_64, r-patched-solaris-sparc, r-patched-solaris-x86, r-release-linux-ix86, r-release-linux-x86_64, r-release-osx-x86_64-mavericks, r-release-osx-x86_64-snowleopard, r-release-windows-ix86+x86_64, r-oldrel-windows-ix86+x86_64