CRAN Package Check Results for Package nparLD

Last updated on 2014-04-24 23:48:08.

Flavor Version Tinstall Tcheck Ttotal Status Flags
r-devel-linux-x86_64-debian-clang 2.1 0.94 27.42 28.36 NOTE
r-devel-linux-x86_64-debian-gcc 2.1 0.93 27.09 28.02 NOTE
r-devel-linux-x86_64-fedora-clang 2.1 53.94 NOTE
r-devel-linux-x86_64-fedora-gcc 2.1 51.41 NOTE
r-devel-osx-x86_64-clang 2.1 48.55 NOTE
r-devel-osx-x86_64-gcc 2.1 NOTE
r-devel-windows-ix86+x86_64 2.1 3.00 40.00 43.00 NOTE
r-patched-linux-x86_64 2.1 0.93 27.67 28.60 NOTE
r-patched-solaris-sparc 2.1 311.40 NOTE
r-patched-solaris-x86 2.1 63.90 NOTE
r-release-linux-ix86 2.1 1.00 46.00 47.00 NOTE
r-release-linux-x86_64 2.1 1.00 27.60 28.60 NOTE
r-release-osx-x86_64-mavericks 2.1 WARN
r-release-osx-x86_64-snowleopard 2.1 NOTE
r-release-windows-ix86+x86_64 2.1 3.00 41.00 44.00 NOTE
r-oldrel-windows-ix86+x86_64 2.1 4.00 39.00 43.00 NOTE

Check Details

Version: 2.1
Check: dependencies in R code
Result: NOTE
    'library' or 'require' call to ‘MASS’ which was already attached by Depends.
     Please remove these calls from your code.
    See the information on DESCRIPTION files in the chapter ‘Creating R
    packages’ of the ‘Writing R Extensions’ manual.
Flavors: r-devel-linux-x86_64-debian-clang, r-devel-linux-x86_64-debian-gcc, r-devel-linux-x86_64-fedora-clang, r-devel-linux-x86_64-fedora-gcc, r-devel-osx-x86_64-clang, r-devel-osx-x86_64-gcc, r-devel-windows-ix86+x86_64, r-patched-linux-x86_64, r-patched-solaris-sparc, r-patched-solaris-x86, r-release-linux-ix86, r-release-linux-x86_64, r-release-osx-x86_64-mavericks, r-release-osx-x86_64-snowleopard, r-release-windows-ix86+x86_64, r-oldrel-windows-ix86+x86_64

Version: 2.1
Check: PDF version of manual
Result: WARNING
    LaTeX errors when creating PDF version.
    This typically indicates Rd problems.
    LaTeX errors found:
    ! LaTeX Error: File `upquote.sty' not found.
    
    Type X to quit or <RETURN> to proceed,
    or enter new name. (Default extension: sty)
    
    a5392f1/Rd2.tex:8: ==> Fatal error occurred, no output PDF file produced!
Flavor: r-release-osx-x86_64-mavericks