CRAN Package Check Results for Package nparcomp

Last updated on 2014-09-30 05:47:42.

Flavor Version Tinstall Tcheck Ttotal Status Flags
r-devel-linux-x86_64-debian-clang 2.0 1.22 35.55 36.77 NOTE
r-devel-linux-x86_64-debian-gcc 2.0 1.49 33.87 35.36 NOTE
r-devel-linux-x86_64-fedora-clang 2.0 66.25 NOTE
r-devel-linux-x86_64-fedora-gcc 2.0 63.06 NOTE
r-devel-osx-x86_64-clang 2.0 55.72 NOTE
r-devel-windows-ix86+x86_64 2.0 6.00 54.00 60.00 NOTE
r-patched-linux-x86_64 2.0 1.31 36.32 37.63 NOTE
r-patched-solaris-sparc 2.0 363.80 NOTE
r-patched-solaris-x86 2.0 85.40 NOTE
r-release-linux-ix86 2.0 1.59 47.90 49.49 NOTE
r-release-linux-x86_64 2.0 1.17 35.94 37.11 NOTE
r-release-osx-x86_64-mavericks 2.0 NOTE
r-release-osx-x86_64-snowleopard 2.0 NOTE
r-release-windows-ix86+x86_64 2.0 5.00 54.00 59.00 NOTE
r-oldrel-windows-ix86+x86_64 2.0 5.00 58.00 63.00 NOTE

Check Details

Version: 2.0
Check: dependencies in R code
Result: NOTE
    'library' or 'require' calls to packages already attached by Depends:
     ‘multcomp’ ‘mvtnorm’
     Please remove these calls from your code.
    Packages in Depends field not imported from:
     ‘multcomp’ ‘mvtnorm’
     These packages need to be imported from (in the NAMESPACE file)
     for when this namespace is loaded but not attached.
    See the information on DESCRIPTION files in the chapter ‘Creating R
    packages’ of the ‘Writing R Extensions’ manual.
Flavors: r-devel-linux-x86_64-debian-clang, r-devel-linux-x86_64-debian-gcc, r-devel-linux-x86_64-fedora-clang, r-devel-linux-x86_64-fedora-gcc, r-devel-osx-x86_64-clang, r-devel-windows-ix86+x86_64, r-patched-linux-x86_64, r-patched-solaris-sparc, r-patched-solaris-x86, r-release-linux-ix86, r-release-linux-x86_64, r-release-osx-x86_64-mavericks, r-release-osx-x86_64-snowleopard, r-release-windows-ix86+x86_64, r-oldrel-windows-ix86+x86_64

Version: 2.0
Check: R code for possible problems
Result: NOTE
    gao: no visible global function definition for ‘contrMat’
    mctp: no visible global function definition for ‘contrMat’
    mctp: no visible global function definition for ‘pmvt’
    mctp: no visible global function definition for ‘qmvt’
    mctp: no visible global function definition for ‘pmvnorm’
    mctp: no visible global function definition for ‘qmvnorm’
    mctp.rm: no visible global function definition for ‘contrMat’
    mctp.rm: no visible global function definition for ‘pmvt’
    mctp.rm: no visible global function definition for ‘qmvt’
    mctp.rm: no visible global function definition for ‘pmvnorm’
    mctp.rm: no visible global function definition for ‘qmvnorm’
    nparcomp: no visible global function definition for ‘contrMat’
    nparcomp: no visible global function definition for ‘pmvnorm’
    nparcomp: no visible global function definition for ‘qmvnorm’
    nparcomp: no visible global function definition for ‘pmvt’
    nparcomp: no visible global function definition for ‘qmvt’
Flavors: r-devel-linux-x86_64-debian-clang, r-devel-linux-x86_64-debian-gcc, r-devel-linux-x86_64-fedora-clang, r-devel-linux-x86_64-fedora-gcc, r-devel-osx-x86_64-clang, r-devel-windows-ix86+x86_64