CRAN Package Check Results for Package nparcomp

Last updated on 2015-05-30 11:50:28.

Flavor Version Tinstall Tcheck Ttotal Status Flags
r-devel-linux-x86_64-debian-clang 2.6 1.08 41.05 42.13 OK
r-devel-linux-x86_64-debian-gcc 2.6 0.99 39.62 40.61 OK
r-devel-linux-x86_64-fedora-clang 2.6 76.41 OK
r-devel-linux-x86_64-fedora-gcc 2.6 74.11 OK
r-devel-osx-x86_64-clang 2.6 62.55 OK
r-devel-windows-ix86+x86_64 2.6 5.00 61.00 66.00 OK
r-patched-linux-x86_64 2.6 0.97 40.13 41.10 OK
r-patched-solaris-sparc 2.6 497.50 OK
r-patched-solaris-x86 2.6 94.60 OK
r-release-linux-x86_64 2.6 1.00 40.03 41.03 OK
r-release-osx-x86_64-mavericks 2.6 OK
r-release-osx-x86_64-snowleopard 2.6 ERROR
r-release-windows-ix86+x86_64 2.6 4.00 57.00 61.00 OK
r-oldrel-windows-ix86+x86_64 2.6 7.00 74.00 81.00 OK

Check Details

Version: 2.6
Check: package dependencies
Result: ERROR
    Package required but not available: ‘multcomp’
    
    See section ‘The DESCRIPTION file’ in the ‘Writing R Extensions’
    manual.
Flavor: r-release-osx-x86_64-snowleopard