CRAN Package Check Results for Package npbr

Last updated on 2015-06-30 06:47:07.

Flavor Version Tinstall Tcheck Ttotal Status Flags
r-devel-linux-x86_64-debian-clang 1.1 1.41 42.37 43.78 NOTE
r-devel-linux-x86_64-debian-gcc 1.1 1.37 41.53 42.90 NOTE
r-devel-linux-x86_64-fedora-clang 1.1 87.71 OK
r-devel-linux-x86_64-fedora-gcc 1.1 81.86 OK
r-devel-osx-x86_64-clang 1.1 77.14 OK
r-devel-windows-ix86+x86_64 1.1 13.00 98.00 111.00 NOTE
r-patched-linux-x86_64 1.1 1.40 41.19 42.59 OK
r-patched-solaris-sparc 1.1 804.90 OK
r-patched-solaris-x86 1.1 141.50 OK
r-release-linux-x86_64 1.1 1.40 42.70 44.10 OK
r-release-osx-x86_64-mavericks 1.1 OK
r-release-windows-ix86+x86_64 1.1 11.00 154.00 165.00 OK
r-oldrel-windows-ix86+x86_64 1.1 15.00 174.00 189.00 OK

Check Details

Version: 1.1
Check: R code for possible problems
Result: NOTE
    .d2deri: no visible global function definition for ‘dnorm’
    .dderi: no visible global function definition for ‘dnorm’
    .fitMat: no visible global function definition for ‘dnorm’
    .fitMat_nw: no visible global function definition for ‘dnorm’
    cub_spline_est: no visible global function definition for ‘quantile’
    dea_est: no visible global function definition for ‘median’
    dea_est: no visible global function definition for ‘approx’
    kern_smooth: no visible global function definition for ‘pnorm’
    kern_smooth_bw: no visible global function definition for ‘dnorm’
    kopt_momt_pick: no visible global function definition for ‘sd’
    loc_est_bw: no visible global function definition for ‘dist’
    loc_est_bw: no visible global function definition for ‘rpois’
    loc_est_bw: no visible global function definition for ‘runif’
    mopt_pwm: no visible global function definition for ‘sd’
    quad_spline_est: no visible global function definition for ‘quantile’
    rho_momt_pick: no visible global function definition for ‘sd’
    rho_pwm: no visible global function definition for ‘txtProgressBar’
    rho_pwm: no visible global function definition for ‘sd’
    rho_pwm: no visible global function definition for ‘setTxtProgressBar’
Flavors: r-devel-linux-x86_64-debian-clang, r-devel-linux-x86_64-debian-gcc, r-devel-windows-ix86+x86_64