CRAN Package Check Results for Package npbr

Last updated on 2018-09-22 14:46:33 CEST.

Flavor Version Tinstall Tcheck Ttotal Status Flags
r-devel-linux-x86_64-debian-clang 1.6 7.91 142.11 150.02 OK
r-devel-linux-x86_64-debian-gcc 1.6 6.17 112.47 118.64 OK
r-devel-linux-x86_64-fedora-clang 1.6 175.97 OK
r-devel-linux-x86_64-fedora-gcc 1.6 176.38 OK
r-devel-windows-ix86+x86_64 1.6 21.00 194.00 215.00 OK
r-patched-linux-x86_64 1.6 6.18 131.84 138.02 NOTE
r-patched-solaris-x86 1.6 227.50 OK
r-release-linux-x86_64 1.6 7.57 130.24 137.81 NOTE
r-release-windows-ix86+x86_64 1.6 13.00 229.00 242.00 OK
r-release-osx-x86_64 1.6 OK
r-oldrel-windows-ix86+x86_64 1.6 12.00 229.00 241.00 OK
r-oldrel-osx-x86_64 1.6 OK

Check Details

Version: 1.6
Check: DESCRIPTION meta-information
Result: NOTE
    Dependence on R version ‘3.3.1’ not with patchlevel 0
Flavors: r-patched-linux-x86_64, r-release-linux-x86_64