CRAN Package Check Results for Package npbr

Last updated on 2017-09-22 19:46:58.

Flavor Version Tinstall Tcheck Ttotal Status Flags
r-devel-linux-x86_64-debian-clang 1.6 3.66 83.65 87.32 OK
r-devel-linux-x86_64-debian-gcc 1.6 3.94 83.74 87.68 OK
r-devel-linux-x86_64-fedora-clang 1.6 182.05 OK
r-devel-linux-x86_64-fedora-gcc 1.6 182.47 OK
r-devel-windows-ix86+x86_64 1.6 10.00 178.00 188.00 OK
r-patched-linux-x86_64 1.6 3.79 81.50 85.29 OK
r-patched-solaris-x86 1.6 232.40 OK
r-release-linux-x86_64 1.6 3.85 82.10 85.95 OK
r-release-windows-ix86+x86_64 1.6 12.00 170.00 182.00 OK
r-release-osx-x86_64 1.6 ERROR
r-oldrel-windows-ix86+x86_64 1.6 11.00 157.00 168.00 OK
r-oldrel-osx-x86_64 1.6 OK

Check Details

Version: 1.6
Check: package dependencies
Result: ERROR
    Package required but not available: ‘Rglpk’
    
    See section ‘The DESCRIPTION file’ in the ‘Writing R Extensions’
    manual.
Flavor: r-release-osx-x86_64