CRAN Package Check Results for Package npbr

Last updated on 2017-02-26 19:53:58.

Flavor Version Tinstall Tcheck Ttotal Status Flags
r-devel-linux-x86_64-debian-clang 1.4 1.51 32.48 33.99 NOTE
r-devel-linux-x86_64-debian-gcc 1.4 1.61 32.68 34.29 NOTE
r-devel-linux-x86_64-fedora-clang 1.4 65.80 NOTE --no-stop-on-test-error
r-devel-linux-x86_64-fedora-gcc 1.4 61.46 NOTE --no-stop-on-test-error
r-devel-macos-x86_64-clang 1.4 51.71 NOTE --no-stop-on-test-error
r-devel-windows-ix86+x86_64 1.4 6.00 152.00 158.00 OK
r-patched-linux-x86_64 1.4 1.48 29.34 30.82 OK
r-patched-solaris-sparc 1.4 406.80 OK
r-patched-solaris-x86 1.4 72.00 OK
r-release-linux-x86_64 1.4 1.48 29.65 31.14 OK
r-release-osx-x86_64-mavericks 1.4 OK
r-release-windows-ix86+x86_64 1.4 13.00 97.00 110.00 OK
r-oldrel-windows-ix86+x86_64 1.4 9.00 186.00 195.00 OK

Check Details

Version: 1.4
Check: compiled code
Result: NOTE
    File ‘npbr/libs/npbr.so’:
     Found no calls to: ‘R_registerRoutines’, ‘R_useDynamicSymbols’
    
    It is good practice to register native routines and to disable symbol
    search.
    
    See ‘Writing portable packages’ in the ‘Writing R Extensions’ manual.
Flavors: r-devel-linux-x86_64-debian-clang, r-devel-linux-x86_64-debian-gcc

Version: 1.4
Flags: --no-stop-on-test-error
Check: compiled code
Result: NOTE
    File ‘npbr/libs/npbr.so’:
     Found no calls to: ‘R_registerRoutines’, ‘R_useDynamicSymbols’
    
    It is good practice to register native routines and to disable symbol
    search.
    
    See ‘Writing portable packages’ in the ‘Writing R Extensions’ manual.
Flavors: r-devel-linux-x86_64-fedora-clang, r-devel-linux-x86_64-fedora-gcc, r-devel-macos-x86_64-clang