CRAN Package Check Results for Package npbr

Last updated on 2017-07-23 17:47:18.

Flavor Version Tinstall Tcheck Ttotal Status Flags
r-devel-linux-x86_64-debian-clang 1.5 3.80 95.68 99.48 OK
r-devel-linux-x86_64-debian-gcc 1.5 3.58 92.39 95.98 OK
r-devel-linux-x86_64-fedora-clang 1.5 183.40 OK
r-devel-linux-x86_64-fedora-gcc 1.5 179.63 OK
r-devel-windows-ix86+x86_64 1.5 17.00 187.00 204.00 OK
r-patched-linux-x86_64 1.5 3.77 90.08 93.85 OK
r-patched-solaris-x86 1.5 231.10 OK
r-release-linux-x86_64 1.5 3.80 89.20 93.00 OK
r-release-windows-ix86+x86_64 1.5 13.00 217.00 230.00 OK
r-release-osx-x86_64 1.5 ERROR
r-oldrel-windows-ix86+x86_64 1.5 15.00 210.00 225.00 OK
r-oldrel-osx-x86_64 1.5 OK

Check Details

Version: 1.5
Check: package dependencies
Result: ERROR
    Package required but not available: ‘Rglpk’
    
    See section ‘The DESCRIPTION file’ in the ‘Writing R Extensions’
    manual.
Flavor: r-release-osx-x86_64