CRAN Package Check Results for Package npbr

Last updated on 2017-11-24 20:50:57 CET.

Flavor Version Tinstall Tcheck Ttotal Status Flags
r-devel-linux-x86_64-debian-clang 1.6 4.97 170.14 175.11 OK
r-devel-linux-x86_64-debian-gcc 1.6 4.50 152.31 156.81 OK
r-devel-linux-x86_64-fedora-clang 1.6 162.49 OK
r-devel-linux-x86_64-fedora-gcc 1.6 162.20 OK
r-devel-windows-ix86+x86_64 1.6 11.00 232.00 243.00 OK
r-patched-linux-x86_64 1.6 5.38 184.22 189.60 OK
r-patched-solaris-x86 1.6 233.40 OK
r-release-linux-x86_64 1.6 4.73 181.00 185.73 OK
r-release-windows-ix86+x86_64 1.6 13.00 167.00 180.00 OK
r-release-osx-x86_64 1.6 ERROR
r-oldrel-windows-ix86+x86_64 1.6 17.00 217.00 234.00 OK
r-oldrel-osx-x86_64 1.6 OK

Check Details

Version: 1.6
Check: package dependencies
Result: ERROR
    Package required but not available: ‘Rglpk’
    
    See section ‘The DESCRIPTION file’ in the ‘Writing R Extensions’
    manual.
Flavor: r-release-osx-x86_64