CRAN Package Check Results for Package npbr

Last updated on 2018-06-24 18:46:45 CEST.

Flavor Version Tinstall Tcheck Ttotal Status Flags
r-devel-linux-x86_64-debian-clang 1.6 8.93 142.44 151.37 OK
r-devel-linux-x86_64-debian-gcc 1.6 6.84 111.94 118.78 OK
r-devel-linux-x86_64-fedora-clang 1.6 178.54 OK
r-devel-linux-x86_64-fedora-gcc 1.6 172.38 OK
r-devel-windows-ix86+x86_64 1.6 22.00 193.00 215.00 OK
r-patched-linux-x86_64 1.6 7.68 131.75 139.43 NOTE
r-patched-solaris-x86 1.6 232.30 OK
r-release-linux-x86_64 1.6 5.51 131.52 137.03 NOTE
r-release-windows-ix86+x86_64 1.6 18.00 245.00 263.00 OK
r-release-osx-x86_64 1.6 ERROR
r-oldrel-windows-ix86+x86_64 1.6 17.00 246.00 263.00 OK
r-oldrel-osx-x86_64 1.6 ERROR

Check Details

Version: 1.6
Check: DESCRIPTION meta-information
Result: NOTE
    Dependence on R version ‘3.3.1’ not with patchlevel 0
Flavors: r-patched-linux-x86_64, r-release-linux-x86_64

Version: 1.6
Check: package dependencies
Result: ERROR
    Package required but not available: ‘Rglpk’
    
    See section ‘The DESCRIPTION file’ in the ‘Writing R Extensions’
    manual.
Flavors: r-release-osx-x86_64, r-oldrel-osx-x86_64