CRAN Package Check Results for Package npbr

Last updated on 2017-03-29 22:47:15.

Flavor Version Tinstall Tcheck Ttotal Status Flags
r-devel-linux-x86_64-debian-clang 1.4 1.72 32.51 34.23 NOTE
r-devel-linux-x86_64-debian-gcc 1.4 1.60 32.04 33.63 NOTE
r-devel-linux-x86_64-fedora-clang 1.4 63.30 NOTE --no-stop-on-test-error
r-devel-linux-x86_64-fedora-gcc 1.4 61.03 NOTE --no-stop-on-test-error
r-devel-macos-x86_64-clang 1.4 51.18 NOTE --no-stop-on-test-error
r-devel-windows-ix86+x86_64 1.4 7.00 125.00 132.00 OK
r-patched-linux-x86_64 1.4 1.62 32.26 33.87 NOTE
r-patched-solaris-sparc 1.4 452.10 OK
r-patched-solaris-x86 1.4 82.00 OK
r-release-linux-x86_64 1.4 1.46 28.86 30.31 OK
r-release-osx-x86_64-mavericks 1.4 OK
r-release-windows-ix86+x86_64 1.4 12.00 97.00 109.00 OK
r-oldrel-windows-ix86+x86_64 1.4 21.00 89.00 110.00 OK

Check Details

Version: 1.4
Check: compiled code
Result: NOTE
    File ‘npbr/libs/npbr.so’:
     Found no calls to: ‘R_registerRoutines’, ‘R_useDynamicSymbols’
    
    It is good practice to register native routines and to disable symbol
    search.
    
    See ‘Writing portable packages’ in the ‘Writing R Extensions’ manual.
Flavors: r-devel-linux-x86_64-debian-clang, r-devel-linux-x86_64-debian-gcc, r-patched-linux-x86_64

Version: 1.4
Flags: --no-stop-on-test-error
Check: compiled code
Result: NOTE
    File ‘npbr/libs/npbr.so’:
     Found no calls to: ‘R_registerRoutines’, ‘R_useDynamicSymbols’
    
    It is good practice to register native routines and to disable symbol
    search.
    
    See ‘Writing portable packages’ in the ‘Writing R Extensions’ manual.
Flavors: r-devel-linux-x86_64-fedora-clang, r-devel-linux-x86_64-fedora-gcc, r-devel-macos-x86_64-clang