CRAN Package Check Results for Package npbr

Last updated on 2015-03-01 03:48:41.

Flavor Version Tinstall Tcheck Ttotal Status Flags
r-devel-linux-x86_64-debian-clang 1.0 0.86 36.51 37.36 NOTE
r-devel-linux-x86_64-debian-gcc 1.0 0.72 38.85 39.57 NOTE
r-devel-linux-x86_64-fedora-clang 1.0 79.98 NOTE
r-devel-linux-x86_64-fedora-gcc 1.0 77.21 NOTE
r-devel-osx-x86_64-clang 1.0 73.05 NOTE
r-devel-windows-ix86+x86_64 1.0 3.00 63.00 66.00 NOTE
r-patched-linux-x86_64 1.0 1.04 45.22 46.27 OK
r-patched-solaris-sparc 1.0 948.40 OK
r-patched-solaris-x86 1.0 130.40 OK
r-release-linux-ix86 1.0 1.26 59.55 60.81 OK
r-release-linux-x86_64 1.0 1.02 45.12 46.13 OK
r-release-osx-x86_64-mavericks 1.0 OK
r-release-osx-x86_64-snowleopard 1.0 OK
r-release-windows-ix86+x86_64 1.0 4.00 67.00 71.00 OK
r-oldrel-windows-ix86+x86_64 1.0 5.00 68.00 73.00 OK

Check Details

Version: 1.0
Check: DESCRIPTION meta-information
Result: NOTE
    Malformed Description field: should contain one or more complete sentences.
Flavors: r-devel-linux-x86_64-debian-clang, r-devel-linux-x86_64-debian-gcc, r-devel-linux-x86_64-fedora-clang, r-devel-linux-x86_64-fedora-gcc, r-devel-osx-x86_64-clang, r-devel-windows-ix86+x86_64