CRAN Package Check Results for Package npbr

Last updated on 2018-12-11 05:49:30 CET.

Flavor Version Tinstall Tcheck Ttotal Status Flags
r-devel-linux-x86_64-debian-clang 1.6 6.86 131.29 138.15 OK
r-devel-linux-x86_64-debian-gcc 1.6 5.60 104.19 109.79 OK
r-devel-linux-x86_64-fedora-clang 1.6 163.61 OK
r-devel-linux-x86_64-fedora-gcc 1.6 164.98 OK
r-devel-windows-ix86+x86_64 1.6 18.00 228.00 246.00 OK
r-patched-linux-x86_64 1.6 6.27 129.85 136.12 NOTE
r-patched-solaris-x86 1.6 238.10 OK
r-release-linux-x86_64 1.6 7.84 131.12 138.96 NOTE
r-release-windows-ix86+x86_64 1.6 15.00 166.00 181.00 OK
r-release-osx-x86_64 1.6 OK
r-oldrel-windows-ix86+x86_64 1.6 14.00 221.00 235.00 OK
r-oldrel-osx-x86_64 1.6 OK

Check Details

Version: 1.6
Check: DESCRIPTION meta-information
Result: NOTE
    Dependence on R version ‘3.3.1’ not with patchlevel 0
Flavors: r-patched-linux-x86_64, r-release-linux-x86_64