CRAN Package Check Results for Package npde

Last updated on 2015-04-26 00:47:31.

Flavor Version Tinstall Tcheck Ttotal Status Flags
r-devel-linux-x86_64-debian-clang 2.0 3.53 34.76 38.29 NOTE
r-devel-linux-x86_64-debian-gcc 2.0 3.49 34.06 37.55 NOTE
r-devel-linux-x86_64-fedora-clang 2.0 75.97 NOTE
r-devel-linux-x86_64-fedora-gcc 2.0 69.06 NOTE
r-devel-osx-x86_64-clang 2.0 66.72 NOTE
r-devel-windows-ix86+x86_64 2.0 9.00 53.00 62.00 NOTE
r-patched-linux-x86_64 2.0 3.48 34.08 37.56 NOTE
r-patched-solaris-sparc 2.0 473.90 NOTE
r-patched-solaris-x86 2.0 90.00 NOTE
r-release-linux-x86_64 2.0 3.50 34.99 38.49 NOTE
r-release-osx-x86_64-mavericks 2.0 NOTE
r-release-osx-x86_64-snowleopard 2.0 NOTE
r-release-windows-ix86+x86_64 2.0 8.00 50.00 58.00 NOTE
r-oldrel-windows-ix86+x86_64 2.0 8.00 55.00 63.00 NOTE

Check Details

Version: 2.0
Check: DESCRIPTION meta-information
Result: NOTE
    Malformed Description field: should contain one or more complete sentences.
Flavors: r-devel-windows-ix86+x86_64, r-release-windows-ix86+x86_64

Version: 2.0
Check: dependencies in R code
Result: NOTE
    Namespace in Imports field not imported from: 'stats'
     All declared Imports should be used.
    Packages in Depends field not imported from:
     'mclust' 'methods'
     These packages need to be imported from (in the NAMESPACE file)
     for when this namespace is loaded but not attached.
Flavors: r-devel-windows-ix86+x86_64, r-release-windows-ix86+x86_64, r-oldrel-windows-ix86+x86_64

Version: 2.0
Check: R code for possible problems
Result: NOTE
    File 'npde/R/zzz.R':
     .onLoad calls:
     packageStartupMessage(" Loading library npde, version 2.0, August 2012\n please direct bugs, questions and feedback to emmanuelle.comets@inserm.fr\n")
    
    See section 'Good practice' in '?.onAttach'.
    
    npde.binning: no visible global function definition for 'Mclust'
Flavors: r-devel-windows-ix86+x86_64, r-release-windows-ix86+x86_64, r-oldrel-windows-ix86+x86_64