CRAN Package Check Results for Package npde

Last updated on 2014-12-21 18:52:10.

Flavor Version Tinstall Tcheck Ttotal Status Flags
r-devel-linux-x86_64-debian-clang 2.0 3.77 37.86 41.62 NOTE
r-devel-linux-x86_64-debian-gcc 2.0 3.60 35.22 38.82 NOTE
r-devel-linux-x86_64-fedora-clang 2.0 87.24 NOTE
r-devel-linux-x86_64-fedora-gcc 2.0 77.27 NOTE
r-devel-osx-x86_64-clang 2.0 73.41 NOTE
r-devel-windows-ix86+x86_64 2.0 10.00 75.00 85.00 NOTE
r-patched-linux-x86_64 2.0 4.85 38.42 43.28 NOTE
r-patched-solaris-sparc 2.0 469.20 NOTE
r-patched-solaris-x86 2.0 99.90 NOTE
r-release-linux-ix86 2.0 5.12 44.58 49.70 NOTE
r-release-linux-x86_64 2.0 3.58 38.44 42.02 NOTE
r-release-osx-x86_64-mavericks 2.0 NOTE
r-release-osx-x86_64-snowleopard 2.0 NOTE
r-release-windows-ix86+x86_64 2.0 8.00 60.00 68.00 NOTE
r-oldrel-windows-ix86+x86_64 2.0 8.00 50.00 58.00 NOTE

Check Details

Version: 2.0
Check: top-level files
Result: NOTE
    Non-standard file/directory found at top level:
     ‘doc’
Flavors: r-devel-linux-x86_64-debian-clang, r-devel-linux-x86_64-debian-gcc, r-devel-linux-x86_64-fedora-clang, r-devel-linux-x86_64-fedora-gcc, r-patched-linux-x86_64, r-release-linux-x86_64

Version: 2.0
Check: dependencies in R code
Result: NOTE
    Namespace in Imports field not imported from: ‘stats’
     All declared Imports should be used.
    Packages in Depends field not imported from:
     ‘mclust’ ‘methods’
     These packages need to be imported from (in the NAMESPACE file)
     for when this namespace is loaded but not attached.
    See the information on DESCRIPTION files in the chapter ‘Creating R
    packages’ of the ‘Writing R Extensions’ manual.
Flavors: r-devel-linux-x86_64-debian-clang, r-devel-linux-x86_64-debian-gcc, r-devel-linux-x86_64-fedora-clang, r-devel-linux-x86_64-fedora-gcc, r-devel-osx-x86_64-clang, r-devel-windows-ix86+x86_64, r-patched-linux-x86_64, r-patched-solaris-sparc, r-patched-solaris-x86, r-release-linux-ix86, r-release-linux-x86_64, r-release-osx-x86_64-mavericks, r-release-windows-ix86+x86_64, r-oldrel-windows-ix86+x86_64

Version: 2.0
Check: R code for possible problems
Result: NOTE
    File ‘npde/R/zzz.R’:
     .onLoad calls:
     packageStartupMessage(" Loading library npde, version 2.0, August 2012\n please direct bugs, questions and feedback to emmanuelle.comets@inserm.fr\n")
    
    See section ‘Good practice’ in '?.onAttach'.
    
    npde.binning: no visible global function definition for ‘Mclust’
Flavors: r-devel-linux-x86_64-debian-clang, r-devel-linux-x86_64-debian-gcc, r-devel-linux-x86_64-fedora-clang, r-devel-linux-x86_64-fedora-gcc, r-devel-osx-x86_64-clang, r-devel-windows-ix86+x86_64, r-patched-linux-x86_64, r-patched-solaris-sparc, r-patched-solaris-x86, r-release-linux-ix86, r-release-linux-x86_64, r-release-windows-ix86+x86_64

Version: 2.0
Check: Rd line widths
Result: NOTE
    Rd file 'dist.pred.sim.Rd':
     \examples lines wider than 100 characters:
     # defaults to computing the pd and npde for 100 simulated datasets (in the theophylline example, this uses all the simulated datasets)
    
    Rd file 'virload.Rd':
     \examples lines wider than 100 characters:
     plot(Log_VL~Time,data=virload,xlab="Time (d)",ylab="Viral loads, base 10 logarithmic scale (cp/mL)")
     plot(Log_VL~Time,data=virload50,xlab="Time (d)",ylab="Viral loads, base 10 logarithmic scale (cp/mL)")
    
    These lines will be truncated in the PDF manual.
Flavors: r-devel-linux-x86_64-debian-clang, r-devel-linux-x86_64-debian-gcc, r-devel-linux-x86_64-fedora-clang, r-devel-linux-x86_64-fedora-gcc, r-patched-linux-x86_64, r-release-linux-x86_64

Version: 2.0
Check: R code for possible problems
Result: NOTE
    File ‘npde/R/zzz.R’:
     .onLoad calls:
     packageStartupMessage(" Loading library npde, version 2.0, August 2012\n please direct bugs, questions and feedback to emmanuelle.comets@inserm.fr\n")
    
    See section ‘Good practice’ in '?.onAttach'.
Flavors: r-release-osx-x86_64-mavericks, r-release-osx-x86_64-snowleopard, r-oldrel-windows-ix86+x86_64

Version: 2.0
Check: dependencies in R code
Result: NOTE
    Namespace in Imports field not imported from: 'stats'
     All declared Imports should be used.
    Packages in Depends field not imported from:
     'mclust' 'methods'
     These packages need to be imported from for the case when
     this namespace is loaded but not attached.
    See the information on DESCRIPTION files in the chapter 'Creating R
    packages' of the 'Writing R Extensions' manual.
Flavor: r-release-osx-x86_64-snowleopard