CRAN Package Check Results for Package npmlreg

Last updated on 2017-04-24 10:47:32.

Flavor Version Tinstall Tcheck Ttotal Status Flags
r-devel-linux-x86_64-debian-clang 0.46-1 0.88 31.80 32.68 NOTE
r-devel-linux-x86_64-debian-gcc 0.46-1 0.77 30.51 31.28 NOTE
r-devel-linux-x86_64-fedora-clang 0.46-1 59.34 NOTE --no-stop-on-test-error
r-devel-linux-x86_64-fedora-gcc 0.46-1 55.34 NOTE --no-stop-on-test-error
r-devel-windows-ix86+x86_64 0.46-1 6.00 74.00 80.00 NOTE
r-patched-linux-x86_64 0.46-1 0.82 30.17 31.00 NOTE
r-patched-solaris-sparc 0.46-1 347.40 NOTE
r-patched-solaris-x86 0.46-1 68.10 NOTE
r-release-linux-x86_64 0.46-1 0.74 29.89 30.63 NOTE
r-release-windows-ix86+x86_64 0.46-1 3.00 57.00 60.00 NOTE
r-release-osx-x86_64 0.46-1 NOTE
r-oldrel-windows-ix86+x86_64 0.46-1 3.00 53.00 56.00 NOTE
r-oldrel-osx-x86_64 0.46-1 NOTE

Check Details

Version: 0.46-1
Check: DESCRIPTION meta-information
Result: NOTE
    Malformed Description field: should contain one or more complete sentences.
Flavors: r-devel-linux-x86_64-debian-clang, r-devel-linux-x86_64-debian-gcc, r-devel-windows-ix86+x86_64, r-patched-linux-x86_64, r-patched-solaris-sparc, r-patched-solaris-x86, r-release-linux-x86_64, r-release-windows-ix86+x86_64, r-release-osx-x86_64, r-oldrel-windows-ix86+x86_64, r-oldrel-osx-x86_64

Version: 0.46-1
Flags: --no-stop-on-test-error
Check: DESCRIPTION meta-information
Result: NOTE
    Malformed Description field: should contain one or more complete sentences.
Flavors: r-devel-linux-x86_64-fedora-clang, r-devel-linux-x86_64-fedora-gcc