CRAN Package Check Results for Package npmlreg

Last updated on 2017-01-17 11:50:29.

Flavor Version Tinstall Tcheck Ttotal Status Flags
r-devel-linux-x86_64-debian-clang 0.46-1 0.78 31.12 31.90 NOTE
r-devel-linux-x86_64-debian-gcc 0.46-1 0.91 30.68 31.59 NOTE
r-devel-linux-x86_64-fedora-clang 0.46-1 57.01 NOTE --no-stop-on-test-error
r-devel-linux-x86_64-fedora-gcc 0.46-1 55.27 NOTE --no-stop-on-test-error
r-devel-macos-x86_64-clang 0.46-1 44.21 NOTE --no-stop-on-test-error
r-devel-windows-ix86+x86_64 0.46-1 6.00 57.00 63.00 NOTE
r-patched-linux-x86_64 0.46-1 0.76 24.99 25.75 NOTE
r-patched-solaris-sparc 0.46-1 311.50 NOTE
r-patched-solaris-x86 0.46-1 61.10 NOTE
r-release-linux-x86_64 0.46-1 0.74 25.67 26.41 NOTE
r-release-osx-x86_64-mavericks 0.46-1 NOTE
r-release-windows-ix86+x86_64 0.46-1 5.00 69.00 74.00 NOTE
r-oldrel-windows-ix86+x86_64 0.46-1 3.00 79.00 82.00 NOTE

Check Details

Version: 0.46-1
Check: DESCRIPTION meta-information
Result: NOTE
    Malformed Description field: should contain one or more complete sentences.
Flavors: r-devel-linux-x86_64-debian-clang, r-devel-linux-x86_64-debian-gcc, r-devel-windows-ix86+x86_64, r-patched-linux-x86_64, r-patched-solaris-sparc, r-patched-solaris-x86, r-release-linux-x86_64, r-release-osx-x86_64-mavericks, r-release-windows-ix86+x86_64, r-oldrel-windows-ix86+x86_64

Version: 0.46-1
Flags: --no-stop-on-test-error
Check: DESCRIPTION meta-information
Result: NOTE
    Malformed Description field: should contain one or more complete sentences.
Flavors: r-devel-linux-x86_64-fedora-clang, r-devel-linux-x86_64-fedora-gcc, r-devel-macos-x86_64-clang