CRAN Package Check Results for Package npmlreg

Last updated on 2015-04-28 08:50:26.

Flavor Version Tinstall Tcheck Ttotal Status Flags
r-devel-linux-x86_64-debian-clang 0.46-1 0.79 31.69 32.48 NOTE
r-devel-linux-x86_64-debian-gcc 0.46-1 0.75 32.15 32.90 NOTE
r-devel-linux-x86_64-fedora-clang 0.46-1 66.01 NOTE
r-devel-linux-x86_64-fedora-gcc 0.46-1 62.60 NOTE
r-devel-osx-x86_64-clang 0.46-1 60.57 NOTE
r-devel-windows-ix86+x86_64 0.46-1 3.00 48.00 51.00 NOTE
r-patched-linux-x86_64 0.46-1 0.80 31.57 32.38 NOTE
r-patched-solaris-sparc 0.46-1 411.30 NOTE
r-patched-solaris-x86 0.46-1 79.90 NOTE
r-release-linux-x86_64 0.46-1 0.98 32.11 33.09 NOTE
r-release-osx-x86_64-mavericks 0.46-1 NOTE
r-release-osx-x86_64-snowleopard 0.46-1 NOTE
r-release-windows-ix86+x86_64 0.46-1 3.00 45.00 48.00 NOTE
r-oldrel-windows-ix86+x86_64 0.46-1 2.00 51.00 53.00 OK

Check Details

Version: 0.46-1
Check: DESCRIPTION meta-information
Result: NOTE
    Malformed Description field: should contain one or more complete sentences.
Flavors: r-devel-linux-x86_64-debian-clang, r-devel-linux-x86_64-debian-gcc, r-devel-linux-x86_64-fedora-clang, r-devel-linux-x86_64-fedora-gcc, r-devel-osx-x86_64-clang, r-devel-windows-ix86+x86_64, r-patched-solaris-sparc, r-patched-solaris-x86, r-release-linux-x86_64, r-release-osx-x86_64-mavericks, r-release-osx-x86_64-snowleopard, r-release-windows-ix86+x86_64