CRAN Package Check Results for Package npmlreg

Last updated on 2016-02-08 14:47:09.

Flavor Version Tinstall Tcheck Ttotal Status Flags
r-devel-linux-x86_64-debian-gcc 0.46-1 0.72 24.20 24.92 NOTE
r-devel-linux-x86_64-fedora-clang 0.46-1 50.33 NOTE
r-devel-linux-x86_64-fedora-gcc 0.46-1 46.23 NOTE
r-devel-osx-x86_64-clang 0.46-1 52.71 NOTE
r-devel-windows-ix86+x86_64 0.46-1 5.00 58.00 63.00 NOTE
r-patched-linux-x86_64 0.46-1 0.86 31.16 32.02 NOTE
r-patched-solaris-sparc 0.46-1 378.10 NOTE
r-patched-solaris-x86 0.46-1 77.60 NOTE
r-release-linux-x86_64 0.46-1 0.81 31.21 32.02 NOTE
r-release-osx-x86_64-mavericks 0.46-1 NOTE
r-release-windows-ix86+x86_64 0.46-1 4.00 56.00 60.00 NOTE
r-oldrel-windows-ix86+x86_64 0.46-1 6.00 58.00 64.00 OK

Check Details

Version: 0.46-1
Check: DESCRIPTION meta-information
Result: NOTE
    Malformed Description field: should contain one or more complete sentences.
Flavors: r-devel-linux-x86_64-debian-gcc, r-devel-linux-x86_64-fedora-clang, r-devel-linux-x86_64-fedora-gcc, r-devel-osx-x86_64-clang, r-devel-windows-ix86+x86_64, r-patched-linux-x86_64, r-patched-solaris-sparc, r-patched-solaris-x86, r-release-linux-x86_64, r-release-osx-x86_64-mavericks, r-release-windows-ix86+x86_64