CRAN Package Check Results for Package npmlreg

Last updated on 2015-02-28 12:51:19.

Flavor Version Tinstall Tcheck Ttotal Status Flags
r-devel-linux-x86_64-debian-clang 0.46-1 0.86 31.86 32.72 NOTE
r-devel-linux-x86_64-debian-gcc 0.46-1 0.86 30.48 31.34 NOTE
r-devel-linux-x86_64-fedora-clang 0.46-1 64.62 NOTE
r-devel-linux-x86_64-fedora-gcc 0.46-1 61.44 NOTE
r-devel-osx-x86_64-clang 0.46-1 61.97 NOTE
r-devel-windows-ix86+x86_64 0.46-1 5.00 46.00 51.00 NOTE
r-patched-linux-x86_64 0.46-1 0.93 35.12 36.05 OK
r-patched-solaris-sparc 0.46-1 412.10 OK
r-patched-solaris-x86 0.46-1 87.20 OK
r-release-linux-ix86 0.46-1 1.24 44.64 45.88 OK
r-release-linux-x86_64 0.46-1 0.83 34.70 35.53 OK
r-release-osx-x86_64-mavericks 0.46-1 OK
r-release-osx-x86_64-snowleopard 0.46-1 OK
r-release-windows-ix86+x86_64 0.46-1 4.00 49.00 53.00 OK
r-oldrel-windows-ix86+x86_64 0.46-1 4.00 53.00 57.00 OK

Check Details

Version: 0.46-1
Check: DESCRIPTION meta-information
Result: NOTE
    Malformed Description field: should contain one or more complete sentences.
Flavors: r-devel-linux-x86_64-debian-clang, r-devel-linux-x86_64-debian-gcc, r-devel-linux-x86_64-fedora-clang, r-devel-linux-x86_64-fedora-gcc, r-devel-osx-x86_64-clang, r-devel-windows-ix86+x86_64