CRAN Package Check Results for Package npmlreg

Last updated on 2016-08-28 09:50:40.

Flavor Version Tinstall Tcheck Ttotal Status Flags
r-devel-linux-x86_64-debian-clang 0.46-1 0.72 25.93 26.65 NOTE
r-devel-linux-x86_64-debian-gcc 0.46-1 0.74 25.20 25.94 NOTE
r-devel-linux-x86_64-fedora-clang 0.46-1 49.39 NOTE
r-devel-linux-x86_64-fedora-gcc 0.46-1 47.12 NOTE
r-devel-osx-x86_64-clang 0.46-1 39.06 NOTE
r-devel-windows-ix86+x86_64 0.46-1 5.00 70.00 75.00 NOTE
r-patched-linux-x86_64 0.46-1 0.85 25.69 26.54 NOTE
r-patched-solaris-sparc 0.46-1 313.80 NOTE
r-patched-solaris-x86 0.46-1 60.50 NOTE
r-release-linux-x86_64 0.46-1 0.92 25.84 26.76 NOTE
r-release-osx-x86_64-mavericks 0.46-1 NOTE
r-release-windows-ix86+x86_64 0.46-1 4.00 78.00 82.00 NOTE
r-oldrel-windows-ix86+x86_64 0.46-1 3.00 82.00 85.00 NOTE

Check Details

Version: 0.46-1
Check: DESCRIPTION meta-information
Result: NOTE
    Malformed Description field: should contain one or more complete sentences.
Flavors: r-devel-linux-x86_64-debian-clang, r-devel-linux-x86_64-debian-gcc, r-devel-linux-x86_64-fedora-clang, r-devel-linux-x86_64-fedora-gcc, r-devel-osx-x86_64-clang, r-devel-windows-ix86+x86_64, r-patched-linux-x86_64, r-patched-solaris-sparc, r-patched-solaris-x86, r-release-linux-x86_64, r-release-osx-x86_64-mavericks, r-release-windows-ix86+x86_64, r-oldrel-windows-ix86+x86_64