CRAN Package Check Results for Package npmlreg

Last updated on 2017-08-18 23:47:45.

Flavor Version Tinstall Tcheck Ttotal Status Flags
r-devel-linux-x86_64-debian-clang 0.46-1 0.87 30.84 31.71 NOTE
r-devel-linux-x86_64-debian-gcc 0.46-1 0.87 29.72 30.60 NOTE
r-devel-linux-x86_64-fedora-clang 0.46-1 58.94 NOTE
r-devel-linux-x86_64-fedora-gcc 0.46-1 58.12 NOTE
r-devel-windows-ix86+x86_64 0.46-1 5.00 59.00 64.00 NOTE
r-patched-linux-x86_64 0.46-1 0.83 30.49 31.32 NOTE
r-patched-solaris-x86 0.46-1 69.30 NOTE
r-release-linux-x86_64 0.46-1 0.85 30.09 30.94 NOTE
r-release-windows-ix86+x86_64 0.46-1 6.00 78.00 84.00 NOTE
r-release-osx-x86_64 0.46-1 NOTE
r-oldrel-windows-ix86+x86_64 0.46-1 3.00 73.00 76.00 NOTE
r-oldrel-osx-x86_64 0.46-1 NOTE

Check Details

Version: 0.46-1
Check: DESCRIPTION meta-information
Result: NOTE
    Malformed Description field: should contain one or more complete sentences.
Flavors: r-devel-linux-x86_64-debian-clang, r-devel-linux-x86_64-debian-gcc, r-devel-linux-x86_64-fedora-clang, r-devel-linux-x86_64-fedora-gcc, r-devel-windows-ix86+x86_64, r-patched-linux-x86_64, r-patched-solaris-x86, r-release-linux-x86_64, r-release-windows-ix86+x86_64, r-release-osx-x86_64, r-oldrel-windows-ix86+x86_64, r-oldrel-osx-x86_64