CRAN Package Check Results for Package npmlreg

Last updated on 2016-05-24 17:47:27.

Flavor Version Tinstall Tcheck Ttotal Status Flags
r-devel-linux-x86_64-debian-gcc 0.46-1 0.75 25.21 25.96 NOTE
r-devel-linux-x86_64-fedora-clang 0.46-1 49.31 NOTE
r-devel-linux-x86_64-fedora-gcc 0.46-1 46.59 NOTE
r-devel-osx-x86_64-clang 0.46-1 54.14 NOTE
r-devel-windows-ix86+x86_64 0.46-1 3.00 48.00 51.00 NOTE
r-patched-linux-x86_64 0.46-1 0.78 25.10 25.88 NOTE
r-patched-solaris-sparc 0.46-1 308.90 NOTE
r-patched-solaris-x86 0.46-1 67.30 NOTE
r-release-linux-x86_64 0.46-1 0.79 25.72 26.52 NOTE
r-release-osx-x86_64-mavericks 0.46-1 NOTE
r-release-windows-ix86+x86_64 0.46-1 3.00 48.00 51.00 NOTE
r-oldrel-windows-ix86+x86_64 0.46-1 5.00 75.00 80.00 NOTE

Check Details

Version: 0.46-1
Check: DESCRIPTION meta-information
Result: NOTE
    Malformed Description field: should contain one or more complete sentences.
Flavors: r-devel-linux-x86_64-debian-gcc, r-devel-linux-x86_64-fedora-clang, r-devel-linux-x86_64-fedora-gcc, r-devel-osx-x86_64-clang, r-devel-windows-ix86+x86_64, r-patched-linux-x86_64, r-patched-solaris-sparc, r-patched-solaris-x86, r-release-linux-x86_64, r-release-osx-x86_64-mavericks, r-release-windows-ix86+x86_64, r-oldrel-windows-ix86+x86_64