CRAN Package Check Results for Package npmlreg

Last updated on 2016-06-26 06:47:08.

Flavor Version Tinstall Tcheck Ttotal Status Flags
r-devel-linux-x86_64-debian-gcc 0.46-1 0.81 26.31 27.12 NOTE
r-devel-linux-x86_64-fedora-clang 0.46-1 49.92 NOTE
r-devel-linux-x86_64-fedora-gcc 0.46-1 45.89 NOTE
r-devel-osx-x86_64-clang 0.46-1 39.76 NOTE
r-devel-windows-ix86+x86_64 0.46-1 4.00 72.00 76.00 NOTE
r-patched-linux-x86_64 0.46-1 0.76 26.47 27.23 NOTE
r-patched-solaris-sparc 0.46-1 313.80 NOTE
r-patched-solaris-x86 0.46-1 61.40 NOTE
r-release-linux-x86_64 0.46-1 0.77 26.55 27.32 NOTE
r-release-osx-x86_64-mavericks 0.46-1 NOTE
r-release-windows-ix86+x86_64 0.46-1 5.00 50.00 55.00 NOTE
r-oldrel-windows-ix86+x86_64 0.46-1 5.00 84.00 89.00 NOTE

Check Details

Version: 0.46-1
Check: DESCRIPTION meta-information
Result: NOTE
    Malformed Description field: should contain one or more complete sentences.
Flavors: r-devel-linux-x86_64-debian-gcc, r-devel-linux-x86_64-fedora-clang, r-devel-linux-x86_64-fedora-gcc, r-devel-osx-x86_64-clang, r-devel-windows-ix86+x86_64, r-patched-linux-x86_64, r-patched-solaris-sparc, r-patched-solaris-x86, r-release-linux-x86_64, r-release-osx-x86_64-mavericks, r-release-windows-ix86+x86_64, r-oldrel-windows-ix86+x86_64