CRAN Package Check Results for Package npmlreg

Last updated on 2016-09-30 09:48:14.

Flavor Version Tinstall Tcheck Ttotal Status Flags
r-devel-linux-x86_64-debian-clang 0.46-1 0.81 27.65 28.46 NOTE
r-devel-linux-x86_64-debian-gcc 0.46-1 0.81 27.00 27.81 NOTE
r-devel-linux-x86_64-fedora-clang 0.46-1 52.33 NOTE
r-devel-linux-x86_64-fedora-gcc 0.46-1 47.28 NOTE
r-devel-macos-x86_64-clang 0.46-1 38.14 NOTE
r-devel-windows-ix86+x86_64 0.46-1 3.00 67.00 70.00 NOTE
r-patched-linux-x86_64 0.46-1 0.76 26.10 26.87 NOTE
r-patched-solaris-sparc 0.46-1 313.80 NOTE
r-patched-solaris-x86 0.46-1 58.70 NOTE
r-release-linux-x86_64 0.46-1 0.75 25.82 26.57 NOTE
r-release-osx-x86_64-mavericks 0.46-1 NOTE
r-release-windows-ix86+x86_64 0.46-1 3.00 45.00 48.00 NOTE
r-oldrel-windows-ix86+x86_64 0.46-1 7.00 76.00 83.00 NOTE

Check Details

Version: 0.46-1
Check: DESCRIPTION meta-information
Result: NOTE
    Malformed Description field: should contain one or more complete sentences.
Flavors: r-devel-linux-x86_64-debian-clang, r-devel-linux-x86_64-debian-gcc, r-devel-linux-x86_64-fedora-clang, r-devel-linux-x86_64-fedora-gcc, r-devel-macos-x86_64-clang, r-devel-windows-ix86+x86_64, r-patched-linux-x86_64, r-patched-solaris-sparc, r-patched-solaris-x86, r-release-linux-x86_64, r-release-osx-x86_64-mavericks, r-release-windows-ix86+x86_64, r-oldrel-windows-ix86+x86_64