CRAN Package Check Results for Package npmlreg

Last updated on 2017-10-18 02:47:15.

Flavor Version Tinstall Tcheck Ttotal Status Flags
r-devel-linux-x86_64-debian-clang 0.46-1 0.80 31.97 32.77 NOTE
r-devel-linux-x86_64-debian-gcc 0.46-1 1.07 31.58 32.64 NOTE
r-devel-linux-x86_64-fedora-clang 0.46-1 61.10 NOTE
r-devel-linux-x86_64-fedora-gcc 0.46-1 59.91 NOTE
r-devel-windows-ix86+x86_64 0.46-1 3.00 62.00 65.00 NOTE
r-patched-linux-x86_64 0.46-1 0.89 31.46 32.35 NOTE
r-patched-solaris-x86 0.46-1 70.10 NOTE
r-release-linux-x86_64 0.46-1 0.86 29.88 30.73 NOTE
r-release-windows-ix86+x86_64 0.46-1 4.00 56.00 60.00 NOTE
r-release-osx-x86_64 0.46-1 NOTE
r-oldrel-windows-ix86+x86_64 0.46-1 4.00 66.00 70.00 NOTE
r-oldrel-osx-x86_64 0.46-1 NOTE

Check Details

Version: 0.46-1
Check: DESCRIPTION meta-information
Result: NOTE
    Malformed Description field: should contain one or more complete sentences.
Flavors: r-devel-linux-x86_64-debian-clang, r-devel-linux-x86_64-debian-gcc, r-devel-linux-x86_64-fedora-clang, r-devel-linux-x86_64-fedora-gcc, r-devel-windows-ix86+x86_64, r-patched-linux-x86_64, r-patched-solaris-x86, r-release-linux-x86_64, r-release-windows-ix86+x86_64, r-release-osx-x86_64, r-oldrel-windows-ix86+x86_64, r-oldrel-osx-x86_64