CRAN Package Check Results for Package npmlreg

Last updated on 2016-12-03 05:47:17.

Flavor Version Tinstall Tcheck Ttotal Status Flags
r-devel-linux-x86_64-debian-clang 0.46-1 0.83 32.38 33.21 NOTE
r-devel-linux-x86_64-debian-gcc 0.46-1 0.85 31.16 32.01 NOTE
r-devel-linux-x86_64-fedora-clang 0.46-1 59.67 NOTE
r-devel-linux-x86_64-fedora-gcc 0.46-1 57.40 NOTE
r-devel-macos-x86_64-clang 0.46-1 44.85 NOTE
r-devel-windows-ix86+x86_64 0.46-1 3.00 55.00 58.00 NOTE
r-patched-linux-x86_64 0.46-1 0.72 27.29 28.00 NOTE
r-patched-solaris-sparc 0.46-1 313.80 NOTE
r-patched-solaris-x86 0.46-1 59.00 NOTE
r-release-linux-x86_64 0.46-1 0.74 25.60 26.34 NOTE
r-release-osx-x86_64-mavericks 0.46-1 NOTE
r-release-windows-ix86+x86_64 0.46-1 4.00 73.00 77.00 NOTE
r-oldrel-windows-ix86+x86_64 0.46-1 7.00 60.00 67.00 NOTE

Check Details

Version: 0.46-1
Check: DESCRIPTION meta-information
Result: NOTE
    Malformed Description field: should contain one or more complete sentences.
Flavors: r-devel-linux-x86_64-debian-clang, r-devel-linux-x86_64-debian-gcc, r-devel-linux-x86_64-fedora-clang, r-devel-linux-x86_64-fedora-gcc, r-devel-macos-x86_64-clang, r-devel-windows-ix86+x86_64, r-patched-linux-x86_64, r-patched-solaris-sparc, r-patched-solaris-x86, r-release-linux-x86_64, r-release-osx-x86_64-mavericks, r-release-windows-ix86+x86_64, r-oldrel-windows-ix86+x86_64