CRAN Package Check Results for Package npmlreg

Last updated on 2017-06-26 23:52:14.

Flavor Version Tinstall Tcheck Ttotal Status Flags
r-devel-linux-x86_64-debian-clang 0.46-1 0.89 30.80 31.69 NOTE
r-devel-linux-x86_64-debian-gcc 0.46-1 0.89 31.89 32.78 NOTE
r-devel-linux-x86_64-fedora-clang 0.46-1 59.60 NOTE
r-devel-linux-x86_64-fedora-gcc 0.46-1 56.76 NOTE
r-devel-windows-ix86+x86_64 0.46-1 6.00 58.00 64.00 NOTE
r-patched-linux-x86_64 0.46-1 0.97 30.80 31.77 NOTE
r-patched-solaris-sparc 0.46-1 347.40 NOTE
r-patched-solaris-x86 0.46-1 68.30 NOTE
r-release-linux-x86_64 0.46-1 0.90 30.03 30.93 NOTE
r-release-windows-ix86+x86_64 0.46-1 4.00 75.00 79.00 NOTE
r-release-osx-x86_64 0.46-1 NOTE
r-oldrel-windows-ix86+x86_64 0.46-1 3.00 68.00 71.00 NOTE
r-oldrel-osx-x86_64 0.46-1 NOTE

Check Details

Version: 0.46-1
Check: DESCRIPTION meta-information
Result: NOTE
    Malformed Description field: should contain one or more complete sentences.
Flavors: r-devel-linux-x86_64-debian-clang, r-devel-linux-x86_64-debian-gcc, r-devel-linux-x86_64-fedora-clang, r-devel-linux-x86_64-fedora-gcc, r-devel-windows-ix86+x86_64, r-patched-linux-x86_64, r-patched-solaris-sparc, r-patched-solaris-x86, r-release-linux-x86_64, r-release-windows-ix86+x86_64, r-release-osx-x86_64, r-oldrel-windows-ix86+x86_64, r-oldrel-osx-x86_64