CRAN Package Check Results for Package npmlreg

Last updated on 2017-05-22 16:48:50.

Flavor Version Tinstall Tcheck Ttotal Status Flags
r-devel-linux-x86_64-debian-clang 0.46-1 0.86 31.42 32.28 NOTE
r-devel-linux-x86_64-debian-gcc 0.46-1 0.82 30.72 31.54 NOTE
r-devel-linux-x86_64-fedora-clang 0.46-1 58.41 NOTE --no-stop-on-test-error
r-devel-linux-x86_64-fedora-gcc 0.46-1 56.00 NOTE --no-stop-on-test-error
r-devel-windows-ix86+x86_64 0.46-1 6.00 54.00 60.00 NOTE
r-patched-linux-x86_64 0.46-1 0.86 30.06 30.93 NOTE
r-patched-solaris-sparc 0.46-1 347.40 NOTE
r-patched-solaris-x86 0.46-1 68.60 NOTE
r-release-linux-x86_64 0.46-1 0.80 29.88 30.68 NOTE
r-release-windows-ix86+x86_64 0.46-1 5.00 76.00 81.00 NOTE
r-release-osx-x86_64 0.46-1 NOTE
r-oldrel-windows-ix86+x86_64 0.46-1 4.00 73.00 77.00 NOTE
r-oldrel-osx-x86_64 0.46-1 NOTE

Check Details

Version: 0.46-1
Check: DESCRIPTION meta-information
Result: NOTE
    Malformed Description field: should contain one or more complete sentences.
Flavors: r-devel-linux-x86_64-debian-clang, r-devel-linux-x86_64-debian-gcc, r-devel-windows-ix86+x86_64, r-patched-linux-x86_64, r-patched-solaris-sparc, r-patched-solaris-x86, r-release-linux-x86_64, r-release-windows-ix86+x86_64, r-release-osx-x86_64, r-oldrel-windows-ix86+x86_64, r-oldrel-osx-x86_64

Version: 0.46-1
Flags: --no-stop-on-test-error
Check: DESCRIPTION meta-information
Result: NOTE
    Malformed Description field: should contain one or more complete sentences.
Flavors: r-devel-linux-x86_64-fedora-clang, r-devel-linux-x86_64-fedora-gcc