CRAN Package Check Results for Package npmlreg

Last updated on 2018-05-27 02:46:48 CEST.

Flavor Version Tinstall Tcheck Ttotal Status Flags
r-devel-linux-x86_64-debian-clang 0.46-3 3.48 44.74 48.22 OK
r-devel-linux-x86_64-debian-gcc 0.46-3 2.80 33.82 36.62 OK
r-devel-linux-x86_64-fedora-clang 0.46-3 58.97 OK
r-devel-linux-x86_64-fedora-gcc 0.46-3 57.76 OK
r-devel-windows-ix86+x86_64 0.46-3 6.00 49.00 55.00 OK
r-patched-linux-x86_64 0.46-3 3.27 43.09 46.36 OK
r-patched-solaris-x86 0.46-3 76.50 OK
r-release-linux-x86_64 0.46-3 3.19 42.72 45.91 OK
r-release-windows-ix86+x86_64 0.46-3 8.00 71.00 79.00 OK
r-release-osx-x86_64 0.46-3 OK
r-oldrel-windows-ix86+x86_64 0.46-3 5.00 56.00 61.00 OK
r-oldrel-osx-x86_64 0.46-1 NOTE

Check Details

Version: 0.46-1
Check: DESCRIPTION meta-information
Result: NOTE
    Malformed Description field: should contain one or more complete sentences.
Flavor: r-oldrel-osx-x86_64