CRAN Package Check Results for Package npmlreg

Last updated on 2015-03-30 08:50:03.

Flavor Version Tinstall Tcheck Ttotal Status Flags
r-devel-linux-x86_64-debian-clang 0.46-1 0.75 31.54 32.29 NOTE
r-devel-linux-x86_64-debian-gcc 0.46-1 0.74 31.06 31.79 NOTE
r-devel-linux-x86_64-fedora-clang 0.46-1 65.86 NOTE
r-devel-linux-x86_64-fedora-gcc 0.46-1 67.87 NOTE
r-devel-osx-x86_64-clang 0.46-1 66.68 NOTE
r-prerel-windows-ix86+x86_64 0.46-1 3.00 51.00 54.00 NOTE
r-prerel-linux-x86_64 0.46-1 0.73 31.89 32.62 NOTE
r-prerel-solaris-sparc 0.46-1 411.30 NOTE
r-prerel-solaris-x86 0.46-1 78.50 NOTE
r-release-linux-x86_64 0.46-1 0.81 34.59 35.40 OK
r-release-osx-x86_64-mavericks 0.46-1 OK
r-release-osx-x86_64-snowleopard 0.46-1 OK
r-release-windows-ix86+x86_64 0.46-1 4.00 53.00 57.00 OK
r-oldrel-windows-ix86+x86_64 0.46-1 4.00 82.00 86.00 OK

Check Details

Version: 0.46-1
Check: DESCRIPTION meta-information
Result: NOTE
    Malformed Description field: should contain one or more complete sentences.
Flavors: r-devel-linux-x86_64-debian-clang, r-devel-linux-x86_64-debian-gcc, r-devel-linux-x86_64-fedora-clang, r-devel-linux-x86_64-fedora-gcc, r-devel-osx-x86_64-clang, r-prerel-windows-ix86+x86_64, r-prerel-linux-x86_64, r-prerel-solaris-sparc, r-prerel-solaris-x86