CRAN Package Check Results for Package npmlreg

Last updated on 2016-07-23 12:48:25.

Flavor Version Tinstall Tcheck Ttotal Status Flags
r-devel-linux-x86_64-debian-clang 0.46-1 1.12 31.55 32.67 NOTE
r-devel-linux-x86_64-debian-gcc 0.46-1 1.00 30.44 31.44 NOTE
r-devel-linux-x86_64-fedora-clang 0.46-1 49.57 NOTE
r-devel-linux-x86_64-fedora-gcc 0.46-1 46.29 NOTE
r-devel-osx-x86_64-clang 0.46-1 38.92 NOTE
r-devel-windows-ix86+x86_64 0.46-1 5.00 73.00 78.00 NOTE
r-patched-linux-x86_64 0.46-1 0.92 29.73 30.65 NOTE
r-patched-solaris-sparc 0.46-1 313.80 NOTE
r-patched-solaris-x86 0.46-1 59.30 NOTE
r-release-linux-x86_64 0.46-1 0.76 30.75 31.51 NOTE
r-release-osx-x86_64-mavericks 0.46-1 NOTE
r-release-windows-ix86+x86_64 0.46-1 3.00 72.00 75.00 NOTE
r-oldrel-windows-ix86+x86_64 0.46-1 5.00 63.00 68.00 NOTE

Check Details

Version: 0.46-1
Check: DESCRIPTION meta-information
Result: NOTE
    Malformed Description field: should contain one or more complete sentences.
Flavors: r-devel-linux-x86_64-debian-clang, r-devel-linux-x86_64-debian-gcc, r-devel-linux-x86_64-fedora-clang, r-devel-linux-x86_64-fedora-gcc, r-devel-osx-x86_64-clang, r-devel-windows-ix86+x86_64, r-patched-linux-x86_64, r-patched-solaris-sparc, r-patched-solaris-x86, r-release-linux-x86_64, r-release-osx-x86_64-mavericks, r-release-windows-ix86+x86_64, r-oldrel-windows-ix86+x86_64