CRAN Package Check Results for Package npmlreg

Last updated on 2017-03-26 11:53:54.

Flavor Version Tinstall Tcheck Ttotal Status Flags
r-devel-linux-x86_64-debian-clang 0.46-1 0.87 30.99 31.86 NOTE
r-devel-linux-x86_64-debian-gcc 0.46-1 0.87 30.07 30.94 NOTE
r-devel-linux-x86_64-fedora-clang 0.46-1 57.57 NOTE --no-stop-on-test-error
r-devel-linux-x86_64-fedora-gcc 0.46-1 55.29 NOTE --no-stop-on-test-error
r-devel-macos-x86_64-clang 0.46-1 43.96 NOTE --no-stop-on-test-error
r-devel-windows-ix86+x86_64 0.46-1 3.00 80.00 83.00 NOTE
r-patched-linux-x86_64 0.46-1 0.77 29.84 30.61 NOTE
r-patched-solaris-sparc 0.46-1 347.40 NOTE
r-patched-solaris-x86 0.46-1 69.00 NOTE
r-release-linux-x86_64 0.46-1 0.72 25.49 26.22 NOTE
r-release-osx-x86_64-mavericks 0.46-1 NOTE
r-release-windows-ix86+x86_64 0.46-1 6.00 52.00 58.00 NOTE
r-oldrel-windows-ix86+x86_64 0.46-1 3.00 57.00 60.00 NOTE

Check Details

Version: 0.46-1
Check: DESCRIPTION meta-information
Result: NOTE
    Malformed Description field: should contain one or more complete sentences.
Flavors: r-devel-linux-x86_64-debian-clang, r-devel-linux-x86_64-debian-gcc, r-devel-windows-ix86+x86_64, r-patched-linux-x86_64, r-patched-solaris-sparc, r-patched-solaris-x86, r-release-linux-x86_64, r-release-osx-x86_64-mavericks, r-release-windows-ix86+x86_64, r-oldrel-windows-ix86+x86_64

Version: 0.46-1
Flags: --no-stop-on-test-error
Check: DESCRIPTION meta-information
Result: NOTE
    Malformed Description field: should contain one or more complete sentences.
Flavors: r-devel-linux-x86_64-fedora-clang, r-devel-linux-x86_64-fedora-gcc, r-devel-macos-x86_64-clang