CRAN Package Check Results for Package npmlreg

Last updated on 2017-02-20 17:49:09.

Flavor Version Tinstall Tcheck Ttotal Status Flags
r-devel-linux-x86_64-debian-clang 0.46-1 0.93 30.79 31.72 NOTE
r-devel-linux-x86_64-debian-gcc 0.46-1 0.83 30.44 31.26 NOTE
r-devel-linux-x86_64-fedora-clang 0.46-1 57.13 NOTE --no-stop-on-test-error
r-devel-linux-x86_64-fedora-gcc 0.46-1 54.76 NOTE --no-stop-on-test-error
r-devel-macos-x86_64-clang 44.33 NOTE --no-stop-on-test-error
r-devel-windows-ix86+x86_64 0.46-1 5.00 77.00 82.00 NOTE
r-patched-linux-x86_64 0.46-1 0.95 25.65 26.60 NOTE
r-patched-solaris-sparc 0.46-1 311.50 NOTE
r-patched-solaris-x86 0.46-1 62.30 NOTE
r-release-linux-x86_64 0.46-1 0.73 25.33 26.06 NOTE
r-release-osx-x86_64-mavericks 0.46-1 NOTE
r-release-windows-ix86+x86_64 0.46-1 3.00 50.00 53.00 NOTE
r-oldrel-windows-ix86+x86_64 0.46-1 3.00 51.00 54.00 NOTE

Check Details

Version: 0.46-1
Check: DESCRIPTION meta-information
Result: NOTE
    Malformed Description field: should contain one or more complete sentences.
Flavors: r-devel-linux-x86_64-debian-clang, r-devel-linux-x86_64-debian-gcc, r-devel-windows-ix86+x86_64, r-patched-linux-x86_64, r-patched-solaris-sparc, r-patched-solaris-x86, r-release-linux-x86_64, r-release-osx-x86_64-mavericks, r-release-windows-ix86+x86_64, r-oldrel-windows-ix86+x86_64

Version: 0.46-1
Flags: --no-stop-on-test-error
Check: DESCRIPTION meta-information
Result: NOTE
    Malformed Description field: should contain one or more complete sentences.
Flavors: r-devel-linux-x86_64-fedora-clang, r-devel-linux-x86_64-fedora-gcc, r-devel-macos-x86_64-clang