CRAN Package Check Results for Package npmlreg

Last updated on 2015-06-30 04:46:43.

Flavor Version Tinstall Tcheck Ttotal Status Flags
r-devel-linux-x86_64-debian-clang 0.46-1 0.72 31.41 32.13 NOTE
r-devel-linux-x86_64-debian-gcc 0.46-1 0.70 29.56 30.26 NOTE
r-devel-linux-x86_64-fedora-clang 0.46-1 65.64 NOTE
r-devel-linux-x86_64-fedora-gcc 0.46-1 61.95 NOTE
r-devel-osx-x86_64-clang 0.46-1 59.40 NOTE
r-devel-windows-ix86+x86_64 0.46-1 5.00 48.00 53.00 NOTE
r-patched-linux-x86_64 0.46-1 0.73 30.23 30.96 NOTE
r-patched-solaris-sparc 0.46-1 421.10 NOTE
r-patched-solaris-x86 0.46-1 83.40 NOTE
r-release-linux-x86_64 0.46-1 0.80 30.95 31.75 NOTE
r-release-osx-x86_64-mavericks 0.46-1 NOTE
r-release-windows-ix86+x86_64 0.46-1 5.00 49.00 54.00 NOTE
r-oldrel-windows-ix86+x86_64 0.46-1 5.00 58.00 63.00 OK

Check Details

Version: 0.46-1
Check: DESCRIPTION meta-information
Result: NOTE
    Malformed Description field: should contain one or more complete sentences.
Flavors: r-devel-linux-x86_64-debian-clang, r-devel-linux-x86_64-debian-gcc, r-devel-linux-x86_64-fedora-clang, r-devel-linux-x86_64-fedora-gcc, r-devel-osx-x86_64-clang, r-devel-windows-ix86+x86_64, r-patched-linux-x86_64, r-patched-solaris-sparc, r-patched-solaris-x86, r-release-linux-x86_64, r-release-osx-x86_64-mavericks, r-release-windows-ix86+x86_64