CRAN Package Check Results for Package npmlreg

Last updated on 2015-08-31 23:49:41.

Flavor Version Tinstall Tcheck Ttotal Status Flags
r-devel-linux-x86_64-debian-clang 0.46-1 0.68 28.82 29.50 NOTE
r-devel-linux-x86_64-debian-gcc 0.46-1 0.69 27.92 28.61 NOTE
r-devel-linux-x86_64-fedora-clang 0.46-1 61.46 NOTE
r-devel-linux-x86_64-fedora-gcc 0.46-1 61.03 NOTE
r-devel-osx-x86_64-clang 0.46-1 53.15 NOTE
r-devel-windows-ix86+x86_64 0.46-1 4.00 52.00 56.00 NOTE
r-patched-linux-x86_64 0.46-1 0.73 30.84 31.58 NOTE
r-patched-solaris-sparc 0.46-1 398.20 NOTE
r-patched-solaris-x86 0.46-1 83.50 NOTE
r-release-linux-x86_64 0.46-1 0.79 31.70 32.49 NOTE
r-release-osx-x86_64-mavericks 0.46-1 NOTE
r-release-windows-ix86+x86_64 0.46-1 4.00 50.00 54.00 NOTE
r-oldrel-windows-ix86+x86_64 0.46-1 5.00 56.00 61.00 OK

Check Details

Version: 0.46-1
Check: DESCRIPTION meta-information
Result: NOTE
    Malformed Description field: should contain one or more complete sentences.
Flavors: r-devel-linux-x86_64-debian-clang, r-devel-linux-x86_64-debian-gcc, r-devel-linux-x86_64-fedora-clang, r-devel-linux-x86_64-fedora-gcc, r-devel-osx-x86_64-clang, r-devel-windows-ix86+x86_64, r-patched-linux-x86_64, r-patched-solaris-sparc, r-patched-solaris-x86, r-release-linux-x86_64, r-release-osx-x86_64-mavericks, r-release-windows-ix86+x86_64