CRAN Package Check Results for Package npmlreg

Last updated on 2015-05-28 23:47:51.

Flavor Version Tinstall Tcheck Ttotal Status Flags
r-devel-linux-x86_64-debian-clang 0.46-1 0.74 30.96 31.70 NOTE
r-devel-linux-x86_64-debian-gcc 0.46-1 0.97 30.08 31.05 NOTE
r-devel-linux-x86_64-fedora-clang 0.46-1 63.91 NOTE
r-devel-linux-x86_64-fedora-gcc 0.46-1 64.37 NOTE
r-devel-osx-x86_64-clang 0.46-1 59.58 NOTE
r-devel-windows-ix86+x86_64 0.46-1 3.00 52.00 55.00 NOTE
r-patched-linux-x86_64 0.46-1 0.73 30.45 31.18 NOTE
r-patched-solaris-sparc 0.46-1 421.10 NOTE
r-patched-solaris-x86 0.46-1 82.70 NOTE
r-release-linux-x86_64 0.46-1 0.73 32.59 33.32 NOTE
r-release-osx-x86_64-mavericks 0.46-1 NOTE
r-release-osx-x86_64-snowleopard 0.46-1 NOTE
r-release-windows-ix86+x86_64 0.46-1 3.00 51.00 54.00 NOTE
r-oldrel-windows-ix86+x86_64 0.46-1 4.00 51.00 55.00 OK

Check Details

Version: 0.46-1
Check: DESCRIPTION meta-information
Result: NOTE
    Malformed Description field: should contain one or more complete sentences.
Flavors: r-devel-linux-x86_64-debian-clang, r-devel-linux-x86_64-debian-gcc, r-devel-linux-x86_64-fedora-clang, r-devel-linux-x86_64-fedora-gcc, r-devel-osx-x86_64-clang, r-devel-windows-ix86+x86_64, r-patched-linux-x86_64, r-patched-solaris-sparc, r-patched-solaris-x86, r-release-linux-x86_64, r-release-osx-x86_64-mavericks, r-release-osx-x86_64-snowleopard, r-release-windows-ix86+x86_64