CRAN Package Check Results for Package npmlreg

Last updated on 2015-07-29 12:47:31.

Flavor Version Tinstall Tcheck Ttotal Status Flags
r-devel-linux-x86_64-debian-clang 0.46-1 0.82 29.75 30.58 NOTE
r-devel-linux-x86_64-debian-gcc 0.46-1 0.70 29.35 30.05 NOTE
r-devel-linux-x86_64-fedora-clang 0.46-1 63.88 NOTE
r-devel-linux-x86_64-fedora-gcc 0.46-1 61.52 NOTE
r-devel-osx-x86_64-clang 0.46-1 50.36 NOTE
r-devel-windows-ix86+x86_64 0.46-1 3.00 45.00 48.00 NOTE
r-patched-linux-x86_64 0.46-1 0.74 30.40 31.14 NOTE
r-patched-solaris-sparc 0.46-1 398.20 NOTE
r-patched-solaris-x86 0.46-1 81.30 NOTE
r-release-linux-x86_64 0.46-1 0.80 30.36 31.15 NOTE
r-release-osx-x86_64-mavericks 0.46-1 NOTE
r-release-windows-ix86+x86_64 0.46-1 5.00 49.00 54.00 NOTE
r-oldrel-windows-ix86+x86_64 0.46-1 5.00 74.00 79.00 OK

Check Details

Version: 0.46-1
Check: DESCRIPTION meta-information
Result: NOTE
    Malformed Description field: should contain one or more complete sentences.
Flavors: r-devel-linux-x86_64-debian-clang, r-devel-linux-x86_64-debian-gcc, r-devel-linux-x86_64-fedora-clang, r-devel-linux-x86_64-fedora-gcc, r-devel-osx-x86_64-clang, r-devel-windows-ix86+x86_64, r-patched-linux-x86_64, r-patched-solaris-sparc, r-patched-solaris-x86, r-release-linux-x86_64, r-release-osx-x86_64-mavericks, r-release-windows-ix86+x86_64