CRAN Package Check Results for Package npmlreg

Last updated on 2017-12-15 02:48:36 CET.

Flavor Version Tinstall Tcheck Ttotal Status Flags
r-devel-linux-x86_64-debian-clang 0.46-1 1.03 45.11 46.14 NOTE
r-devel-linux-x86_64-debian-gcc 0.46-1 0.73 39.65 40.38 NOTE
r-devel-linux-x86_64-fedora-clang 0.46-1 57.77 NOTE
r-devel-linux-x86_64-fedora-gcc 0.46-1 55.95 NOTE
r-devel-windows-ix86+x86_64 0.46-1 5.00 78.00 83.00 NOTE
r-patched-linux-x86_64 0.46-1 1.09 48.55 49.64 NOTE
r-patched-solaris-x86 0.46-1 69.30 NOTE
r-release-linux-x86_64 0.46-1 1.17 50.27 51.44 NOTE
r-release-windows-ix86+x86_64 0.46-1 3.00 90.00 93.00 NOTE
r-release-osx-x86_64 0.46-1 NOTE
r-oldrel-windows-ix86+x86_64 0.46-1 5.00 69.00 74.00 NOTE
r-oldrel-osx-x86_64 0.46-1 NOTE

Check Details

Version: 0.46-1
Check: DESCRIPTION meta-information
Result: NOTE
    Malformed Description field: should contain one or more complete sentences.
Flavors: r-devel-linux-x86_64-debian-clang, r-devel-linux-x86_64-debian-gcc, r-devel-linux-x86_64-fedora-clang, r-devel-linux-x86_64-fedora-gcc, r-devel-windows-ix86+x86_64, r-patched-linux-x86_64, r-patched-solaris-x86, r-release-linux-x86_64, r-release-windows-ix86+x86_64, r-release-osx-x86_64, r-oldrel-windows-ix86+x86_64, r-oldrel-osx-x86_64