CRAN Package Check Results for Package nppbib

Last updated on 2016-02-09 03:47:13.

Flavor Version Tinstall Tcheck Ttotal Status Flags
r-devel-linux-x86_64-debian-gcc 1.0-0 0.44 7.17 7.61 NOTE
r-devel-linux-x86_64-fedora-clang 1.0-0 13.62 NOTE
r-devel-linux-x86_64-fedora-gcc 1.0-0 12.73 NOTE
r-devel-osx-x86_64-clang 1.0-0 16.44 NOTE
r-devel-windows-ix86+x86_64 1.0-0 4.00 16.00 20.00 NOTE
r-patched-linux-x86_64 1.0-0 0.53 7.56 8.09 OK
r-patched-solaris-sparc 1.0-0 88.30 OK
r-patched-solaris-x86 1.0-0 22.50 OK
r-release-linux-x86_64 1.0-0 0.50 7.69 8.19 OK
r-release-osx-x86_64-mavericks 1.0-0 OK
r-release-windows-ix86+x86_64 1.0-0 3.00 13.00 16.00 OK
r-oldrel-windows-ix86+x86_64 1.0-0 3.00 14.00 17.00 OK

Check Details

Version: 1.0-0
Check: R code for possible problems
Result: NOTE
    nppbib: no visible global function definition for ‘read.table’
    nppbib: no visible global function definition for ‘pchisq’
    Undefined global functions or variables:
     pchisq read.table
    Consider adding
     importFrom("stats", "pchisq")
     importFrom("utils", "read.table")
    to your NAMESPACE file.
Flavors: r-devel-linux-x86_64-debian-gcc, r-devel-linux-x86_64-fedora-clang, r-devel-linux-x86_64-fedora-gcc, r-devel-osx-x86_64-clang, r-devel-windows-ix86+x86_64