CRAN Package Check Results for Package nppbib

Last updated on 2015-07-08 03:48:13.

Flavor Version Tinstall Tcheck Ttotal Status Flags
r-devel-linux-x86_64-debian-clang 1.0-0 0.45 7.59 8.04 NOTE
r-devel-linux-x86_64-debian-gcc 1.0-0 0.45 7.38 7.84 NOTE
r-devel-linux-x86_64-fedora-clang 1.0-0 14.86 NOTE
r-devel-linux-x86_64-fedora-gcc 1.0-0 14.20 NOTE
r-devel-osx-x86_64-clang 1.0-0 16.11 OK
r-devel-windows-ix86+x86_64 1.0-0 2.00 19.00 21.00 NOTE
r-patched-linux-x86_64 1.0-0 0.44 7.76 8.20 OK
r-patched-solaris-sparc 1.0-0 120.60 OK
r-patched-solaris-x86 1.0-0 25.70 OK
r-release-linux-x86_64 1.0-0 0.44 7.85 8.29 OK
r-release-osx-x86_64-mavericks 1.0-0 OK
r-release-windows-ix86+x86_64 1.0-0 2.00 15.00 17.00 OK
r-oldrel-windows-ix86+x86_64 1.0-0 3.00 14.00 17.00 OK

Check Details

Version: 1.0-0
Check: R code for possible problems
Result: NOTE
    nppbib: no visible global function definition for ‘read.table’
    nppbib: no visible global function definition for ‘pchisq’
    Undefined global functions or variables:
     pchisq read.table
Flavors: r-devel-linux-x86_64-debian-clang, r-devel-linux-x86_64-debian-gcc, r-devel-linux-x86_64-fedora-clang, r-devel-linux-x86_64-fedora-gcc, r-devel-windows-ix86+x86_64