CRAN Package Check Results for Package nppbib

Last updated on 2016-06-27 14:47:43.

Flavor Version Tinstall Tcheck Ttotal Status Flags
r-devel-linux-x86_64-debian-gcc 1.0-0 0.49 7.85 8.34 NOTE
r-devel-linux-x86_64-fedora-clang 1.0-0 13.65 NOTE
r-devel-linux-x86_64-fedora-gcc 1.0-0 12.52 NOTE
r-devel-osx-x86_64-clang 1.0-0 13.00 NOTE
r-devel-windows-ix86+x86_64 1.0-0 2.00 22.00 24.00 NOTE
r-patched-linux-x86_64 1.0-0 0.50 8.45 8.94 NOTE
r-patched-solaris-sparc 1.0-0 83.40 NOTE
r-patched-solaris-x86 1.0-0 19.60 NOTE
r-release-linux-x86_64 1.0-0 0.58 7.65 8.23 NOTE
r-release-osx-x86_64-mavericks 1.0-0 NOTE
r-release-windows-ix86+x86_64 1.0-0 2.00 28.00 30.00 NOTE
r-oldrel-windows-ix86+x86_64 1.0-0 3.00 13.00 16.00 OK

Check Details

Version: 1.0-0
Check: R code for possible problems
Result: NOTE
    nppbib: no visible global function definition for ‘read.table’
    nppbib: no visible global function definition for ‘pchisq’
    Undefined global functions or variables:
     pchisq read.table
    Consider adding
     importFrom("stats", "pchisq")
     importFrom("utils", "read.table")
    to your NAMESPACE file.
Flavors: r-devel-linux-x86_64-debian-gcc, r-devel-linux-x86_64-fedora-clang, r-devel-linux-x86_64-fedora-gcc, r-devel-osx-x86_64-clang, r-devel-windows-ix86+x86_64, r-patched-linux-x86_64, r-patched-solaris-sparc, r-patched-solaris-x86, r-release-linux-x86_64, r-release-osx-x86_64-mavericks, r-release-windows-ix86+x86_64