CRAN Package Check Results for Package nppbib

Last updated on 2016-09-25 08:47:46.

Flavor Version Tinstall Tcheck Ttotal Status Flags
r-devel-linux-x86_64-debian-clang 1.0-0 0.51 8.24 8.75 NOTE
r-devel-linux-x86_64-debian-gcc 1.0-0 0.51 8.37 8.87 NOTE
r-devel-linux-x86_64-fedora-clang 1.0-0 14.10 NOTE
r-devel-linux-x86_64-fedora-gcc 1.0-0 13.48 NOTE
r-devel-macos-x86_64-clang 1.0-0 12.95 NOTE
r-devel-windows-ix86+x86_64 1.0-0 3.00 28.00 31.00 NOTE
r-patched-linux-x86_64 1.0-0 0.49 8.09 8.58 NOTE
r-patched-solaris-sparc 1.0-0 83.40 NOTE
r-patched-solaris-x86 1.0-0 18.90 NOTE
r-release-linux-x86_64 1.0-0 0.47 8.15 8.62 NOTE
r-release-osx-x86_64-mavericks 1.0-0 NOTE
r-release-windows-ix86+x86_64 1.0-0 2.00 22.00 24.00 NOTE
r-oldrel-windows-ix86+x86_64 1.0-0 3.00 13.00 16.00 OK

Check Details

Version: 1.0-0
Check: R code for possible problems
Result: NOTE
    nppbib: no visible global function definition for ‘read.table’
    nppbib: no visible global function definition for ‘pchisq’
    Undefined global functions or variables:
     pchisq read.table
    Consider adding
     importFrom("stats", "pchisq")
     importFrom("utils", "read.table")
    to your NAMESPACE file.
Flavors: r-devel-linux-x86_64-debian-clang, r-devel-linux-x86_64-debian-gcc, r-devel-linux-x86_64-fedora-clang, r-devel-linux-x86_64-fedora-gcc, r-devel-macos-x86_64-clang, r-devel-windows-ix86+x86_64, r-patched-linux-x86_64, r-patched-solaris-sparc, r-patched-solaris-x86, r-release-linux-x86_64, r-release-osx-x86_64-mavericks, r-release-windows-ix86+x86_64