CRAN Package Check Results for Package nppbib

Last updated on 2018-04-24 03:48:40 CEST.

Flavor Version Tinstall Tcheck Ttotal Status Flags
r-devel-linux-x86_64-debian-clang 1.0-0 0.64 13.00 13.64 NOTE
r-devel-linux-x86_64-debian-gcc 1.0-0 0.53 12.31 12.84 NOTE
r-devel-linux-x86_64-fedora-clang 1.0-0 19.03 NOTE
r-devel-linux-x86_64-fedora-gcc 1.0-0 17.96 NOTE
r-devel-windows-ix86+x86_64 1.0-0 4.00 25.00 29.00 NOTE
r-devel-osx-x86_64 1.0-0 NOTE
r-patched-linux-x86_64 1.0-0 0.66 15.05 15.71 NOTE
r-patched-solaris-x86 1.0-0 30.20 NOTE
r-release-linux-x86_64 1.0-0 0.57 15.16 15.73 NOTE
r-release-windows-ix86+x86_64 1.0-0 3.00 23.00 26.00 NOTE
r-release-osx-x86_64 1.0-0 NOTE
r-oldrel-windows-ix86+x86_64 1.0-0 2.00 22.00 24.00 NOTE

Check Details

Version: 1.0-0
Check: R code for possible problems
Result: NOTE
    nppbib: no visible global function definition for ‘read.table’
    nppbib: no visible global function definition for ‘pchisq’
    Undefined global functions or variables:
     pchisq read.table
    Consider adding
     importFrom("stats", "pchisq")
     importFrom("utils", "read.table")
    to your NAMESPACE file.
Flavors: r-devel-linux-x86_64-debian-clang, r-devel-linux-x86_64-debian-gcc, r-devel-linux-x86_64-fedora-clang, r-devel-linux-x86_64-fedora-gcc, r-devel-windows-ix86+x86_64, r-devel-osx-x86_64, r-patched-linux-x86_64, r-patched-solaris-x86, r-release-linux-x86_64, r-release-windows-ix86+x86_64, r-release-osx-x86_64, r-oldrel-windows-ix86+x86_64