CRAN Package Check Results for Package nppbib

Last updated on 2016-05-26 06:47:17.

Flavor Version Tinstall Tcheck Ttotal Status Flags
r-devel-linux-x86_64-debian-gcc 1.0-0 0.46 7.99 8.45 NOTE
r-devel-linux-x86_64-fedora-clang 1.0-0 13.98 NOTE
r-devel-linux-x86_64-fedora-gcc 1.0-0 12.74 NOTE
r-devel-osx-x86_64-clang 1.0-0 17.54 NOTE
r-devel-windows-ix86+x86_64 1.0-0 2.00 22.00 24.00 NOTE
r-patched-linux-x86_64 1.0-0 0.51 7.89 8.41 NOTE
r-patched-solaris-sparc 1.0-0 82.50 NOTE
r-patched-solaris-x86 1.0-0 21.50 NOTE
r-release-linux-x86_64 1.0-0 0.50 7.85 8.36 NOTE
r-release-osx-x86_64-mavericks 1.0-0 NOTE
r-release-windows-ix86+x86_64 1.0-0 2.00 28.00 30.00 NOTE
r-oldrel-windows-ix86+x86_64 1.0-0 3.00 13.00 16.00 OK

Check Details

Version: 1.0-0
Check: R code for possible problems
Result: NOTE
    nppbib: no visible global function definition for ‘read.table’
    nppbib: no visible global function definition for ‘pchisq’
    Undefined global functions or variables:
     pchisq read.table
    Consider adding
     importFrom("stats", "pchisq")
     importFrom("utils", "read.table")
    to your NAMESPACE file.
Flavors: r-devel-linux-x86_64-debian-gcc, r-devel-linux-x86_64-fedora-clang, r-devel-linux-x86_64-fedora-gcc, r-devel-osx-x86_64-clang, r-devel-windows-ix86+x86_64, r-patched-linux-x86_64, r-patched-solaris-sparc, r-patched-solaris-x86, r-release-linux-x86_64, r-release-osx-x86_64-mavericks, r-release-windows-ix86+x86_64