CRAN Package Check Results for Package nppbib

Last updated on 2016-12-05 19:47:04.

Flavor Version Tinstall Tcheck Ttotal Status Flags
r-devel-linux-x86_64-debian-clang 1.0-0 0.52 9.27 9.79 NOTE
r-devel-linux-x86_64-debian-gcc 1.0-0 0.61 9.93 10.54 NOTE
r-devel-linux-x86_64-fedora-clang 1.0-0 17.41 NOTE --no-stop-on-test-error
r-devel-linux-x86_64-fedora-gcc 1.0-0 16.38 NOTE --no-stop-on-test-error
r-devel-macos-x86_64-clang 1.0-0 15.42 NOTE
r-devel-windows-ix86+x86_64 1.0-0 3.00 23.00 26.00 NOTE
r-patched-linux-x86_64 1.0-0 0.50 8.20 8.70 NOTE
r-patched-solaris-sparc 1.0-0 83.40 NOTE
r-patched-solaris-x86 1.0-0 18.90 NOTE
r-release-linux-x86_64 1.0-0 0.49 8.15 8.64 NOTE
r-release-osx-x86_64-mavericks 1.0-0 NOTE
r-release-windows-ix86+x86_64 1.0-0 2.00 22.00 24.00 NOTE
r-oldrel-windows-ix86+x86_64 1.0-0 2.00 19.00 21.00 OK

Check Details

Version: 1.0-0
Check: R code for possible problems
Result: NOTE
    nppbib: no visible global function definition for ‘read.table’
    nppbib: no visible global function definition for ‘pchisq’
    Undefined global functions or variables:
     pchisq read.table
    Consider adding
     importFrom("stats", "pchisq")
     importFrom("utils", "read.table")
    to your NAMESPACE file.
Flavors: r-devel-linux-x86_64-debian-clang, r-devel-linux-x86_64-debian-gcc, r-devel-macos-x86_64-clang, r-devel-windows-ix86+x86_64, r-patched-linux-x86_64, r-patched-solaris-sparc, r-patched-solaris-x86, r-release-linux-x86_64, r-release-osx-x86_64-mavericks, r-release-windows-ix86+x86_64

Version: 1.0-0
Flags: --no-stop-on-test-error
Check: R code for possible problems
Result: NOTE
    nppbib: no visible global function definition for ‘read.table’
    nppbib: no visible global function definition for ‘pchisq’
    Undefined global functions or variables:
     pchisq read.table
    Consider adding
     importFrom("stats", "pchisq")
     importFrom("utils", "read.table")
    to your NAMESPACE file.
Flavors: r-devel-linux-x86_64-fedora-clang, r-devel-linux-x86_64-fedora-gcc