CRAN Package Check Results for Package nppbib

Last updated on 2015-09-02 19:47:42.

Flavor Version Tinstall Tcheck Ttotal Status Flags
r-devel-linux-x86_64-debian-clang 1.0-0 0.44 7.69 8.13 NOTE
r-devel-linux-x86_64-debian-gcc 1.0-0 0.44 7.37 7.82 NOTE
r-devel-linux-x86_64-fedora-clang 1.0-0 15.65 NOTE
r-devel-linux-x86_64-fedora-gcc 1.0-0 15.30 NOTE
r-devel-osx-x86_64-clang 1.0-0 16.24 OK
r-devel-windows-ix86+x86_64 1.0-0 2.00 19.00 21.00 NOTE
r-patched-linux-x86_64 1.0-0 0.50 7.88 8.38 OK
r-patched-solaris-sparc 1.0-0 96.90 OK
r-patched-solaris-x86 1.0-0 25.40 OK
r-release-linux-x86_64 1.0-0 0.48 7.92 8.41 OK
r-release-osx-x86_64-mavericks 1.0-0 OK
r-release-windows-ix86+x86_64 1.0-0 2.00 14.00 16.00 OK
r-oldrel-windows-ix86+x86_64 1.0-0 3.00 14.00 17.00 OK

Check Details

Version: 1.0-0
Check: R code for possible problems
Result: NOTE
    nppbib: no visible global function definition for ‘read.table’
    nppbib: no visible global function definition for ‘pchisq’
    Undefined global functions or variables:
     pchisq read.table
    Consider adding
     importFrom("stats", "pchisq")
     importFrom("utils", "read.table")
    to your NAMESPACE.
Flavors: r-devel-linux-x86_64-debian-clang, r-devel-linux-x86_64-debian-gcc, r-devel-linux-x86_64-fedora-clang, r-devel-linux-x86_64-fedora-gcc, r-devel-windows-ix86+x86_64