CRAN Package Check Results for Package nppbib

Last updated on 2017-01-22 06:47:21.

Flavor Version Tinstall Tcheck Ttotal Status Flags
r-devel-linux-x86_64-debian-clang 1.0-0 0.58 9.49 10.07 NOTE
r-devel-linux-x86_64-debian-gcc 1.0-0 0.61 9.62 10.23 NOTE
r-devel-linux-x86_64-fedora-clang 1.0-0 16.60 NOTE --no-stop-on-test-error
r-devel-linux-x86_64-fedora-gcc 1.0-0 16.03 NOTE --no-stop-on-test-error
r-devel-macos-x86_64-clang 1.0-0 14.99 NOTE --no-stop-on-test-error
r-devel-windows-ix86+x86_64 1.0-0 4.00 30.00 34.00 NOTE
r-patched-linux-x86_64 1.0-0 0.48 8.30 8.78 NOTE
r-patched-solaris-sparc 1.0-0 83.00 NOTE
r-patched-solaris-x86 1.0-0 20.40 NOTE
r-release-linux-x86_64 1.0-0 0.49 8.20 8.69 NOTE
r-release-osx-x86_64-mavericks 1.0-0 NOTE
r-release-windows-ix86+x86_64 1.0-0 2.00 22.00 24.00 NOTE
r-oldrel-windows-ix86+x86_64 1.0-0 2.00 19.00 21.00 OK

Check Details

Version: 1.0-0
Check: R code for possible problems
Result: NOTE
    nppbib: no visible global function definition for ‘read.table’
    nppbib: no visible global function definition for ‘pchisq’
    Undefined global functions or variables:
     pchisq read.table
    Consider adding
     importFrom("stats", "pchisq")
     importFrom("utils", "read.table")
    to your NAMESPACE file.
Flavors: r-devel-linux-x86_64-debian-clang, r-devel-linux-x86_64-debian-gcc, r-devel-windows-ix86+x86_64, r-patched-linux-x86_64, r-patched-solaris-sparc, r-patched-solaris-x86, r-release-linux-x86_64, r-release-osx-x86_64-mavericks, r-release-windows-ix86+x86_64

Version: 1.0-0
Flags: --no-stop-on-test-error
Check: R code for possible problems
Result: NOTE
    nppbib: no visible global function definition for ‘read.table’
    nppbib: no visible global function definition for ‘pchisq’
    Undefined global functions or variables:
     pchisq read.table
    Consider adding
     importFrom("stats", "pchisq")
     importFrom("utils", "read.table")
    to your NAMESPACE file.
Flavors: r-devel-linux-x86_64-fedora-clang, r-devel-linux-x86_64-fedora-gcc, r-devel-macos-x86_64-clang