CRAN Package Check Results for Package npsf

Last updated on 2022-01-25 05:54:50 CET.

Flavor Version Tinstall Tcheck Ttotal Status Flags
r-devel-linux-x86_64-debian-clang 0.8.0 31.82 89.09 120.91 OK
r-devel-linux-x86_64-debian-gcc 0.8.0 22.81 66.26 89.07 OK
r-devel-linux-x86_64-fedora-clang 0.8.0 154.96 OK
r-devel-linux-x86_64-fedora-gcc 0.8.0 136.44 OK
r-devel-windows-x86_64-new-UL 0.8.0 63.00 117.00 180.00 OK
r-devel-windows-x86_64-new-TK 0.8.0 OK
r-patched-linux-x86_64 0.8.0 27.55 84.62 112.17 OK
r-release-linux-x86_64 0.8.0 28.55 85.35 113.90 OK
r-release-macos-arm64 0.8.0 NOTE
r-release-macos-x86_64 0.8.0 NOTE
r-release-windows-ix86+x86_64 0.8.0 68.00 116.00 184.00 OK
r-oldrel-macos-x86_64 0.8.0 NOTE
r-oldrel-windows-ix86+x86_64 0.8.0 67.00 114.00 181.00 OK

Check Details

Version: 0.8.0
Check: package dependencies
Result: NOTE
    Package suggested but not available for checking: ‘Rmpi’
Flavors: r-release-macos-arm64, r-release-macos-x86_64, r-oldrel-macos-x86_64