CRAN Package Check Results for Package npsp

Last updated on 2018-07-19 18:49:28 CEST.

Flavor Version Tinstall Tcheck Ttotal Status Flags
r-devel-linux-x86_64-debian-clang 0.5-3 5.94 37.94 43.88 NOTE
r-devel-linux-x86_64-debian-gcc 0.5-3 5.50 33.22 38.72 NOTE
r-devel-linux-x86_64-fedora-clang 0.5-3 57.21 NOTE
r-devel-linux-x86_64-fedora-gcc 0.5-3 55.52 NOTE
r-devel-windows-ix86+x86_64 0.5-3 22.00 103.00 125.00 OK
r-patched-linux-x86_64 0.5-3 6.85 41.58 48.43 NOTE
r-patched-solaris-x86 0.5-3 82.60 OK
r-release-linux-x86_64 0.5-3 6.34 41.49 47.83 NOTE
r-release-windows-ix86+x86_64 0.5-3 25.00 99.00 124.00 OK
r-release-osx-x86_64 0.5-3 OK
r-oldrel-windows-ix86+x86_64 0.5-3 21.00 68.00 89.00 OK
r-oldrel-osx-x86_64 0.5-3 OK

Check Details

Version: 0.5-3
Check: compiled code
Result: NOTE
    File ‘npsp/libs/npsp.so’:
     Found no calls to: ‘R_registerRoutines’, ‘R_useDynamicSymbols’
    
    It is good practice to register native routines and to disable symbol
    search.
    
    See ‘Writing portable packages’ in the ‘Writing R Extensions’ manual.
Flavors: r-devel-linux-x86_64-debian-clang, r-devel-linux-x86_64-debian-gcc, r-devel-linux-x86_64-fedora-clang, r-devel-linux-x86_64-fedora-gcc, r-patched-linux-x86_64, r-release-linux-x86_64