CRAN Package Check Results for Package npsp

Last updated on 2018-10-19 23:56:51 CEST.

Flavor Version Tinstall Tcheck Ttotal Status Flags
r-devel-linux-x86_64-debian-clang 0.5-3 6.63 42.88 49.51 OK
r-devel-linux-x86_64-debian-gcc 0.5-3 5.60 33.87 39.47 OK
r-devel-linux-x86_64-fedora-clang 0.5-3 59.57 NOTE
r-devel-linux-x86_64-fedora-gcc 0.5-3 57.54 NOTE
r-devel-windows-ix86+x86_64 0.5-3 28.00 71.00 99.00 OK
r-patched-linux-x86_64 0.5-3 6.81 40.69 47.50 OK
r-patched-solaris-x86 0.5-3 80.80 OK
r-release-linux-x86_64 0.5-3 6.07 41.28 47.35 OK
r-release-windows-ix86+x86_64 0.5-3 20.00 91.00 111.00 OK
r-release-osx-x86_64 0.5-3 OK
r-oldrel-windows-ix86+x86_64 0.5-3 17.00 91.00 108.00 OK
r-oldrel-osx-x86_64 0.5-3 OK

Check Details

Version: 0.5-3
Check: compiled code
Result: NOTE
    File ‘npsp/libs/npsp.so’:
     Found no calls to: ‘R_registerRoutines’, ‘R_useDynamicSymbols’
    
    It is good practice to register native routines and to disable symbol
    search.
    
    See ‘Writing portable packages’ in the ‘Writing R Extensions’ manual.
Flavors: r-devel-linux-x86_64-fedora-clang, r-devel-linux-x86_64-fedora-gcc