CRAN Package Check Results for Package npsp

Last updated on 2018-01-18 10:48:31 CET.

Flavor Version Tinstall Tcheck Ttotal Status Flags
r-devel-linux-x86_64-debian-clang 0.5-3 3.97 38.78 42.75 NOTE
r-devel-linux-x86_64-debian-gcc 0.5-3 3.36 33.27 36.63 NOTE
r-devel-linux-x86_64-fedora-clang 0.5-3 55.65 NOTE
r-devel-linux-x86_64-fedora-gcc 0.5-3 52.68 NOTE
r-devel-windows-ix86+x86_64 0.5-3 30.00 69.00 99.00 OK
r-patched-linux-x86_64 0.5-3 3.97 42.36 46.33 NOTE
r-patched-solaris-x86 0.5-3 80.50 OK
r-release-linux-x86_64 0.5-3 3.73 42.71 46.44 NOTE
r-release-windows-ix86+x86_64 0.5-3 18.00 88.00 106.00 OK
r-release-osx-x86_64 0.5-3 OK
r-oldrel-windows-ix86+x86_64 0.5-3 26.00 84.00 110.00 OK
r-oldrel-osx-x86_64 0.5-3 OK

Check Details

Version: 0.5-3
Check: compiled code
Result: NOTE
    File ‘npsp/libs/npsp.so’:
     Found no calls to: ‘R_registerRoutines’, ‘R_useDynamicSymbols’
    
    It is good practice to register native routines and to disable symbol
    search.
    
    See ‘Writing portable packages’ in the ‘Writing R Extensions’ manual.
Flavors: r-devel-linux-x86_64-debian-clang, r-devel-linux-x86_64-debian-gcc, r-devel-linux-x86_64-fedora-clang, r-devel-linux-x86_64-fedora-gcc, r-patched-linux-x86_64, r-release-linux-x86_64