CRAN Package Check Results for Package npsp

Last updated on 2017-11-18 17:51:51.

Flavor Version Tinstall Tcheck Ttotal Status Flags
r-devel-linux-x86_64-debian-clang 0.5-3 2.76 27.30 30.06 NOTE
r-devel-linux-x86_64-debian-gcc 0.5-3 3.50 28.51 32.01 NOTE
r-devel-linux-x86_64-fedora-clang 0.5-3 53.20 NOTE
r-devel-linux-x86_64-fedora-gcc 0.5-3 51.98 NOTE
r-devel-windows-ix86+x86_64 0.5-3 28.00 91.00 119.00 OK
r-patched-linux-x86_64 0.5-3 2.79 27.47 30.26 NOTE
r-patched-solaris-x86 0.5-3 72.40 OK
r-release-linux-x86_64 0.5-3 2.87 27.30 30.17 NOTE
r-release-windows-ix86+x86_64 0.5-3 17.00 89.00 106.00 OK
r-release-osx-x86_64 0.5-3 OK
r-oldrel-windows-ix86+x86_64 0.5-3 18.00 79.00 97.00 OK
r-oldrel-osx-x86_64 0.5-3 OK

Check Details

Version: 0.5-3
Check: compiled code
Result: NOTE
    File ‘npsp/libs/npsp.so’:
     Found no calls to: ‘R_registerRoutines’, ‘R_useDynamicSymbols’
    
    It is good practice to register native routines and to disable symbol
    search.
    
    See ‘Writing portable packages’ in the ‘Writing R Extensions’ manual.
Flavors: r-devel-linux-x86_64-debian-clang, r-devel-linux-x86_64-debian-gcc, r-devel-linux-x86_64-fedora-clang, r-devel-linux-x86_64-fedora-gcc, r-patched-linux-x86_64, r-release-linux-x86_64