CRAN Package Check Results for Package nricens

Last updated on 2014-04-16 23:47:01.

Flavor Version Tinstall Tcheck Ttotal Status Flags
r-devel-linux-x86_64-debian-clang 1.2 0.77 15.28 16.04 NOTE
r-devel-linux-x86_64-debian-gcc 1.2 0.78 15.38 16.16 NOTE
r-devel-linux-x86_64-fedora-clang 1.2 30.69 NOTE
r-devel-linux-x86_64-fedora-gcc 1.2 29.75 NOTE
r-devel-macosx-x86_64-clang 1.2 31.69 NOTE
r-devel-macosx-x86_64-gcc 1.2 NOTE
r-devel-windows-ix86+x86_64 1.2 3.00 24.00 27.00 NOTE
r-patched-linux-x86_64 1.2 0.76 15.50 16.26 NOTE
r-patched-solaris-sparc 1.2 169.00 NOTE
r-patched-solaris-x86 1.2 41.30 NOTE
r-release-linux-ix86 1.2 2.00 30.00 32.00 NOTE
r-release-linux-x86_64 1.2 0.80 15.12 15.93 NOTE
r-release-macosx-x86_64 1.2 OK
r-release-windows-ix86+x86_64 1.2 7.00 33.00 40.00 NOTE
r-oldrel-windows-ix86+x86_64 1.2 3.00 24.00 27.00 NOTE

Check Details

Version: 1.2
Check: dependencies in R code
Result: NOTE
    Package in Depends field not imported from: ‘survival’
     These packages need to be imported from (in the NAMESPACE file)
     for when this namespace is loaded but not attached.
    See the information on DESCRIPTION files in the chapter ‘Creating R
    packages’ of the ‘Writing R Extensions’ manual.
Flavors: r-devel-linux-x86_64-debian-clang, r-devel-linux-x86_64-debian-gcc, r-devel-linux-x86_64-fedora-clang, r-devel-linux-x86_64-fedora-gcc, r-devel-macosx-x86_64-clang, r-devel-macosx-x86_64-gcc, r-devel-windows-ix86+x86_64, r-patched-linux-x86_64, r-patched-solaris-sparc, r-patched-solaris-x86, r-release-linux-ix86, r-release-linux-x86_64, r-release-windows-ix86+x86_64, r-oldrel-windows-ix86+x86_64