CRAN Package Check Results for Package nricens

Last updated on 2014-11-26 23:48:46.

Flavor Version Tinstall Tcheck Ttotal Status Flags
r-devel-linux-x86_64-debian-clang 1.2 0.74 15.07 15.81 NOTE
r-devel-linux-x86_64-debian-gcc 1.2 0.76 14.59 15.36 NOTE
r-devel-linux-x86_64-fedora-clang 1.2 32.78 NOTE
r-devel-linux-x86_64-fedora-gcc 1.2 31.73 NOTE
r-devel-osx-x86_64-clang 1.2 32.73 NOTE
r-devel-windows-ix86+x86_64 1.2 3.00 23.00 26.00 NOTE
r-patched-linux-x86_64 1.2 0.85 16.96 17.81 NOTE
r-patched-solaris-sparc 1.2 174.00 NOTE
r-patched-solaris-x86 1.2 43.00 NOTE
r-release-linux-ix86 1.2 1.03 20.66 21.69 NOTE
r-release-linux-x86_64 1.2 0.75 15.42 16.16 NOTE
r-release-osx-x86_64-mavericks 1.2 NOTE
r-release-osx-x86_64-snowleopard 1.2 OK
r-release-windows-ix86+x86_64 1.2 3.00 24.00 27.00 NOTE
r-oldrel-windows-ix86+x86_64 1.2 3.00 24.00 27.00 NOTE

Check Details

Version: 1.2
Check: dependencies in R code
Result: NOTE
    Package in Depends field not imported from: ‘survival’
     These packages need to be imported from (in the NAMESPACE file)
     for when this namespace is loaded but not attached.
    See the information on DESCRIPTION files in the chapter ‘Creating R
    packages’ of the ‘Writing R Extensions’ manual.
Flavors: r-devel-linux-x86_64-debian-clang, r-devel-linux-x86_64-debian-gcc, r-devel-linux-x86_64-fedora-clang, r-devel-linux-x86_64-fedora-gcc, r-devel-osx-x86_64-clang, r-devel-windows-ix86+x86_64, r-patched-linux-x86_64, r-patched-solaris-sparc, r-patched-solaris-x86, r-release-linux-ix86, r-release-linux-x86_64, r-release-osx-x86_64-mavericks, r-release-windows-ix86+x86_64, r-oldrel-windows-ix86+x86_64

Version: 1.2
Check: R code for possible problems
Result: NOTE
    get.risk.coxph: no visible global function definition for ‘basehaz’
    get.risk.survreg: no visible binding for global variable
     ‘survreg.distributions’
    get.surv.km: no visible global function definition for ‘survfit’
    nricens: no visible binding for global variable ‘survreg.distributions’
    nricens: no visible global function definition for ‘coxph’
    nricens: no visible global function definition for ‘survreg’
    strata.cox.2dim: no visible global function definition for ‘coxph’
Flavors: r-devel-linux-x86_64-debian-clang, r-devel-linux-x86_64-debian-gcc, r-devel-linux-x86_64-fedora-clang, r-devel-linux-x86_64-fedora-gcc, r-devel-osx-x86_64-clang, r-devel-windows-ix86+x86_64, r-patched-linux-x86_64, r-patched-solaris-sparc, r-patched-solaris-x86, r-release-linux-ix86, r-release-linux-x86_64, r-release-windows-ix86+x86_64