CRAN Package Check Results for Package nricens

Last updated on 2014-09-20 23:48:06.

Flavor Version Tinstall Tcheck Ttotal Status Flags
r-devel-linux-x86_64-debian-clang 1.2 0.70 14.79 15.50 NOTE
r-devel-linux-x86_64-debian-gcc 1.2 0.70 14.24 14.94 NOTE
r-devel-linux-x86_64-fedora-clang 1.2 31.05 NOTE
r-devel-linux-x86_64-fedora-gcc 1.2 28.37 NOTE
r-devel-osx-x86_64-clang 1.2 31.37 NOTE
r-devel-windows-ix86+x86_64 1.2 3.00 26.00 29.00 NOTE
r-patched-linux-x86_64 1.2 0.73 14.96 15.69 NOTE
r-patched-solaris-sparc 1.2 174.00 NOTE
r-patched-solaris-x86 1.2 40.60 NOTE
r-release-linux-ix86 1.2 1.05 21.58 22.62 NOTE
r-release-linux-x86_64 1.2 0.74 15.59 16.32 NOTE
r-release-osx-x86_64-mavericks 1.2 NOTE
r-release-osx-x86_64-snowleopard 1.2 OK
r-release-windows-ix86+x86_64 1.2 4.00 26.00 30.00 NOTE
r-oldrel-windows-ix86+x86_64 1.2 3.00 24.00 27.00 NOTE

Check Details

Version: 1.2
Check: dependencies in R code
Result: NOTE
    Package in Depends field not imported from: ‘survival’
     These packages need to be imported from (in the NAMESPACE file)
     for when this namespace is loaded but not attached.
    See the information on DESCRIPTION files in the chapter ‘Creating R
    packages’ of the ‘Writing R Extensions’ manual.
Flavors: r-devel-linux-x86_64-debian-clang, r-devel-linux-x86_64-debian-gcc, r-devel-linux-x86_64-fedora-clang, r-devel-linux-x86_64-fedora-gcc, r-devel-osx-x86_64-clang, r-devel-windows-ix86+x86_64, r-patched-linux-x86_64, r-patched-solaris-sparc, r-patched-solaris-x86, r-release-linux-ix86, r-release-linux-x86_64, r-release-osx-x86_64-mavericks, r-release-windows-ix86+x86_64, r-oldrel-windows-ix86+x86_64

Version: 1.2
Check: R code for possible problems
Result: NOTE
    get.risk.coxph: no visible global function definition for ‘basehaz’
    get.risk.survreg: no visible binding for global variable
     ‘survreg.distributions’
    get.surv.km: no visible global function definition for ‘survfit’
    nricens: no visible binding for global variable ‘survreg.distributions’
    nricens: no visible global function definition for ‘coxph’
    nricens: no visible global function definition for ‘survreg’
    strata.cox.2dim: no visible global function definition for ‘coxph’
Flavors: r-devel-linux-x86_64-debian-clang, r-devel-linux-x86_64-debian-gcc, r-devel-linux-x86_64-fedora-clang, r-devel-linux-x86_64-fedora-gcc, r-devel-osx-x86_64-clang, r-devel-windows-ix86+x86_64